Seleziona l'anno o il mese
2018 > Gen Feb Mar Apr Mag Giu Lug Ago Set Ott Nov Dic
2017 > Gen Feb Mar Apr Mag Giu Lug Ago Set Ott Nov Dic
2016 > Gen Feb Mar Apr Mag Giu Lug Ago Set Ott Nov Dic
2015 > Gen Feb Mar Apr Mag Giu Lug Ago Set Ott Nov Dic

Rapporto del 2018 Lug
                   Monthly Climatological Summary for lug 2018

Name: Piavemeteo Davis VP2   City: Falzè di Piave  - Treviso   State: Italy
Elevation: 107 m  Lat: N 45° 51' 57"   Lon: E 012° 10' 46"

                  Temperature (°C), Rain (mm), Wind Speed (km/h)

                                      Heat  Cool        Avg
    Mean                              Deg   Deg         Wind                 Dom
Day Temp  High   Time   Low    Time   Days  Days  Rain  Speed High   Time    Dir
----------------------------------------------------------------------------------
 1  23,9  27,4   12.58  20,9   06.30   0,0   5,6   0,0   1,0  14,0   13.20     E
 2  23,7  28,6   15.55  20,2   06.27   0,0   5,3   0,0   0,4  11,0   16.54     E
 3  22,9  29,3   13.23  17,3   04.50   0,1   4,7   3,4   0,0   8,0   19.43   SSE
 4  22,9  31,3   15.56  16,5   05.36   0,2   4,7   0,2   0,0   2,0   12.55   ---
 5  22,9  30,8   15.18  16,4   05.20   0,3   4,9   8,8   0,4  11,0   16.01    SE
 6  23,0  29,9   15.26  16,2   05.29   0,3   4,9   0,4   0,0  10,0   00.19   NNE
 7  24,8  31,8   15.23  16,9   06.04   0,1   6,6   0,0   0,3   8,0   11.18    SE
 8  24,8  30,9   14.56  17,5   06.08   0,0   6,5   0,0   0,5  14,0   20.33    SE
 9  24,5  31,6   15.34  17,3   05.56   0,1   6,2   0,0   0,4  14,0   15.46    SE
10  22,8  29,6   13.40  17,8   03.20   0,0   4,5  60,0   0,3  18,0   01.19   ESE
11  21,3  25,7   16.13  17,3   05.59   0,2   3,2   5,2   0,5  11,0   13.01     E
12  23,3  29,1   15.13  18,3   05.54   0,0   5,0   0,0   0,4  10,0   09.35   ESE
13  24,1  30,6   16.43  16,9   05.58   0,1   5,9   1,2   0,4  14,0   00.25    SE
14  24,4  32,0   15.47  19,1   06.54   0,0   6,1   7,0   0,1  11,0   17.20   SSE
15  24,1  30,9   16.10  18,2   04.20   0,0   5,8  11,0   0,2  14,0   21.30   ENE
16  22,5  29,3   14.30  17,7   06.18   0,1   4,3  12,0   0,0   8,0   19.29     E
----------------------------------------------------------------------------------
    23,5  32,0    14    16,2     6     1,5  84,2 109,2   0,3  18,0    10     ESE

Max >=  35,0:  0
Max <=  25,0:  0
Min <=   0,0:  0
Min <=  -5,0:  0
Max Rain: 60,0 on day 10
Days of Rain: 10 (>= 0,2 mm)  7 (>= 2,0 mm)  1 (>= 20,0 mm)
Heat Base: 18,3  Cool Base: 18,3  Method: Integration