Seleziona l'anno e il mese per il report
Report for 2024 Apr
Monthly Climatological Summary for apr 2024
Name: Piavemeteo Davis VP2 City: Falzè di Piave - Treviso State: Italy
Elevation: 107 m Lat: N 45° 51' 57" Lon: E 012° 10' 46"
Temperature (°C), Rain (mm), Wind Speed (km/h)
Heat Cool Avg
Mean Deg Deg Wind Dom
Day Temp High Time Low Time Days Days Rain Speed High Time Dir
----------------------------------------------------------------------------------
1 13,5 14,4 15.24 10,2 00.00 4,8 0,0 24,8 0,5 18,0 03.16 E
2 11,1 17,9 14.56 4,8 07.01 7,1 0,0 0,2 0,5 11,0 10.31 E
3 11,0 16,9 15.51 5,6 04.05 7,2 0,0 0,0 0,1 8,0 15.45 SSW
4 13,2 18,8 12.20 5,6 06.35 5,1 0,0 0,0 0,4 13,0 12.27 E
5 14,0 20,0 17.11 8,1 04.55 4,6 0,3 0,0 0,4 11,0 13.02 ESE
6 14,5 20,3 12.26 8,1 07.00 4,2 0,5 0,0 0,5 10,0 12.05 E
7 15,9 24,8 16.55 8,7 05.45 3,7 1,4 0,0 0,3 8,0 12.05 SE
8 17,1 24,3 15.23 9,9 06.35 3,0 1,8 0,2 0,7 13,0 14.44 ESE
9 16,4 22,6 14.40 10,3 06.10 2,9 1,0 0,0 1,3 13,0 13.56 E
10 15,2 18,2 11.40 12,4 23.55 3,0 0,0 3,6 0,6 16,0 16.42 NE
11 16,3 24,1 17.29 8,2 06.30 3,5 1,6 0,0 0,6 11,0 15.10 E
12 18,0 26,5 15.49 9,8 05.50 2,9 2,6 0,0 0,5 11,0 12.58 ESE
13 19,4 28,5 15.40 10,3 06.25 2,4 3,5 0,0 0,4 8,0 13.25 SE
14 19,8 28,4 16.54 11,6 06.32 2,0 3,4 0,0 0,3 10,0 19.01 SE
15 17,8 24,0 15.12 11,4 06.28 2,3 1,8 0,0 0,4 11,0 12.12 ENE
16 12,7 20,3 14.06 5,6 00.00 5,8 0,2 7,0 2,3 27,0 18.14 ENE
17 9,2 15,2 13.38 3,1 06.27 9,1 0,0 0,0 0,5 13,0 15.56 E
18 9,1 14,6 10.21 4,5 00.00 9,1 0,0 0,6 0,6 16,0 12.22 ENE
19 9,0 16,4 16.01 1,6 06.35 9,2 0,0 0,0 0,7 13,0 16.34 SE
20 9,5 16,6 12.13 2,6 05.05 8,7 0,0 0,6 0,8 18,0 12.04 ESE
21 8,0 14,4 12.33 0,6 06.44 10,2 0,0 0,0 0,6 13,0 16.20 SE
22 8,1 12,1 12.51 5,5 20.51 10,1 0,0 12,4 2,7 24,0 16.20 ENE
----------------------------------------------------------------------------------
13,6 28,5 13 0,6 21 120,9 18,1 49,4 0,7 27,0 16 E
Max >= 35,0: 0
Max <= 25,0: 19
Min <= 0,0: 0
Min <= -5,0: 0
Max Rain: 24,8 on day 1
Days of Rain: 8 (>= 0,2 mm) 4 (>= 2,0 mm) 1 (>= 20,0 mm)
Heat Base: 18,3 Cool Base: 18,3 Method: Integration