Seleziona l'anno o il mese
2017 > Gen Feb Mar Apr Mag Giu Lug Ago Set Ott Nov Dic
2016 > Gen Feb Mar Apr Mag Giu Lug Ago Set Ott Nov Dic
2015 > Gen Feb Mar Apr Mag Giu Lug Ago Set Ott Nov Dic

Rapporto del 2017 Dic
                   Monthly Climatological Summary for dic 2017

Name: Piavemeteo Davis VP2   City: Falzè di Piave  - Treviso   State: Italy
Elevation: 107 m  Lat: N 45° 51' 57"   Lon: E 012° 10' 46"

                  Temperature (°C), Rain (mm), Wind Speed (km/h)

                                      Heat  Cool        Avg
    Mean                              Deg   Deg         Wind                 Dom
Day Temp  High   Time   Low    Time   Days  Days  Rain  Speed High   Time    Dir
----------------------------------------------------------------------------------
 1   1,7   6,3   13.57  -2,7   06.36  16,5   0,0   0,2   0,0   5,0   12.31   ---
 2   1,4   8,1   13.39  -2,2   00.00  16,8   0,0   0,0   0,1  11,0   15.30     E
 3  -0,6   7,4   13.43  -4,3   06.38  18,8   0,0   0,0   0,0   5,0   10.43   WNW
 4  -1,9   4,4   14.12  -5,9   06.02  20,1   0,0   0,2   0,0   3,0   09.27   ---
 5  -0,9   8,0   13.46  -5,3   05.10  19,1   0,0   0,2   0,0   3,0   06.42   ---
 6  -0,3   8,7   13.25  -4,5   06.16  18,5   0,0   0,0   0,0   5,0   11.26   ---
 7  -0,8   7,8   13.25  -4,6   06.48  18,5   0,0   0,2   0,0   3,0   10.49   ---
 8   1,6   3,3   23.45  -2,5   00.05  16,4   0,0   0,4   0,0   3,0   23.20   ---
 9   2,1   7,3   13.30  -5,1   23.55  16,0   0,0   0,2   0,2  10,0   13.20   SSW
10  -2,0   1,3   16.04  -6,0   08.06  20,0   0,0   0,0   0,0   5,0   11.42     W
11   2,0   5,8   23.45   0,3   00.25  16,1   0,0  43,4   0,0   8,0   16.06   WNW
12   6,8   9,4   12.15   3,3   00.00  11,4   0,0   9,4   0,0   5,0   01.07   WNW
----------------------------------------------------------------------------------
     0,8   9,4    12    -6,0    10   208,2   0,0  54,2   0,0  11,0     2       S

Max >=  35,0:  0
Max <=  25,0: 12
Min <=   0,0: 10
Min <=  -5,0:  4
Max Rain: 43,4 on day 11
Days of Rain: 8 (>= 0,2 mm)  2 (>= 2,0 mm)  1 (>= 20,0 mm)
Heat Base: 18,3  Cool Base: 18,3  Method: Integration