Seleziona l'anno o il mese
2018 > Gen Feb Mar Apr Mag Giu Lug Ago Set Ott Nov Dic
2017 > Gen Feb Mar Apr Mag Giu Lug Ago Set Ott Nov Dic
2016 > Gen Feb Mar Apr Mag Giu Lug Ago Set Ott Nov Dic
2015 > Gen Feb Mar Apr Mag Giu Lug Ago Set Ott Nov Dic

Rapporto del 2018 Set
                   Monthly Climatological Summary for set 2018

Name: Piavemeteo Davis VP2   City: Falzè di Piave  - Treviso   State: Italy
Elevation: 107 m  Lat: N 45° 51' 57"   Lon: E 012° 10' 46"

                  Temperature (°C), Rain (mm), Wind Speed (km/h)

                                      Heat  Cool        Avg
    Mean                              Deg   Deg         Wind                 Dom
Day Temp  High   Time   Low    Time   Days  Days  Rain  Speed High   Time    Dir
----------------------------------------------------------------------------------
 1  19,3  23,4   16.52  16,9   07.58   0,2   1,2  17,4   0,6  16,0   06.49   ENE
 2  18,4  24,6   13.19  15,9   22.40   0,9   1,0  27,8   0,3  13,0   11.05     E
 3  19,1  27,1   15.02  14,4   05.45   1,4   2,1   1,6   0,4  23,0   16.32   ESE
 4  20,0  27,3   17.13  13,6   06.42   1,3   3,0   0,0   0,3  10,0   16.15   ESE
 5  21,3  28,8   16.11  14,6   06.41   0,9   3,9   0,2   0,2  10,0   15.22    SE
 6  21,1  29,0   15.55  16,4   06.14   0,5   3,2  16,0   0,0   0,0   00.00   ---
 7  19,6  25,4   15.52  16,4   06.01   0,4   1,8   0,4   0,0   0,0   00.00   ---
 8  21,4  29,2   16.53  15,3   06.47   0,8   3,9   0,2   0,1   8,0   13.48   ESE
 9  21,4  29,7   15.52  14,3   06.30   1,0   4,1   0,0   0,2   8,0   14.04   SSE
10  22,3  30,1   16.11  15,9   05.54   0,5   4,5   0,0   0,2   8,0   15.28    SE
11  22,9  30,3   16.14  16,8   06.41   0,2   4,8   0,0   0,1   6,0   14.48   SSE
12  22,9  30,0   16.00  16,7   06.34   0,2   4,7   0,2   0,1  10,0   13.00    SE
13  22,6  29,0   13.53  16,6   07.10   0,1   4,5   0,0   0,1   6,0   14.05     S
14  22,0  29,9   16.15  15,2   06.56   0,5   4,3   0,0   0,1   8,0   13.45     E
15  22,4  28,2   15.44  18,3   00.00   0,0   4,1   1,4   0,6  16,0   02.35     E
16  21,6  28,7   15.54  15,7   06.55   0,5   3,8   0,2   0,3   8,0   11.32     E
17  21,6  29,3   15.51  15,1   06.27   0,7   4,0   0,0   0,1   8,0   13.24    SE
18  21,7  28,2   14.30  15,6   06.56   0,6   3,9   0,0   0,0   6,0   13.18   SSE
19  22,0  29,4   15.43  15,6   07.07   0,5   4,2   0,0   0,1   6,0   11.38    SE
20  22,3  30,7   15.48  15,7   06.24   0,5   4,5   0,0   0,2  10,0   14.30   ENE
21  21,9  30,1   15.59  15,0   06.16   0,8   4,3   0,0   0,1   6,0   13.52    SE
22  19,7  26,5   14.37  15,6   23.00   0,6   2,0   4,8   0,8  27,0   16.49   ENE
----------------------------------------------------------------------------------
    21,2  30,7    20    13,6     4    13,1  77,8  70,2   0,2  27,0    22       E

Max >=  35,0:  0
Max <=  25,0:  2
Min <=   0,0:  0
Min <=  -5,0:  0
Max Rain: 27,8 on day 2
Days of Rain: 11 (>= 0,2 mm)  4 (>= 2,0 mm)  1 (>= 20,0 mm)
Heat Base: 18,3  Cool Base: 18,3  Method: Integration