Seleziona l'anno o il mese
2018 > Gen Feb Mar Apr Mag Giu Lug Ago Set Ott Nov Dic
2017 > Gen Feb Mar Apr Mag Giu Lug Ago Set Ott Nov Dic
2016 > Gen Feb Mar Apr Mag Giu Lug Ago Set Ott Nov Dic
2015 > Gen Feb Mar Apr Mag Giu Lug Ago Set Ott Nov Dic

Rapporto del 2018 Apr
                   Monthly Climatological Summary for apr 2018

Name: Piavemeteo Davis VP2   City: Falzè di Piave  - Treviso   State: Italy
Elevation: 107 m  Lat: N 45° 51' 57"   Lon: E 012° 10' 46"

                  Temperature (°C), Rain (mm), Wind Speed (km/h)

                                      Heat  Cool        Avg
    Mean                              Deg   Deg         Wind                 Dom
Day Temp  High   Time   Low    Time   Days  Days  Rain  Speed High   Time    Dir
----------------------------------------------------------------------------------
 1  11,6  20,3   15.39   5,4   03.10   6,8   0,1   0,6   1,0  18,0   21.50   SSE
 2  10,5  17,1   15.20   1,8   07.00   7,6   0,0   0,0   0,5  11,0   14.45    SE
 3  11,7  15,2   15.56   8,1   07.26   6,6   0,0   0,6   0,8  16,0   09.46     E
 4  10,8  12,6   13.26   9,1   06.16   7,4   0,0  13,0   0,2  11,0   19.50    NE
 5  12,9  17,9   14.02   9,9   02.00   5,4   0,0   2,2   0,4  11,0   13.37     E
 6  12,9  20,6   14.56   5,8   06.41   5,4   0,1   0,2   0,3  10,0   14.41   SSE
 7  12,4  20,6   15.19   5,3   06.10   6,0   0,2   0,0   0,7  14,0   10.56    SE
 8  12,4  20,3   14.19   4,2   06.56   6,1   0,2   0,0   0,7  11,0   11.29   ESE
 9  12,7  22,1   13.12   7,7   05.50   5,9   0,4   7,0   1,2  21,0   12.20     E
10  13,2  19,3   14.50   9,2   04.30   5,1   0,0   2,6   0,3  11,0   14.25     S
11  13,2  18,0   14.23   8,4   03.25   5,1   0,0  10,4   0,7  13,0   11.24     E
12  12,4  13,7   07.27  11,1   23.25   5,8   0,0   9,6   0,9  19,0   08.49     E
13  13,4  19,4   14.49   8,9   00.00   4,9   0,0  11,0   0,5  13,0   05.10   SSE
14  13,7  22,4   16.51   5,5   06.33   5,3   0,7   0,0   0,6  11,0   11.34   ESE
15  15,6  23,1   12.39   9,4   03.35   3,7   1,0   2,4   0,2  11,0   14.18    NE
16  16,8  25,2   15.28  11,1   06.41   3,1   1,6   4,4   0,6  21,0   17.31     E
17  17,3  24,9   16.19  10,8   07.05   2,8   1,8   0,2   0,3  11,0   13.12    SE
18  17,4  26,4   15.29   8,6   06.34   3,3   2,4   0,0   0,3  10,0   13.45   SSE
19  17,9  27,3   16.47   9,1   06.25   3,1   2,7   0,0   0,2   8,0   14.36    SE
20  19,3  30,3   15.42   9,0   06.45   2,9   3,9   0,0   0,0   2,0   12.34   ---
21  19,2  28,2   15.49  10,5   05.58   2,5   3,5   0,0   0,4  11,0   17.54     S
----------------------------------------------------------------------------------
    14,2  30,3    20     1,8     2   104,8  18,6  64,2   0,5  21,0     9     ESE

Max >=  35,0:  0
Max <=  25,0: 16
Min <=   0,0:  0
Min <=  -5,0:  0
Max Rain: 13,0 on day 4
Days of Rain: 13 (>= 0,2 mm)  9 (>= 2,0 mm)  0 (>= 20,0 mm)
Heat Base: 18,3  Cool Base: 18,3  Method: Integration