Seleziona l'anno o il mese

Rapporto del 2018 Dic
                   Monthly Climatological Summary for dic 2018

Name: Piavemeteo Davis VP2   City: Falzè di Piave  - Treviso   State: Italy
Elevation: 107 m  Lat: N 45° 51' 57"   Lon: E 012° 10' 46"

                  Temperature (°C), Rain (mm), Wind Speed (km/h)

                                      Heat  Cool        Avg
    Mean                              Deg   Deg         Wind                 Dom
Day Temp  High   Time   Low    Time   Days  Days  Rain  Speed High   Time    Dir
----------------------------------------------------------------------------------
 1   3,0  11,3   13.17  -1,8   05.53  15,2   0,0   0,0   0,0   3,0   12.45   ---
 2   5,1   9,8   13.48   1,8   05.20  13,1   0,0   0,0   0,0   0,0   00.00   ---
 3   5,7  11,8   13.43   2,3   05.26  12,5   0,0   0,0   0,0   2,0   10.57   ---
 4   5,8  14,2   13.33   0,9   07.48  12,4   0,0   0,0   0,0   2,0   11.44   ---
 5   5,1   9,7   14.22   0,3   07.21  13,1   0,0   0,2   0,0   2,0   23.30   ---
 6   5,6   7,9   00.00   1,4   22.35  12,6   0,0   0,8   0,0   2,0   13.58   ---
 7   5,4  11,6   13.38   0,8   06.09  12,9   0,0   0,8   0,0   2,0   14.41   ---
 8   7,0  12,8   13.42   1,6   23.10  11,2   0,0   6,2   0,0   6,0   10.02    SW
----------------------------------------------------------------------------------
     5,3  14,2     4    -1,8     1   103,0   0,0   8,0   0,0   6,0     8      SW

Max >=  35,0:  0
Max <=  25,0:  8
Min <=   0,0:  1
Min <=  -5,0:  0
Max Rain: 6,2 on day 8
Days of Rain: 4 (>= 0,2 mm)  1 (>= 2,0 mm)  0 (>= 20,0 mm)
Heat Base: 18,3  Cool Base: 18,3  Method: Integration