Seleziona l'anno o il mese
2019 > Gen Feb Mar Apr Mag Giu Lug Ago Set Ott Nov Dic
2018 > Gen Feb Mar Apr Mag Giu Lug Ago Set Ott Nov Dic
2017 > Gen Feb Mar Apr Mag Giu Lug Ago Set Ott Nov Dic
2016 > Gen Feb Mar Apr Mag Giu Lug Ago Set Ott Nov Dic
2015 > Gen Feb Mar Apr Mag Giu Lug Ago Set Ott Nov Dic

Rapporto del 2019 Mar
                   Monthly Climatological Summary for mar 2019

Name: Piavemeteo Davis VP2   City: Falzè di Piave  - Treviso   State: Italy
Elevation: 107 m  Lat: N 45° 51' 57"   Lon: E 012° 10' 46"

                  Temperature (°C), Rain (mm), Wind Speed (km/h)

                                      Heat  Cool        Avg
    Mean                              Deg   Deg         Wind                 Dom
Day Temp  High   Time   Low    Time   Days  Days  Rain  Speed High   Time    Dir
----------------------------------------------------------------------------------
 1   6,5  13,6   15.11   0,4   05.59  11,8   0,0   0,2   0,2  11,0   14.23   ESE
 2   7,5  16,8   14.54   0,2   04.40  10,8   0,0   0,0   0,3  13,0   11.39     E
 3   8,1  16,9   13.45   0,1   06.05  10,2   0,0   0,0   0,2  13,0   15.02    SE
 4   6,7   9,4   12.58   3,7   01.25  11,5   0,0   3,4   0,0   6,0   12.37    NE
 5   8,2  15,8   14.27   2,4   01.25  10,0   0,0   0,2   0,2  10,0   12.14    SE
 6   9,7  16,1   14.27   4,4   06.17   8,6   0,0   0,0   0,5  14,0   12.30     E
 7   9,8  13,4   14.20   7,1   04.50   8,5   0,0   0,2   0,4  14,0   12.05    NE
 8  11,3  17,9   15.25   6,7   00.00   7,0   0,0   0,0   0,6  13,0   22.20   SSE
 9   9,9  16,9   15.10   3,4   06.44   8,3   0,0   0,2   0,0   8,0   14.35     S
10   8,6  13,1   11.09   2,8   05.40   9,7   0,0   0,0   0,1   8,0   10.54    NE
11   9,3  18,4   13.08   2,4   06.27   9,0   0,0   0,0   1,0  21,0   13.49    NE
12   7,7  16,5   14.01  -2,3   05.40  10,5   0,0   0,0   0,9  14,0   08.15   ESE
13   5,6  12,7   15.31  -1,4   06.02  12,6   0,0   0,0   0,7  19,0   09.46     E
14   5,6  12,7   13.25  -1,8   06.35  12,6   0,0   0,0   0,4  14,0   16.15    SE
15   7,6  16,2   15.06  -0,1   06.30  10,7   0,0   0,2   0,4  11,0   12.23   ESE
16   9,2  17,2   15.27   1,3   06.45   9,1   0,0   0,0   0,6  16,0   15.19     E
17  10,3  15,6   12.53   3,4   04.30   7,9   0,0   3,8   0,8  18,0   12.15     E
18   7,2  10,4   00.00   1,3   00.00  11,0   0,0  14,4   1,2  29,0   08.04    NE
19   6,3  12,9   14.31   1,0   00.20  11,9   0,0   0,0   0,6  14,0   13.58     E
20   6,2  14,1   14.45  -1,2   05.41  12,1   0,0   0,2   0,6  14,0   09.42   ESE
21   7,6  17,1   15.36  -0,7   05.15  10,6   0,0   0,0   0,5  13,0   13.25   ESE
----------------------------------------------------------------------------------
     8,0  18,4    11    -2,3    12   214,4   0,0  22,8   0,5  29,0    18       E

Max >=  35,0:  0
Max <=  25,0: 21
Min <=   0,0:  6
Min <=  -5,0:  0
Max Rain: 14,4 on day 18
Days of Rain: 9 (>= 0,2 mm)  3 (>= 2,0 mm)  0 (>= 20,0 mm)
Heat Base: 18,3  Cool Base: 18,3  Method: Integration