Seleziona l'anno o il mese
2017 > Gen Feb Mar Apr Mag Giu Lug Ago Set Ott Nov Dic
2016 > Gen Feb Mar Apr Mag Giu Lug Ago Set Ott Nov Dic
2015 > Gen Feb Mar Apr Mag Giu Lug Ago Set Ott Nov Dic

Rapporto del 2015 Set
                  Monthly Climatological Summary for set 2015

Name: Piavemeteo Davis VP2   City: Falzé di Piave  - Treviso   State: Italy
Elevation: 107 m  Lat: N 45° 51' 57"   Lon: E 012° 10' 46"

                  Temperature (°C), Rain (mm), Wind Speed (km/h)

                                      Heat  Cool        Avg
    Mean                              Deg   Deg         Wind                 Dom
Day Temp  High   Time   Low    Time   Days  Days  Rain  Speed High   Time    Dir
----------------------------------------------------------------------------------
 8  20,2  24,4   15.01  10,5   07.24   0,5   1,8   0,0   0,3  10,0   13.52   SSE
 9  18,5  23,8   15.38  13,7   06.46   1,1   1,4   0,0   0,5  11,0   11.25     E
10  18,6  23,4   14.48  14,5   07.36   1,2   1,4   0,0   0,4  11,0   10.42   ESE
11  17,8  24,3   15.57  11,7   06.27   2,1   1,7   0,0   0,3  10,0   12.07   SSE
12  17,9  26,4   16.29  10,6   06.44   2,5   2,2   0,0   0,2   8,0   15.44     S
13  19,5  24,3   14.00  15,7   07.18   0,6   1,8   2,8   0,4   8,0   13.08   ENE
14  19,7  25,5   15.19  17,1   05.10   0,3   1,7  78,4   0,1  16,0   05.35     E
15  21,0  27,9   14.02  16,4   00.00   0,3   2,9   0,2   0,0   6,0   14.51   ---
16  21,4  27,4   16.57  16,0   00.35   0,5   3,7   0,0   0,0   3,0   13.40   ---
17  22,6  27,4   13.27  17,9   02.05   0,0   4,3   0,0   0,0   8,0   11.02   ---
18  22,3  29,8   14.52  16,4   00.00   0,1   4,0   0,0   0,0   5,0   12.25   ---
19  19,2  26,8   14.02  12,4   06.11   1,8   2,6   0,2   0,0   5,0   13.13   ---
20  19,6  27,6   15.24  13,6   06.50   1,3   2,5   0,0   0,0   5,0   13.22   ---
21  19,2  24,6   15.08  15,3   06.46   0,8   1,6   0,0   0,0   8,0   09.10   ---
22  17,3  23,3   14.47  11,2   07.11   2,1   1,1   0,0   0,0   6,0   13.30   ---
23  15,8  18,1   10.41  13,4   00.00   2,4   0,0   7,0   0,2  21,0   20.59   ENE
24  15,8  20,7   16.56  13,1   00.40   2,6   0,2   1,0   0,3  16,0   03.45    NE
25  17,4  22,2   14.56  12,9   07.41   1,8   0,9   0,0   0,1   8,0   12.44   ESE
26  17,9  21,7   15.03  14,1   07.41   1,1   0,7   0,0   0,0   8,0   16.50   ESE
27  17,2  21,2   15.17  14,5   22.25   1,6   0,5   0,0   0,0   6,0   12.49     E
28  16,0  21,1   15.33  12,8   07.07   2,8   0,5   0,0   0,5  14,0   15.18     E
29  15,1  21,3   16.56   8,5   07.45   3,6   0,4   0,0   0,5  13,0   11.27     E
30  13,4  18,5   12.33   7,4   06.56   4,9   0,0   0,0   1,1  14,0   12.35     E
----------------------------------------------------------------------------------
    18,4  29,8    18     7,4    30    36,0  37,9  89,6   0,2  21,0    23       E

Max >=  35,0:  0
Max <=  25,0: 15
Min <=   0,0:  0
Min <=  -5,0:  0
Max Rain: 78,4 on day 14
Days of Rain: 6 (>= 0,2 mm)  3 (>= 2,0 mm)  1 (>= 20,0 mm)
Heat Base: 18,3  Cool Base: 18,3  Method: Integration