Seleziona l'anno o il mese
2017 > Gen Feb Mar Apr Mag Giu Lug Ago Set Ott Nov Dic
2016 > Gen Feb Mar Apr Mag Giu Lug Ago Set Ott Nov Dic
2015 > Gen Feb Mar Apr Mag Giu Lug Ago Set Ott Nov Dic

Rapporto del 2015 Ott
                  Monthly Climatological Summary for ott 2015

Name: Piavemeteo Davis VP2   City: Falzé di Piave  - Treviso   State: Italy
Elevation: 107 m  Lat: N 45° 51' 57"   Lon: E 012° 10' 46"

                  Temperature (°C), Rain (mm), Wind Speed (km/h)

                                      Heat  Cool        Avg
    Mean                              Deg   Deg         Wind                 Dom
Day Temp  High   Time   Low    Time   Days  Days  Rain  Speed High   Time    Dir
----------------------------------------------------------------------------------
 1  15,4  19,9   15.39  11,3   07.20   3,0   0,1   0,0   1,3  21,0   12.37     E
 2  15,4  19,3   13.14  12,8   06.21   2,9   0,1   3,2   0,3  13,0   12.02     E
 3  15,6  18,3   16.38  13,5   22.20   2,7   0,0   8,4   0,0   5,0   08.50    NE
 4  15,8  19,6   16.30  12,6   22.45   2,6   0,2  14,8   0,0  11,0   07.59     E
 5  15,4  23,5   15.35  10,4   02.40   3,8   0,9   0,2   0,0   6,0   13.05    SW
 6  15,7  18,2   17.08  14,1   00.00   2,6   0,0   1,0   0,0   5,0   16.59   ---
 7  16,4  21,9   15.44  12,1   06.24   2,5   0,5   4,4   0,0   5,0   10.42   ---
 8  17,6  23,4   15.12  14,3   07.55   1,7   1,0   0,4   0,0   3,0   13.59   ---
 9  17,1  22,2   14.57  14,0   23.40   2,0   0,8   0,0   0,0   6,0   11.04   ---
10  15,4  19,7   13.26  11,7   04.40   3,1   0,2   0,0   0,1  11,0   15.06   ESE
11  16,2  23,3   15.33  13,3   07.10   2,9   0,7   0,8   0,0   6,0   15.57   SSW
12  16,1  21,2   14.29  12,8   07.37   2,4   0,3   0,0   0,2  10,0   13.25    SE
13  14,1  15,3   00.00  12,9   08.47   4,2   0,0  11,2   0,6  13,0   08.51     E
14  14,4  15,6   14.54  13,3   23.50   3,9   0,0  14,6   1,4  23,0   20.05     E
15  13,6  17,3   15.54  10,6   00.00   4,7   0,0   6,2   0,1  11,0   01.30   ESE
16  10,9  14,5   15.43   6,7   23.55   7,3   0,0   5,2   0,1  14,0   10.03   ESE
17   9,9  16,4   15.08   3,9   07.39   8,3   0,0   0,0   0,0   2,0   08.20   ---
18  12,6  16,8   13.08   9,9   06.58   5,7   0,0   0,2   0,0   6,0   12.05   SSW
19  12,2  18,5   14.35   6,8   23.40   6,0   0,0   0,6   0,1  11,0   16.42   ESE
20   9,5  18,4   14.31   4,0   08.00   8,7   0,0   0,2   0,0   6,0   12.17   SSW
21   8,9  18,5   15.01   3,8   05.51   9,3   0,0   0,0   0,0   5,0   11.43   ---
22   9,0  17,7   14.45   3,2   07.16   9,3   0,0   0,2   0,0   6,0   11.54     S
23   9,9  19,3   15.16   4,3   05.55   8,3   0,0   0,0   0,0   6,0   14.42   ESE
24  10,1  20,8   15.07   4,0   06.24   8,3   0,2   0,2   0,0   5,0   10.58     S
25  10,6  18,6   13.39   4,1   07.20   7,3   0,0   0,2   0,0   6,0   14.03   ---
26  11,5  20,5   14.13   5,3   06.34   7,0   0,3   0,0   0,3  13,0   10.53     E
27  10,8  20,0   14.03   4,1   06.31   7,6   0,1   0,0   0,1   8,0   12.23   ESE
28  12,3  14,8   11.37  10,1   00.00   5,9   0,0   1,6   0,0   5,0   21.29    NE
29  14,0  15,2   09.20  11,9   23.30   4,3   0,0  16,2   0,7  16,0   08.50     E
30  12,8  20,4   13.28   8,1   00.00   5,6   0,2   0,2   0,0   6,0   11.04   ---
31  10,5  19,3   14.03   5,1   06.59   7,8   0,1   0,2   0,4  13,0   11.40     E
----------------------------------------------------------------------------------
    13,2  23,5     5     3,2    22   161,7   5,7  90,2   0,2  23,0    14       E

Max >=  35,0:  0
Max <=  25,0: 31
Min <=   0,0:  0
Min <=  -5,0:  0
Max Rain: 16,2 on day 29
Days of Rain: 22 (>= 0,2 mm)  9 (>= 2,0 mm)  0 (>= 20,0 mm)
Heat Base: 18,3  Cool Base: 18,3  Method: Integration