Seleziona l'anno o il mese
2017 > Gen Feb Mar Apr Mag Giu Lug Ago Set Ott Nov Dic
2016 > Gen Feb Mar Apr Mag Giu Lug Ago Set Ott Nov Dic
2015 > Gen Feb Mar Apr Mag Giu Lug Ago Set Ott Nov Dic

Rapporto del 2015 Nov
                   Monthly Climatological Summary for nov 2015

Name: Piavemeteo Davis VP2   City: Falzé di Piave  - Treviso   State: Italy
Elevation: 107 m  Lat: N 45° 51' 57"   Lon: E 012° 10' 46"

                  Temperature (°C), Rain (mm), Wind Speed (km/h)

                                      Heat  Cool        Avg
    Mean                              Deg   Deg         Wind                 Dom
Day Temp  High   Time   Low    Time   Days  Days  Rain  Speed High   Time    Dir
----------------------------------------------------------------------------------
 1   9,1  19,5   13.39   3,8   00.00   9,2   0,1   0,2   0,1   8,0   13.18     E
 2   7,3  18,1   13.28   1,3   06.21  10,9   0,0   0,0   0,0   5,0   11.18   ---
 3   7,2  17,1   13.49   0,9   05.25  10,9   0,0   0,2   0,0   5,0   12.09    SW
 4   8,2  15,1   12.56   3,9   03.35  10,0   0,0   0,0   0,0   3,0   10.30   ---
 5   9,5  20,0   13.42   3,3   07.04   8,7   0,1   0,2   0,0   5,0   13.30   ---
 6  11,1  22,4   13.35   4,8   05.30   7,5   0,4   0,0   0,0   5,0   12.41   ---
 7  11,5  23,2   13.39   5,3   06.30   7,3   0,5   0,0   0,0   5,0   11.42   ---
 8  11,3  21,8   13.50   5,4   07.15   7,3   0,4   0,2   0,0   5,0   12.14   ---
 9  10,1  18,9   13.34   4,7   06.35   8,1   0,0   0,2   0,0   8,0   13.00     S
10   9,6  16,5   12.56   5,9   05.40   8,6   0,0   0,0   0,1  10,0   12.51   SSW
11   8,9  17,4   12.59   3,8   06.49   9,3   0,0   0,4   0,1   8,0   13.18    SW
12   9,1  18,7   13.16   3,9   06.44   9,2   0,0   0,0   0,2   8,0   12.47    SW
13   7,1   9,6   12.11   2,7   07.16  11,0   0,0   0,4   0,4  11,0   12.15   SSW
14  10,2  16,0   13.45   5,2   00.00   8,0   0,0   0,0   0,0   5,0   13.02   ---
15   7,4  12,1   13.35   4,4   23.55  10,7   0,0   0,0   0,0   2,0   09.35   ---
16   7,4  14,6   13.30   3,1   03.05  10,8   0,0   0,2   0,0   5,0   10.49   ---
17   7,4   9,9   15.43   2,9   02.00  10,8   0,0   0,0   0,0   0,0   00.00   ---
18  10,3  13,0   12.45   8,4   06.15   7,9   0,0   0,2   0,0   2,0   16.54   ---
19  10,8  13,4   13.45   9,3   06.25   7,5   0,0   0,0   0,0   3,0   14.19   ---
20  10,1  11,4   13.54   9,3   05.59   8,1   0,0   0,4   0,0   3,0   03.45   ---
21   8,0  10,4   13.24   4,6   23.45  10,1   0,0   5,4   1,0  23,0   14.56     E
22   5,3  10,8   13.36   1,8   21.14  12,9   0,0   0,0   0,0  10,0   14.24   SSE
23   5,1   9,0   13.14   2,3   20.54  13,1   0,0   0,2   0,3  18,0   07.39     E
24   2,3   9,1   13.14  -1,3   23.45  15,8   0,0   0,2   0,3  18,0   11.47   ESE
25   1,9   5,4   14.10  -2,5   03.40  16,3   0,0   0,0   0,0   6,0   20.12   ENE
26   4,6   8,9   13.41  -0,1   00.00  13,5   0,0   0,0   0,0   6,0   14.08   SSW
27   2,5  12,4   13.29  -2,3   07.36  15,7   0,0   0,2   0,0   5,0   11.47   ---
28   1,5   8,4   13.49  -2,7   07.38  16,7   0,0   0,0   0,0   5,0   12.40   ---
29   2,1  10,9   13.42  -1,5   01.25  16,1   0,0   0,2   0,0   5,0   13.03   ---
30   1,8   9,6   13.25  -2,7   07.29  16,4   0,0   0,2   0,0   8,0   14.14   ESE
----------------------------------------------------------------------------------
     7,3  23,2     7    -2,7    28   328,4   1,5   9,0   0,1  23,0    21     ESE

Max >=  35,0:  0
Max <=  25,0: 30
Min <=   0,0:  7
Min <=  -5,0:  0
Max Rain: 5,4 on day 21
Days of Rain: 16 (>= 0,2 mm)  1 (>= 2,0 mm)  0 (>= 20,0 mm)
Heat Base: 18,3  Cool Base: 18,3  Method: Integration