Seleziona l'anno o il mese
2017 > Gen Feb Mar Apr Mag Giu Lug Ago Set Ott Nov Dic
2016 > Gen Feb Mar Apr Mag Giu Lug Ago Set Ott Nov Dic
2015 > Gen Feb Mar Apr Mag Giu Lug Ago Set Ott Nov Dic

Rapporto del 2015 Dic
                   Monthly Climatological Summary for dic 2015

Name: Piavemeteo Davis VP2   City: Falzé di Piave  - Treviso   State: Italy
Elevation: 107 m  Lat: N 45° 51' 57"   Lon: E 012° 10' 46"

                  Temperature (°C), Rain (mm), Wind Speed (km/h)

                                      Heat  Cool        Avg
    Mean                              Deg   Deg         Wind                 Dom
Day Temp  High   Time   Low    Time   Days  Days  Rain  Speed High   Time    Dir
----------------------------------------------------------------------------------
 1   3,3  10,3   14.32  -1,3   06.34  14,8   0,0   0,0   0,0   3,0   21.11   ---
 2   4,8  14,4   13.36   0,3   05.00  13,4   0,0   0,2   0,0   6,0   06.41   ---
 3   5,5  13,3   13.35   0,9   01.25  12,8   0,0   0,0   0,0   3,0   13.07   ---
 4   5,6   8,7   13.50   1,3   01.00  12,6   0,0   0,2   0,0   3,0   22.15   ---
 5   6,5  13,7   13.44   1,3   00.00  11,7   0,0   0,0   0,0   6,0   13.32   ---
 6   3,8   9,3   15.11  -0,8   07.35  14,4   0,0   0,0   0,0   2,0   10.36   ---
 7   5,6  12,5   13.27   1,0   00.00  12,7   0,0   0,0   0,0   2,0   10.30   ---
 8   4,2  13,0   13.50   0,3   00.00  14,0   0,0   0,2   0,0   3,0   10.28   ---
 9   4,1  12,4   13.44  -1,3   07.39  14,1   0,0   0,2   0,0   2,0   13.28   ---
10   4,4  13,6   13.38  -1,1   00.00  13,6   0,0   0,0   0,0   0,0   00.00   ---
11   1,2  10,6   13.48  -3,3   06.43  16,8   0,0   0,0   0,0   5,0   13.46   ---
12   0,8   9,5   13.53  -3,4   07.30  17,0   0,0   0,2   0,0   3,0   10.58   ---
13   0,3   7,9   13.41  -4,0   07.59  17,7   0,0   0,0   0,0   3,0   11.33   ---
14   2,0  11,6   13.47  -2,2   05.45  16,1   0,0   0,2   0,0   3,0   10.49   ---
15   3,0  10,3   13.44  -1,4   01.55  15,0   0,0   0,0   0,0   3,0   11.39   ---
16   4,5  11,4   13.54  -0,2   00.00  13,7   0,0   0,0   0,0   3,0   10.40   ---
17   4,8  13,8   13.50   0,4   23.50  13,3   0,0   0,0   0,0   5,0   13.39   ---
18   2,9  12,1   13.36  -1,4   07.19  15,0   0,0   0,0   0,0   5,0   13.19   SSW
19   3,3  13,7   13.54  -1,4   06.22  14,7   0,0   0,2   0,0   5,0   07.42   ---
20   3,3  13,3   13.42  -1,2   07.20  14,7   0,0   0,2   0,0   6,0   13.48   ---
21   5,6  10,4   13.35   0,5   00.00  12,3   0,0   0,0   0,0   5,0   14.56   ESE
22   3,2  10,5   13.36  -0,4   07.42  14,9   0,0   0,0   0,0   2,0   10.46   ---
23   4,3   7,2   14.55  -0,6   00.20  13,8   0,0   0,2   0,0   2,0   04.20   ---
24   4,0  10,5   13.30   0,3   23.10  14,2   0,0   0,0   0,0   5,0   13.27   ---
25   2,7  10,5   13.54  -1,2   07.50  15,4   0,0   0,2   0,0   6,0   13.23   ESE
26   1,3   9,3   12.30  -2,5   08.04  16,8   0,0   0,0   0,1   8,0   13.08   SSW
27  -0,5   2,2   13.13  -3,2   07.57  18,7   0,0   0,2   0,1   6,0   11.48     S
28  -0,7   2,3   12.37  -3,3   08.25  18,7   0,0   0,2   0,1   8,0   13.31    SW
29   0,7   8,7   13.50  -4,2   07.19  17,5   0,0   0,2   0,0   3,0   03.20   ---
30   2,8   9,8   13.53  -2,7   08.05  15,2   0,0   0,0   0,3  13,0   13.22   ESE
31   1,6   6,3   12.35  -2,4   08.14  16,5   0,0   0,2   0,0   5,0   11.32     S
----------------------------------------------------------------------------------
     3,2  14,4     2    -4,2    29   462,1   0,0   2,8   0,0  13,0    30      SE

Max >=  35,0:  0
Max <=  25,0: 31
Min <=   0,0: 22
Min <=  -5,0:  0
Max Rain: 0,2 on day 2
Days of Rain: 14 (>= 0,2 mm)  0 (>= 2,0 mm)  0 (>= 20,0 mm)
Heat Base: 18,3  Cool Base: 18,3  Method: Integration