Seleziona l'anno o il mese
2017 > Gen Feb Mar Apr Mag Giu Lug Ago Set Ott Nov Dic
2016 > Gen Feb Mar Apr Mag Giu Lug Ago Set Ott Nov Dic
2015 > Gen Feb Mar Apr Mag Giu Lug Ago Set Ott Nov Dic

Rapporto del 2016 Feb
                   Monthly Climatological Summary for feb 2016

Name: Piavemeteo Davis VP2   City: Falzé di Piave  - Treviso   State: Italy
Elevation: 107 m  Lat: N 45° 51' 57"   Lon: E 012° 10' 46"

                  Temperature (°C), Rain (mm), Wind Speed (km/h)

                                      Heat  Cool        Avg
    Mean                              Deg   Deg         Wind                 Dom
Day Temp  High   Time   Low    Time   Days  Days  Rain  Speed High   Time    Dir
----------------------------------------------------------------------------------
 1   5,2  10,6   13.38   0,2   02.10  13,0   0,0   0,0   0,0   5,0   09.43   ---
 2   5,7   8,1   14.54   2,8   06.13  12,5   0,0   0,6   0,0   0,0   00.00   ---
 3   7,0   8,7   19.37   5,9   00.00  11,3   0,0   7,2   0,5  23,0   19.32     E
 4   4,8  11,7   14.13  -0,8   23.15  13,4   0,0   0,0   0,0  11,0   04.45   SSE
 5   2,6  11,3   13.36  -3,1   07.00  15,5   0,0   0,0   0,1   8,0   12.10   ESE
 6   3,0  11,8   12.46  -2,8   06.56  15,1   0,0   0,0   0,0   6,0   11.57   ---
 7   5,3   7,5   20.22   0,1   00.00  12,9   0,0  38,6   0,2  10,0   19.09    NE
 8   7,9  10,2   14.54   6,6   03.45  10,3   0,0  21,8   0,0   5,0   02.04   ---
 9   8,1   9,9   12.23   6,6   07.12  10,2   0,0  13,8   0,3  19,0   21.18     E
10   6,3   9,6   13.48  -0,2   23.45  11,8   0,0   6,8   0,7  42,0   08.34   NNE
11   3,2  12,9   14.03  -2,3   07.19  15,0   0,0   0,2   0,0   8,0   15.06     S
12   4,2   7,9   13.50  -0,1   00.00  13,9   0,0   6,8   0,4  11,0   15.11     E
13   3,5   5,1   12.40   0,2   07.17  14,7   0,0   0,4   0,3  13,0   11.17     E
14   3,6   7,8   15.01  -0,2   05.30  14,6   0,0   8,4   0,0   6,0   12.55    NE
15   7,0  12,5   14.25   2,1   06.36  11,3   0,0   5,6   0,5  23,0   22.35   ENE
16   8,8  12,3   14.15   6,1   02.15   9,3   0,0   4,8   2,2  21,0   14.22     E
17   6,8   7,9   16.16   5,8   00.00  11,4   0,0  23,4   1,6  26,0   07.00     E
18   7,8  16,1   14.26   2,1   07.04  10,4   0,0   0,0   0,1  10,0   10.51    SW
19   6,4  12,7   12.33   2,2   04.20  11,9   0,0   3,0   0,9  24,0   19.39     E
20   5,7  12,6   13.36   0,7   07.23  12,5   0,0   0,2   0,4  11,0   12.19     S
21   5,1  13,4   13.53  -0,6   06.52  13,1   0,0   0,0   0,3  11,0   14.52    NW
22   7,2  11,6   15.15   3,2   00.00  11,0   0,0   0,0   0,1  11,0   16.38     E
23   9,5  13,5   13.50   7,3   04.45   8,6   0,0   0,0   0,0   8,0   14.23    SE
24   7,8  12,9   13.15   2,6   07.33  10,3   0,0   0,0   0,8  21,0   10.37     E
25   6,1  10,1   14.43   1,6   23.55   9,3   0,0   0,0   0,0  10,0   10.43   ESE
26   5,1   8,6   15.50  -0,2   03.30  13,0   0,0   1,2   0,9  16,0   10.20   ENE
27   5,5   7,3   11.00   4,0   06.07  12,5   0,0  13,0   0,5  14,0   10.54   ENE
28   8,1  11,6   22.40   6,3   00.10  10,1   0,0  37,6   0,8  24,0   23.05   ENE
29   9,4  11,8   01.35   7,5   23.45   8,8   0,0  25,6   2,6  35,0   01.30   ENE
----------------------------------------------------------------------------------
     6,1  16,1    18    -3,1     5   347,7   0,0 219,0   0,5  42,0    10       E

Max >=  35,0:  0
Max <=  25,0: 29
Min <=   0,0:  9
Min <=  -5,0:  0
Max Rain: 38,6 on day 7
Days of Rain: 19 (>= 0,2 mm)  14 (>= 2,0 mm)  5 (>= 20,0 mm)
Heat Base: 18,3  Cool Base: 18,3  Method: Integration