Seleziona l'anno o il mese
2017 > Gen Feb Mar Apr Mag Giu Lug Ago Set Ott Nov Dic
2016 > Gen Feb Mar Apr Mag Giu Lug Ago Set Ott Nov Dic
2015 > Gen Feb Mar Apr Mag Giu Lug Ago Set Ott Nov Dic

Rapporto del 2016 Mar
                  Monthly Climatological Summary for mar 2016

Name: Piavemeteo Davis VP2   City: Falzé di Piave  - Treviso   State: Italy
Elevation: 107 m  Lat: N 45° 51' 57"   Lon: E 012° 10' 46"

                  Temperature (°C), Rain (mm), Wind Speed (km/h)

                                      Heat  Cool        Avg
    Mean                              Deg   Deg         Wind                 Dom
Day Temp  High   Time   Low    Time   Days  Days  Rain  Speed High   Time    Dir
----------------------------------------------------------------------------------
 1   8,7  14,9   15.24   3,3   00.00   9,4   0,0   0,4   0,1  10,0   15.44     S
 2   7,9  12,7   14.32   3,3   01.00  10,2   0,0   0,8   0,1  10,0   14.01     E
 3   5,5   7,7   00.00   4,3   05.35  12,7   0,0  29,8   3,4  34,0   08.13    NE
 4   6,6  13,7   12.50  -0,4   07.01  11,5   0,0   0,2   0,4  13,0   13.03    SE
 5   6,9   9,1   18.19   3,3   00.00  11,3   0,0  31,6   1,0  16,0   05.05   ENE
 6   7,5  12,0   14.55   4,9   06.00  10,6   0,0   0,6   0,1  10,0   14.59    SE
 7   6,4   8,3   09.35   4,4   06.28  11,7   0,0   2,2   0,8  16,0   13.31     E
 8   5,4   7,4   10.09   3,1   05.05  12,8   0,0   5,8   1,7  23,0   19.55     E
 9   7,1  10,9   13.34   4,3   03.05  11,0   0,0   4,6   0,6  14,0   13.20     E
10   8,6  16,5   15.08   1,7   06.58   9,6   0,0   0,0   0,6  16,0   11.06     E
11   8,8  14,4   15.06   2,6   02.30   9,3   0,0   0,0   0,0   5,0   10.44     S
12  10,4  16,6   14.22   3,8   06.56   7,9   0,0   0,0   0,5  13,0   11.41   ESE
13  10,1  16,1   12.56   3,9   03.45   8,1   0,0   0,0   1,9  27,0   13.14     E
14   8,0  14,9   13.48   1,6   00.00  10,2   0,0   0,0   0,6  19,0   13.48   ESE
15   4,9   9,4   11.58  -0,6   04.40  13,1   0,0   2,0   0,5  13,0   13.29     E
16   7,0  11,7   14.31   0,9   06.13  11,2   0,0   0,2   2,3  27,0   13.07     E
17   8,2  16,3   14.38   1,6   06.23  10,1   0,0   0,0   0,5  13,0   10.50    SE
18   8,1  17,8   15.24  -0,1   06.50   9,9   0,0   0,0   0,4  10,0   12.36   SSE
19   9,0  18,2   15.55   1,0   06.45   9,2   0,0   0,0   0,6  13,0   12.17   ESE
20   9,6  17,5   13.11   1,9   06.35   8,7   0,0   0,0   0,2  10,0   14.43   SSE
21  11,4  17,5   15.23   7,1   00.05   6,9   0,0   0,2   0,6  13,0   10.20     E
22  11,3  17,7   15.28   4,6   06.11   6,9   0,0   0,0   1,6  19,0   23.55     E
23  10,2  16,1   13.18   3,1   00.00   8,0   0,0   0,0   2,5  26,0   12.14     E
24   8,4  16,9   15.17  -0,2   06.06   9,8   0,0   0,0   0,7  13,0   12.47     S
25   8,8  14,2   13.32   3,2   00.00   9,5   0,0   0,0   0,3  11,0   11.17   SSE
26   8,9  17,2   14.15   1,8   02.20   9,4   0,0   0,0   0,4  11,0   14.43   SSE
27   8,4  12,2   17.49   3,6   03.15   9,4   0,0   0,0   0,2   8,0   12.46     E
28  11,1  14,9   14.15   8,4   02.50   7,1   0,0   0,0   0,0   6,0   14.24    SE
29  12,9  17,8   14.32   8,4   06.30   5,4   0,0   0,0   0,5  11,0   11.56   SSE
30  13,3  17,4   14.04   9,1   07.23   4,9   0,0   0,2   0,3  10,0   17.28   ESE
31  13,8  17,8   12.54  11,0   06.52   4,4   0,0   0,2   1,3  16,0   11.59     E
----------------------------------------------------------------------------------
     8,8  18,2    19    -0,6    15   290,2   0,0  78,8   0,8  34,0     3       E

Max >=  35,0:  0
Max <=  25,0: 31
Min <=   0,0:  4
Min <=  -5,0:  0
Max Rain: 31,6 on day 5
Days of Rain: 14 (>= 0,2 mm)  6 (>= 2,0 mm)  2 (>= 20,0 mm)
Heat Base: 18,3  Cool Base: 18,3  Method: Integration