Seleziona l'anno o il mese
2017 > Gen Feb Mar Apr Mag Giu Lug Ago Set Ott Nov Dic
2016 > Gen Feb Mar Apr Mag Giu Lug Ago Set Ott Nov Dic
2015 > Gen Feb Mar Apr Mag Giu Lug Ago Set Ott Nov Dic

Rapporto del 2016 Apr
                  Monthly Climatological Summary for apr 2016

Name: Piavemeteo Davis VP2   City: Falzé di Piave  - Treviso   State: Italy
Elevation: 107 m  Lat: N 45° 51' 57"   Lon: E 012° 10' 46"

                  Temperature (°C), Rain (mm), Wind Speed (km/h)

                                      Heat  Cool        Avg
    Mean                              Deg   Deg         Wind                 Dom
Day Temp  High   Time   Low    Time   Days  Days  Rain  Speed High   Time    Dir
----------------------------------------------------------------------------------
 1  13,3  17,7   16.09   9,0   07.04   5,0   0,0   0,0   0,9  16,0   14.08     E
 2  13,5  20,1   17.09   7,8   06.36   5,1   0,3   0,0   0,4   8,0   11.04     E
 3  13,6  21,1   16.32   7,4   06.59   5,2   0,5   0,0   0,5  13,0   15.45     E
 4  11,9  15,0   16.48   9,1   00.00   6,3   0,0   0,4   0,1  10,0   16.21     E
 5  14,1  22,7   15.45   6,6   06.10   5,0   0,8   0,0   0,6  13,0   13.58     E
 6  14,4  21,4   16.07   7,6   06.03   4,5   0,6   0,0   0,7  14,0   13.38     E
 7  15,8  22,1   14.52   9,7   06.06   3,4   0,8   0,0   1,1  23,0   12.32     E
 8  14,6  19,9   13.10  10,9   04.20   3,9   0,2   9,2   0,6  18,0   13.49     E
 9  12,3  16,8   15.35  10,2   07.35   6,0   0,0  25,4   0,4  14,0   14.33     E
10  14,7  21,3   15.33   9,0   07.32   3,9   0,3   0,0   0,2  10,0   16.51   SSE
11  14,9  22,7   16.23   8,6   04.15   4,1   0,8   0,0   0,5  11,0   10.41    SE
12  14,6  22,3   16.09   6,8   06.12   4,4   0,7   0,0   0,5  13,0   14.28   SSE
13  15,5  20,7   13.26   9,5   06.26   3,3   0,5   3,4   1,1  14,0   13.45     E
14  14,4  21,3   14.49   9,4   23.45   4,2   0,3   6,8   0,5  13,0   14.50     S
15  14,6  20,8   14.31   8,3   06.31   3,9   0,2   0,0   0,6  16,0   11.17   ESE
16  16,4  22,8   15.28  10,9   06.37   2,7   0,8   0,0   0,7  13,0   01.17    SE
17  14,9  18,3   16.10   9,4   06.05   3,4   0,0   0,0   0,4  13,0   12.19     E
18  16,4  24,1   15.49  10,2   06.26   2,9   1,0   0,0   1,1  14,0   14.46    SE
19  14,7  20,5   16.25   8,9   00.00   3,8   0,2   0,2   0,8  13,0   08.48   SSE
20  14,0  21,1   16.41   7,7   02.55   4,6   0,4   0,0   0,6  14,0   12.02    SE
21  14,0  22,8   15.37   5,7   06.07   5,1   0,8   0,0   0,6  13,0   17.07     S
22  14,2  21,5   15.01   7,5   06.27   4,4   0,4   0,0   0,4  13,0   12.01    SE
23  14,5  18,1   14.46  12,5   00.00   3,8   0,0   1,8   0,4  13,0   15.44   ENE
24  10,9  13,0   10.30   6,8   00.00   7,3   0,0   9,0   0,8  18,0   14.46     E
25   9,2  15,2   14.24   4,1   07.04   9,0   0,0   0,0   0,7  16,0   17.08   SSE
26   9,6  14,0   11.45   4,6   00.10   8,5   0,0   1,8   1,0  18,0   10.52     E
27  11,1  18,3   14.26   4,8   00.00   7,1   0,0   0,2   1,1  21,0   15.50   ENE
28   9,3  15,1   16.13   3,3   01.20   8,9   0,0   0,0   1,1  13,0   11.16     E
29  11,5  19,7   15.38   2,7   04.55   6,8   0,1   0,0   0,7  16,0   11.20   ESE
30  13,0  20,7   14.18   3,5   06.15   5,6   0,4   0,0   0,5  13,0   12.31    SE
----------------------------------------------------------------------------------
    13,5  24,1    18     2,7    29   152,1  10,1  58,2   0,7  23,0     7     ESE

Max >=  35,0:  0
Max <=  25,0: 30
Min <=   0,0:  0
Min <=  -5,0:  0
Max Rain: 25,4 on day 9
Days of Rain: 10 (>= 0,2 mm)  5 (>= 2,0 mm)  1 (>= 20,0 mm)
Heat Base: 18,3  Cool Base: 18,3  Method: Integration