Seleziona l'anno o il mese
2017 > Gen Feb Mar Apr Mag Giu Lug Ago Set Ott Nov Dic
2016 > Gen Feb Mar Apr Mag Giu Lug Ago Set Ott Nov Dic
2015 > Gen Feb Mar Apr Mag Giu Lug Ago Set Ott Nov Dic

Rapporto del 2016 Lug
                  Monthly Climatological Summary for lug 2016

Name: Piavemeteo Davis VP2   City: Falzé di Piave  - Treviso   State: Italy
Elevation: 107 m  Lat: N 45° 51' 57"   Lon: E 012° 10' 46"

                  Temperature (°C), Rain (mm), Wind Speed (km/h)

                                      Heat  Cool        Avg
    Mean                              Deg   Deg         Wind                 Dom
Day Temp  High   Time   Low    Time   Days  Days  Rain  Speed High   Time    Dir
----------------------------------------------------------------------------------
 1  25,1  31,2   15.21  17,9   05.53   0,0   6,8   0,2   0,3  10,0   00.21    SE
 2  23,9  32,5   14.56  18,3   05.51   0,0   5,6   4,0   0,4  11,0   15.18   ESE
 3  23,5  28,1   13.00  20,4   05.05   0,0   5,2   0,2   1,9  24,0   17.00     E
 4  22,5  28,6   16.35  17,8   00.00   0,0   4,2   0,0   0,1  11,0   15.50   ESE
 5  23,6  31,3   16.04  15,0   05.25   0,6   5,9   0,6   0,2  10,0   14.18    SE
 6  25,2  32,1   14.30  18,2   05.56   0,0   6,8   0,2   0,3  10,0   14.48   SSE
 7  25,0  30,5   15.24  18,6   05.58   0,0   6,6   0,0   0,9  13,0   09.22     E
 8  25,5  32,1   14.30  19,7   06.05   0,0   7,0   0,0   0,4  10,0   14.37    SE
 9  26,4  33,1   15.46  18,8   05.49   0,0   8,0   0,0   0,3   8,0   12.25    SE
10  27,4  34,3   14.24  21,1   05.50   0,0   9,0   0,0   0,5  10,0   12.54   ESE
11  27,2  34,7   15.45  19,9   05.30   0,0   8,8   0,0   0,3  11,0   15.48   SSE
12  26,6  33,5   15.40  21,8   06.00   0,0   8,2   3,6   0,6  16,0   16.57     E
13  24,5  30,6   12.30  19,4   00.00   0,0   6,1   0,0   0,9  23,0   20.18     E
14  19,7  27,5   16.51  12,6   06.21   1,1   2,5  57,4   0,9  23,0   05.17   ESE
15  19,2  24,8   16.01  13,2   05.45   1,4   2,3   0,6   0,5  13,0   11.43   ESE
16  19,9  27,4   14.52  10,9   06.13   1,9   3,5   0,0   0,6  13,0   15.14     S
17  22,0  30,8   14.27  12,8   05.25   1,5   5,2   0,0   0,6  13,0   11.51   SSE
18  23,9  31,8   16.31  15,2   06.07   0,5   6,0   0,0   0,3  10,0   14.37   SSE
19  25,4  33,0   15.29  17,3   05.55   0,1   7,1   0,0   0,2   8,0   12.45    SE
20  25,3  32,7   16.32  18,1   05.10   0,0   7,0   0,0   0,4  13,0   20.22   SSE
21  25,0  31,8   16.42  17,6   06.02   0,0   6,6   0,0   0,1   6,0   10.14   SSE
22  25,6  32,1   15.46  19,1   04.25   0,0   7,3   0,0   0,5  13,0   20.35   ESE
23  23,4  28,1   10.04  18,4   05.40   0,0   5,0   0,4   0,0   6,0   12.37   SSE
24  24,9  32,8   15.24  17,2   05.35   0,1   6,6   0,0   0,3  11,0   14.57   SSE
25  25,4  32,7   16.22  19,2   05.57   0,0   7,0   0,0   0,2   8,0   21.35     E
26  26,4  34,3   16.07  19,7   05.51   0,0   8,0   0,0   0,3  10,0   10.43   SSE
27  24,1  33,4   14.45  19,3   04.45   0,0   5,8   1,6   0,2  11,0   16.06   SSE
28  22,8  28,2   15.36  19,6   05.57   0,0   4,4   2,0   0,3  11,0   05.58     E
29  25,1  32,3   15.29  17,9   05.58   0,0   6,7   0,0   0,3  13,0   15.34   SSE
30  26,2  33,2   15.15  19,2   05.49   0,0   7,8   0,0   0,4  11,0   15.38     S
31  22,4  29,6   13.04  18,4   23.50   0,0   4,0  22,2   0,3  23,0   13.35   ENE
----------------------------------------------------------------------------------
    24,3  34,7    11    10,9    16     7,2 191,0  93,0   0,4  24,0     3     ESE

Max >=  35,0:  0
Max <=  25,0:  1
Min <=   0,0:  0
Min <=  -5,0:  0
Max Rain: 57,4 on day 14
Days of Rain: 12 (>= 0,2 mm)  5 (>= 2,0 mm)  2 (>= 20,0 mm)
Heat Base: 18,3  Cool Base: 18,3  Method: Integration