Seleziona l'anno o il mese
2017 > Gen Feb Mar Apr Mag Giu Lug Ago Set Ott Nov Dic
2016 > Gen Feb Mar Apr Mag Giu Lug Ago Set Ott Nov Dic
2015 > Gen Feb Mar Apr Mag Giu Lug Ago Set Ott Nov Dic

Rapporto del 2016 Ago
                  Monthly Climatological Summary for ago 2016

Name: Piavemeteo Davis VP2   City: Falzé di Piave  - Treviso   State: Italy
Elevation: 107 m  Lat: N 45° 51' 57"   Lon: E 012° 10' 46"

                  Temperature (°C), Rain (mm), Wind Speed (km/h)

                                      Heat  Cool        Avg
    Mean                              Deg   Deg         Wind                 Dom
Day Temp  High   Time   Low    Time   Days  Days  Rain  Speed High   Time    Dir
----------------------------------------------------------------------------------
 1  21,6  27,0   17.14  17,9   01.35   0,0   3,3   0,2   0,5  16,0   15.41   ENE
 2  22,6  28,9   16.24  16,4   05.45   0,3   4,6   0,0   0,2   8,0   12.55    SE
 3  23,7  31,6   16.13  17,1   06.19   0,2   5,5   0,0   0,2   6,0   10.20     S
 4  25,3  33,3   16.15  18,0   06.14   0,0   6,9   0,0   0,2  11,0   13.15   ESE
 5  20,8  26,4   08.52  15,5   23.17   0,2   2,6  37,6   0,5  31,0   10.43   ENE
 6  21,8  29,9   16.35  14,2   06.07   1,0   4,4   0,0   0,1   6,0   12.40   SSE
 7  22,2  30,1   16.16  13,7   06.10   1,0   4,9   0,0   0,3   8,0   13.39    SE
 8  22,4  30,1   15.50  14,2   06.07   0,8   4,8   0,0   0,2   8,0   13.17    SE
 9  23,9  32,8   16.00  15,8   05.20   0,4   5,8   3,0   0,1  14,0   13.17     S
10  18,9  24,4   15.42  15,9   22.55   0,5   1,1  27,6   0,4  13,0   17.17   ESE
11  18,7  24,9   16.24  13,0   07.04   1,7   2,0   5,8   0,3  10,0   11.42   SSE
12  18,7  25,4   16.41  12,2   06.15   1,7   2,1   0,0   0,2  10,0   13.12     S
13  20,4  28,1   16.25  12,8   06.20   1,5   3,5   0,0   0,3  10,0   16.40   SSE
14  22,4  30,4   16.15  14,8   06.30   0,8   4,9   0,0   0,2   8,0   14.00   SSE
15  23,6  31,1   16.15  17,6   03.35   0,1   5,3   5,0   0,2  11,0   22.50     E
16  22,9  30,4   14.40  16,4   06.15   0,3   4,9   0,2   0,1   8,0   13.35   SSE
17  22,2  29,9   15.30  17,1   00.00   0,1   4,1   0,2   0,6  24,0   19.40     E
18  21,8  27,3   15.05  16,5   06.25   0,4   3,9   0,2   0,2   8,0   10.55   ESE
19  23,2  29,1   15.40  17,9   06.05   0,0   4,9   5,6   0,2   8,0   12.30     S
20  24,4  30,3   14.30  19,2   06.20   0,0   5,9   2,6   0,2   8,0   12.45     S
21  21,7  27,6   14.52  16,5   00.00   0,1   3,5   7,4   0,4  19,0   22.00     E
22  19,9  27,9   16.17  12,9   06.50   1,5   3,1   0,2   0,2  13,0   13.05   SSE
23  21,0  29,8   15.51  12,9   06.17   1,4   4,2   0,0   0,1   8,0   15.50     S
24  22,2  30,4   16.03  14,2   06.01   1,0   4,8   0,0   0,3  11,0   14.52     S
25  23,3  29,7   15.23  16,6   06.25   0,1   5,1   0,0   0,4  10,0   13.37    SE
26  22,6  29,4   16.07  15,7   06.29   0,3   4,6   0,0   0,5  11,0   14.08     E
27  22,6  30,4   15.19  15,2   06.01   0,7   4,9   0,0   0,5  10,0   12.57     E
28  23,3  32,1   16.03  15,2   06.25   0,6   5,4   0,0   0,1  10,0   14.37     S
29  24,2  31,7   15.01  17,2   06.27   0,1   5,9   0,6   0,2  11,0   22.55    SE
30  23,7  30,6   16.43  18,2   04.30   0,0   5,2   0,0   0,5  11,0   12.30     E
31  23,4  29,9   16.00  16,9   06.03   0,1   5,1   0,0   0,5  14,0   11.51     E
----------------------------------------------------------------------------------
    22,2  33,3     4    12,2    12    16,9 137,2  96,2   0,3  31,0     5     ESE

Max >=  35,0:  0
Max <=  25,0:  2
Min <=   0,0:  0
Min <=  -5,0:  0
Max Rain: 37,6 on day 5
Days of Rain: 14 (>= 0,2 mm)  8 (>= 2,0 mm)  2 (>= 20,0 mm)
Heat Base: 18,3  Cool Base: 18,3  Method: Integration