Seleziona l'anno o il mese
2017 > Gen Feb Mar Apr Mag Giu Lug Ago Set Ott Nov Dic
2016 > Gen Feb Mar Apr Mag Giu Lug Ago Set Ott Nov Dic
2015 > Gen Feb Mar Apr Mag Giu Lug Ago Set Ott Nov Dic

Rapporto del 2016 Set
                  Monthly Climatological Summary for set 2016

Name: Piavemeteo Davis VP2   City: Falzé di Piave  - Treviso   State: Italy
Elevation: 107 m  Lat: N 45° 51' 57"   Lon: E 012° 10' 46"

                  Temperature (°C), Rain (mm), Wind Speed (km/h)

                                      Heat  Cool        Avg
    Mean                              Deg   Deg         Wind                 Dom
Day Temp  High   Time   Low    Time   Days  Days  Rain  Speed High   Time    Dir
----------------------------------------------------------------------------------
 1  22,8  30,8   15.09  15,0   06.29   0,7   5,1   0,0   0,1   8,0   12.44     S
 2  24,0  31,7   15.13  17,4   06.31   0,1   5,7   0,0   0,1   8,0   12.14   SSE
 3  24,0  32,4   15.27  17,7   04.00   0,0   5,7   0,0   0,2   8,0   12.53     S
 4  23,8  31,7   16.19  16,6   07.10   0,2   5,6   0,2   0,3  14,0   22.36    SE
 5  22,1  28,0   16.18  17,9   23.35   0,0   3,8   0,0   0,4  13,0   12.03   ESE
 6  19,8  26,9   13.25  14,2   06.43   1,1   2,6   0,0   0,5  16,0   16.00     E
 7  20,2  28,3   15.17  12,9   06.04   1,5   3,4   0,2   0,2  13,0   15.15     E
 8  21,7  30,1   16.01  14,3   06.37   0,9   4,3   0,0   0,4  13,0   12.27     E
 9  22,7  31,6   16.01  15,1   06.10   0,8   5,2   0,0   0,4  10,0   11.40     E
10  23,2  31,7   15.47  15,3   06.46   0,6   5,5   0,0   0,4  11,0   11.33   ESE
11  23,0  31,4   14.24  16,3   04.45   0,3   4,9   0,0   0,3  13,0   14.36   ESE
12  23,4  32,4   15.13  16,2   06.12   0,4   5,4   0,0   0,3  11,0   13.35     E
13  22,9  31,8   14.55  15,9   05.59   0,5   5,1   0,0   0,3  11,0   13.11     E
14  22,7  31,6   15.03  15,0   07.03   0,7   5,0   0,0   0,2   8,0   12.15   SSE
15  19,9  25,2   11.18  16,6   06.58   0,3   1,9   2,4   0,1   6,0   10.24   ENE
16  17,9  20,7   10.48  14,2   06.27   1,0   0,7  12,8   0,0   3,0   23.55   ---
17  18,9  25,3   15.32  15,6   05.20   0,9   1,5  15,6   0,0   6,0   09.10    SW
18  17,6  23,3   16.12  15,5   00.00   1,3   0,7   7,4   0,0  13,0   16.21   ESE
19  18,9  27,1   15.09  13,2   06.08   1,8   2,3   0,0   0,0   6,0   15.37   ---
20  18,3  23,8   13.16  14,2   06.48   1,4   1,3  10,4   0,0  11,0   15.11   ---
21  16,2  20,4   16.41  14,1   09.00   2,2   0,2   2,4   0,0  11,0   06.41     E
22  16,4  23,4   15.15  11,7   04.05   3,0   1,1   0,0   0,1   8,0   13.36     S
23  16,2  24,4   15.24   9,4   06.59   3,5   1,4   0,0   0,2  10,0   12.21     S
24  17,5  25,4   14.31  12,3   02.05   2,6   1,8   0,0   0,2   8,0   12.01   ESE
25  16,9  25,2   15.46  10,7   07.26   3,0   1,6   0,0   0,1   8,0   12.48    SE
26  17,1  25,5   15.12  10,5   06.15   2,9   1,7   0,0   0,2  13,0   12.54    SE
27  17,6  25,2   14.39  11,2   05.52   2,3   1,6   0,0   0,2   8,0   10.46     E
28  17,6  24,9   14.33  11,7   07.13   2,3   1,7   0,0   0,1  10,0   12.04     S
29  16,9  24,6   14.25  10,9   07.03   2,9   1,5   0,0   0,1   8,0   14.15   SSE
30  17,3  23,8   14.55  12,0   07.14   2,3   1,3   0,0   0,1   8,0   11.17   ENE
----------------------------------------------------------------------------------
    19,9  32,4     3     9,4    23    41,5  89,6  51,4   0,2  16,0     6     ESE

Max >=  35,0:  0
Max <=  25,0:  9
Min <=   0,0:  0
Min <=  -5,0:  0
Max Rain: 15,6 on day 17
Days of Rain: 8 (>= 0,2 mm)  6 (>= 2,0 mm)  0 (>= 20,0 mm)
Heat Base: 18,3  Cool Base: 18,3  Method: Integration