Seleziona l'anno o il mese
2017 > Gen Feb Mar Apr Mag Giu Lug Ago Set Ott Nov Dic
2016 > Gen Feb Mar Apr Mag Giu Lug Ago Set Ott Nov Dic
2015 > Gen Feb Mar Apr Mag Giu Lug Ago Set Ott Nov Dic

Rapporto del 2017 Apr
                  Monthly Climatological Summary for apr 2017

Name: Piavemeteo Davis VP2   City: Falzé di Piave  - Treviso   State: Italy
Elevation: 107 m  Lat: N 45° 51' 57"   Lon: E 012° 10' 46"

                  Temperature (°C), Rain (mm), Wind Speed (km/h)

                                      Heat  Cool        Avg
    Mean                              Deg   Deg         Wind                 Dom
Day Temp  High   Time   Low    Time   Days  Days  Rain  Speed High   Time    Dir
----------------------------------------------------------------------------------
 1  13,1  20,3   14.04   6,5   05.44   5,5   0,3   0,0   1,3  21,0   12.21     E
 2  13,0  21,7   13.53   5,0   05.50   5,7   0,4   0,0   0,6  16,0   11.16   ESE
 3  16,5  26,3   16.37   5,4   06.50   4,1   2,2   0,2   0,5  23,0   21.45     E
 4  16,7  22,7   14.38  10,3   06.05   2,3   0,7   1,2   1,1  21,0   10.54    NE
 5  12,9  20,2   17.17   8,9   23.55   5,4   0,1   6,0   0,3  11,0   03.10     W
 6  13,8  20,2   16.09   7,6   04.15   4,7   0,2   0,2   0,6  18,0   23.55     S
 7  12,9  17,7   13.02   7,8   00.00   5,3   0,0   0,0   0,4  18,0   00.00   SSE
 8  13,8  23,5   15.46   4,4   06.18   5,6   1,1   0,0   0,5  11,0   14.48   SSW
 9  14,7  23,4   15.37   6,6   06.45   4,7   1,1   0,0   0,6  11,0   11.30    SE
10  14,9  24,3   16.39   6,5   06.41   4,6   1,3   0,0   0,4  11,0   12.56    SE
11  14,8  22,3   14.51   6,9   06.39   4,3   0,9   0,0   0,5  14,0   15.09     E
12  15,8  22,2   15.21   9,4   05.20   3,2   0,7   0,0   0,6  13,0   11.01     S
13  15,0  21,2   13.48   7,8   06.13   3,8   0,5   0,0   0,4  13,0   12.30   ESE
14  16,7  23,1   14.04   9,3   06.36   2,8   1,2   0,0   0,4  11,0   15.02    SE
15  14,8  19,3   15.08  10,8   00.00   3,5   0,0  21,4   0,7  21,0   10.21     E
16  14,1  22,4   16.12   7,0   06.40   4,8   0,6   0,8   0,9  16,0   22.00   ESE
17  11,2  17,6   14.27   6,3   04.45   7,0   0,0   0,4   0,4  13,0   13.28     S
18   7,8  11,3   12.19   2,8   00.00  10,5   0,0   2,2   0,6  18,0   12.05     E
19   8,5  15,3   13.13  -0,1   05.50   9,5   0,0   0,2   1,0  19,0   12.15    NE
20   9,4  16,5   15.38   1,6   06.33   8,8   0,0   0,0   0,7  13,0   13.29    SE
21   8,8  17,0   16.46  -0,6   06.24   9,4   0,0   0,0   0,7  16,0   12.04   SSW
22  10,0  17,8   16.57   1,2   06.25   8,3   0,0   0,0   0,7  13,0   14.35   ESE
23  11,7  19,4   15.59   2,4   06.21   6,6   0,0   0,0   0,8  16,0   14.28   ESE
24  12,7  16,3   14.41   8,4   05.36   5,6   0,0   0,0   0,5  11,0   13.24     E
25  12,6  17,6   16.21   8,4   02.35   5,7   0,0   0,8   0,1   8,0   18.19     E
26  12,5  13,4   00.00  11,7   01.25   5,6   0,0  34,6   0,4  10,0   06.40     E
27  14,2  18,8   14.54  12,5   00.50   4,1   0,0  64,0   0,1  14,0   15.19     E
28  13,4  17,6   14.40   7,3   00.00   4,9   0,0   6,0   1,1  16,0   11.53   SSE
29  11,4  19,3   14.48   3,6   06.06   6,8   0,0   0,0   0,7  16,0   09.58    SE
30  11,9  19,9   16.28   4,2   05.35   6,4   0,1   0,0   0,7  14,0   11.02   ESE
----------------------------------------------------------------------------------
    13,0  26,3     3    -0,6    21   169,5  11,4 138,0   0,6  23,0     3     ESE

Max >=  35,0:  0
Max <=  25,0: 29
Min <=   0,0:  2
Min <=  -5,0:  0
Max Rain: 64,0 on day 27
Days of Rain: 13 (>= 0,2 mm)  6 (>= 2,0 mm)  3 (>= 20,0 mm)
Heat Base: 18,3  Cool Base: 18,3  Method: Integration