Seleziona l'anno o il mese
2017 > Gen Feb Mar Apr Mag Giu Lug Ago Set Ott Nov Dic
2016 > Gen Feb Mar Apr Mag Giu Lug Ago Set Ott Nov Dic
2015 > Gen Feb Mar Apr Mag Giu Lug Ago Set Ott Nov Dic

Rapporto del 2017 Mag
                   Monthly Climatological Summary for mag 2017

Name: Piavemeteo Davis VP2   City: Falzè di Piave  - Treviso   State: Italy
Elevation: 107 m  Lat: N 45° 51' 57"   Lon: E 012° 10' 46"

                  Temperature (°C), Rain (mm), Wind Speed (km/h)

                                      Heat  Cool        Avg
    Mean                              Deg   Deg         Wind                 Dom
Day Temp  High   Time   Low    Time   Days  Days  Rain  Speed High   Time    Dir
----------------------------------------------------------------------------------
 1  12,0  18,4   13.36   5,1   06.00   6,3   0,0  12,6   1,0  18,0   11.26     E
 2  13,1  19,4   15.28   5,9   06.24   5,3   0,1   0,2   0,6  16,0   13.00    SE
 3  13,6  19,6   18.03   9,9   02.55   4,8   0,1   1,8   0,3  11,0   17.24   WSW
 4  11,5  15,1   11.38   9,2   23.05   6,7   0,0  17,8   0,4  13,0   11.41   ENE
 5  14,8  22,4   16.13   8,2   06.08   4,2   0,8   0,0   0,4  11,0   17.12     S
 6  13,5  18,7   15.31   8,1   05.20   4,8   0,0  11,2   0,0   6,0   10.36   ESE
 7  15,2  21,7   16.04  10,6   03.30   3,6   0,5   0,8   0,4  10,0   14.25     S
 8  14,7  20,7   14.40   9,3   06.06   3,9   0,3   1,2   0,1  11,0   16.20     S
 9  14,8  19,8   13.14  11,9   05.57   3,5   0,1   2,4   0,6  18,0   23.20   ESE
10  12,8  16,9   13.49   9,3   05.49   5,4   0,0   1,4   0,7  13,0   00.12     E
11  14,6  18,8   12.02   9,8   05.45   3,6   0,0   0,2   1,0  16,0   16.18     E
12  18,6  25,1   17.26  14,9   01.10   1,3   1,6   0,6   0,5  16,0   16.57   SSE
13  18,8  25,5   15.35  13,8   05.10   1,4   1,9   1,6   0,5  11,0   10.36   ESE
14  19,2  26,2   14.18  12,2   06.05   1,6   2,5   0,0   0,5  18,0   18.25    SE
15  17,9  26,7   16.16  13,0   00.00   2,0   1,6  21,0   0,7  19,0   03.30     E
16  19,5  28,1   16.16  10,8   05.22   2,3   3,5   0,2   0,4  11,0   15.50    SW
17  21,0  27,8   16.14  13,2   02.45   1,2   3,9   0,0   0,6  10,0   11.11    SE
18  21,9  27,5   16.28  15,8   00.00   0,3   3,8   0,0   0,5  10,0   15.07    SE
19  18,5  25,8   14.58  13,2   05.48   1,7   1,9   3,6   0,8  16,0   11.00     E
20  14,7  19,8   13.04  11,2   04.50   3,7   0,1  10,6   0,1  11,0   13.50   SSE
21  18,6  27,3   15.48   9,5   06.00   2,8   3,1   0,2   0,3  10,0   17.27   SSW
22  20,1  28,1   17.03  10,8   05.40   1,9   3,7   0,0   0,6  11,0   15.13   SSE
23  21,8  29,4   16.31  13,4   05.34   0,9   4,3   0,4   0,5  10,0   12.09     S
24  21,3  27,8   16.59  15,6   05.33   0,5   3,5   0,0   0,4  11,0   12.16   ESE
25  19,1  24,8   15.36  13,7   00.00   1,0   1,8   0,0   0,5  13,0   15.02     S
26  19,6  26,3   16.28  12,6   01.30   1,7   2,9   0,0   0,7  13,0   13.09   SSE
27  21,9  29,6   16.02  13,5   03.35   1,1   4,8   0,0   0,6  14,0   17.52     S
28  22,5  30,3   15.45  14,9   05.45   0,6   4,9   0,0   0,8  13,0   10.23   ESE
29  22,4  30,6   16.26  13,9   05.44   0,9   5,0   0,0   0,6  13,0   12.13     S
30  23,0  30,6   16.21  15,2   05.43   0,6   5,2   0,0   0,6  10,0   10.46   SSE
31  23,0  28,4   14.25  17,0   05.48   0,1   4,8   0,0   0,5  11,0   12.11     E
----------------------------------------------------------------------------------
    17,9  30,6    29     5,1     1    79,7  66,7  87,8   0,5  19,0    15      SE

Max >=  35,0:  0
Max <=  25,0: 13
Min <=   0,0:  0
Min <=  -5,0:  0
Max Rain: 21,0 on day 15
Days of Rain: 18 (>= 0,2 mm)  7 (>= 2,0 mm)  1 (>= 20,0 mm)
Heat Base: 18,3  Cool Base: 18,3  Method: Integration