Seleziona l'anno o il mese
2017 > Gen Feb Mar Apr Mag Giu Lug Ago Set Ott Nov Dic
2016 > Gen Feb Mar Apr Mag Giu Lug Ago Set Ott Nov Dic
2015 > Gen Feb Mar Apr Mag Giu Lug Ago Set Ott Nov Dic

Rapporto del 2017 Giu
                   Monthly Climatological Summary for giu 2017

Name: Piavemeteo Davis VP2   City: Falzè di Piave  - Treviso   State: Italy
Elevation: 107 m  Lat: N 45° 51' 57"   Lon: E 012° 10' 46"

                  Temperature (°C), Rain (mm), Wind Speed (km/h)

                                      Heat  Cool        Avg
    Mean                              Deg   Deg         Wind                 Dom
Day Temp  High   Time   Low    Time   Days  Days  Rain  Speed High   Time    Dir
----------------------------------------------------------------------------------
 1  23,4  30,4   17.52  16,8   05.44   0,1   5,2   3,0   0,7  14,0   21.23   ESE
 2  22,2  30,3   15.32  15,9   05.55   0,4   4,4   0,2   0,4  10,0   16.25    SE
 3  23,5  31,2   15.43  14,7   05.31   0,6   5,8   0,0   0,5  11,0   15.28   SSE
 4  22,0  29,0   14.03  17,1   00.00   0,1   3,8  20,0   0,6  13,0   12.27   ENE
 5  21,8  27,3   16.24  16,1   03.00   0,3   3,8   0,8   1,7  23,0   04.09     E
 6  19,1  25,2   11.22  16,7   04.55   0,5   1,3  19,2   0,5  16,0   15.22   ENE
 7  18,2  24,3   12.52  12,3   00.00   1,7   1,7   7,6   1,6  19,0   15.24     E
 8  18,0  25,6   17.16  10,2   05.33   2,6   2,3   0,0   0,3  13,0   13.28     S
 9  20,5  28,2   15.30  11,0   05.32   1,8   4,0   0,0   0,4  10,0   14.30   SSE
10  22,0  29,2   16.46  14,4   05.49   1,0   4,7   0,0   0,6  11,0   11.14     E
11  23,1  30,2   16.01  14,8   05.25   0,6   5,3   0,0   0,7  11,0   12.27   ESE
12  23,8  31,6   16.19  16,2   05.27   0,3   5,8   0,0   0,5  11,0   13.48   SSE
13  24,1  31,3   14.58  15,8   05.20   0,4   6,2   0,0   0,5  11,0   16.16    SE
14  23,0  29,0   13.37  19,1   03.05   0,0   4,7   2,0   0,1   6,0   10.51     E
15  24,6  30,6   17.03  17,9   05.05   0,0   6,3   0,4   0,7  13,0   11.21     E
16  25,2  31,5   16.46  19,3   05.43   0,0   6,9   0,2   0,6  10,0   15.57   ESE
17  24,5  30,2   14.55  18,2   05.23   0,0   6,2   0,2   0,6  18,0   13.47    SE
18  23,3  29,9   16.53  15,1   06.00   0,4   5,3   0,0   0,7  13,0   12.37     S
19  23,3  31,2   16.11  14,4   05.27   0,7   5,7   0,0   0,6  11,0   10.00    SE
20  25,0  33,2   16.19  16,2   05.27   0,2   6,9   0,0   0,7  14,0   12.56   SSE
21  25,3  32,2   15.20  18,3   05.27   0,0   7,0   0,6   0,5  10,0   12.39    SE
22  27,1  34,6   16.27  19,2   05.29   0,0   8,7   0,2   0,6  11,0   15.54     S
23  27,8  34,3   16.02  20,9   05.56   0,0   9,3   0,0   0,6  11,0   01.55   ESE
24  28,3  34,0   16.05  22,1   05.41   0,0   9,9   0,0   0,6  13,0   11.22     E
25  22,8  26,1   19.30  18,1   10.24   0,0   4,4  20,8   0,5  26,0   08.42   ENE
26  24,4  31,7   15.25  16,5   05.38   0,2   6,4   0,0   0,5  11,0   17.25   SSE
27  23,5  29,0   17.16  18,7   04.20   0,0   5,2   0,6   0,5  16,0   15.10     E
28  21,7  29,8   13.10  15,9   23.35   0,3   3,7  54,4   0,9  16,0   20.00     E
29  19,8  27,8   17.22  15,4   02.45   1,1   2,5   7,4   0,4  16,0   15.35   SSE
30  20,2  26,2   14.15  13,0   05.32   1,4   3,3   6,8   0,3  19,0   23.17    SE
----------------------------------------------------------------------------------
    23,1  34,6    22    10,2     8    14,7 156,7 144,4   0,6  26,0    25     ESE

Max >=  35,0:  0
Max <=  25,0:  1
Min <=   0,0:  0
Min <=  -5,0:  0
Max Rain: 54,4 on day 28
Days of Rain: 17 (>= 0,2 mm)  9 (>= 2,0 mm)  3 (>= 20,0 mm)
Heat Base: 18,3  Cool Base: 18,3  Method: Integration