Seleziona l'anno o il mese
2017 > Gen Feb Mar Apr Mag Giu Lug Ago Set Ott Nov Dic
2016 > Gen Feb Mar Apr Mag Giu Lug Ago Set Ott Nov Dic
2015 > Gen Feb Mar Apr Mag Giu Lug Ago Set Ott Nov Dic

Rapporto del 2017 Ago
                   Monthly Climatological Summary for ago 2017

Name: Piavemeteo Davis VP2   City: Falzè di Piave  - Treviso   State: Italy
Elevation: 107 m  Lat: N 45° 51' 57"   Lon: E 012° 10' 46"

                  Temperature (°C), Rain (mm), Wind Speed (km/h)

                                      Heat  Cool        Avg
    Mean                              Deg   Deg         Wind                 Dom
Day Temp  High   Time   Low    Time   Days  Days  Rain  Speed High   Time    Dir
----------------------------------------------------------------------------------
 1  27,6  35,9   15.48  18,9   06.21   0,0   9,2   0,0   0,2   8,0   12.09   SSE
 2  28,7  36,6   16.45  21,0   06.20   0,0  10,2   0,0   0,4  11,0   19.18    SE
 3  28,9  37,0   16.54  21,2   05.58   0,0  10,5   0,0   0,3  10,0   13.16   SSE
 4  29,4  37,4   16.37  22,2   06.11   0,0  11,1   0,0   0,3  10,0   15.32   SSE
 5  29,6  36,6   15.35  22,4   05.50   0,0  11,2   0,0   0,7  13,0   12.18     E
 6  26,1  34,9   12.46  19,5   00.00   0,0   7,8   9,0   1,3  24,0   18.15     E
 7  23,2  29,9   15.29  16,2   06.27   0,3   5,2   0,0   0,8  14,0   11.54     E
 8  24,1  31,1   15.10  16,1   05.37   0,3   6,1   0,0   0,6  10,0   12.38     E
 9  26,5  33,7   15.27  19,4   05.00   0,0   8,2   0,0   1,0  13,0   11.53     E
10  24,1  31,1   11.15  19,2   00.00   0,0   5,7   2,0   0,5  21,0   16.58   ENE
11  21,9  29,6   16.39  15,2   00.00   0,3   3,9   0,2   0,5  14,0   12.45     S
12  19,8  26,8   14.35  14,2   02.25   1,2   2,7   0,6   0,4  13,0   11.20   ENE
13  22,2  31,1   16.55  13,2   06.15   1,3   5,1   0,0   0,4  11,0   12.55     S
14  24,1  30,8   14.45  18,3   05.55   0,0   5,8   0,0   0,6  11,0   11.05     E
15  24,6  32,8   16.45  17,0   06.45   0,1   6,5   0,0   0,4  10,0   13.15   SSE
16  24,3  32,1   14.10  18,1   05.10   0,0   6,1   0,0   0,4  11,0   16.20   ENE
17  25,5  34,1   15.45  17,0   06.20   0,1   7,3   0,0   0,4  14,0   11.40   ESE
18  26,3  35,5   15.50  17,9   05.35   0,0   8,0   0,0   0,3  11,0   14.35    SE
19  23,8  29,0   15.35  17,6   00.00   0,0   5,4   6,6   0,9  19,0   22.05     E
20  21,1  28,7   16.40  14,1   06.30   0,8   3,7   1,0   0,6  23,0   00.25   ESE
21  21,0  27,9   16.48  13,8   06.43   0,8   3,5   0,0   0,5  11,0   15.16    SE
22  20,6  27,9   16.18  13,2   05.46   1,2   3,5   0,0   0,5  13,0   16.10    SE
23  21,1  29,5   16.48  13,4   05.15   1,2   4,0   0,0   0,6  11,0   14.06    SE
24  22,5  31,2   15.51  14,7   06.25   0,8   5,0   0,0   0,4  10,0   11.08   SSE
25  24,0  31,8   15.47  17,6   06.16   0,1   5,8   0,0   0,4   8,0   12.34    SE
26  25,4  33,5   16.02  17,8   06.33   0,0   7,0   0,0   0,5  10,0   14.40    SE
27  26,6  35,6   16.42  17,8   06.45   0,0   8,3   0,0   0,3  10,0   14.54     S
28  24,4  33,6   15.36  17,8   23.50   0,0   6,0   6,6   0,5  24,0   18.25   ESE
29  22,3  30,4   15.59  15,6   06.59   0,6   4,6   0,2   0,6  10,0   11.03    SE
30  22,9  31,3   16.29  15,3   05.42   0,6   5,2   0,0   0,4  10,0   14.52     S
31  23,5  30,7   16.05  16,9   06.23   0,2   5,3   0,0   0,3  11,0   12.33   SSE
----------------------------------------------------------------------------------
    24,4  37,4     4    13,2    13     9,9 197,9  26,2   0,5  24,0     6     ESE

Max >=  35,0:  7
Max <=  25,0:  0
Min <=   0,0:  0
Min <=  -5,0:  0
Max Rain: 9,0 on day 6
Days of Rain: 8 (>= 0,2 mm)  4 (>= 2,0 mm)  0 (>= 20,0 mm)
Heat Base: 18,3  Cool Base: 18,3  Method: Integration