Seleziona l'anno e il mese per il report
Report for 2018 Mar
Monthly Climatological Summary for mar 2018
Name: Piavemeteo Davis VP2 City: Falzè di Piave - Treviso State: Italy
Elevation: 107 m Lat: N 45° 51' 57" Lon: E 012° 10' 46"
Temperature (°C), Rain (mm), Wind Speed (km/h)
Heat Cool Avg
Mean Deg Deg Wind Dom
Day Temp High Time Low Time Days Days Rain Speed High Time Dir
----------------------------------------------------------------------------------
1 -2,3 -0,9 15.36 -3,8 09.23 20,4 0,0 1,0 0,3 11,0 11.42 ENE
2 1,7 3,7 10.49 -1,1 00.00 16,4 0,0 2,2 0,1 8,0 10.35 ESE
3 3,1 5,2 15.38 1,4 01.15 15,1 0,0 1,2 0,3 11,0 10.22 ENE
4 5,2 12,6 14.54 -0,5 07.15 13,1 0,0 0,0 0,6 14,0 12.57 E
5 6,6 11,6 13.48 2,7 00.00 11,6 0,0 4,4 0,5 11,0 12.45 E
6 5,6 7,0 13.55 4,6 07.16 12,6 0,0 8,4 0,1 8,0 07.18 ESE
7 6,3 7,7 16.08 4,1 00.00 11,9 0,0 3,6 0,2 11,0 09.47 E
8 6,6 15,1 14.56 -0,2 05.55 11,7 0,0 0,2 0,4 10,0 13.15 SSE
9 8,2 14,4 14.37 3,3 06.19 9,7 0,0 0,2 0,2 10,0 11.04 SE
10 9,6 13,0 13.43 5,7 07.01 8,6 0,0 0,0 0,1 8,0 12.35 E
11 9,5 11,1 21.01 8,2 03.50 8,7 0,0 41,6 0,8 18,0 20.15 ENE
12 10,7 15,1 15.53 9,1 03.05 7,5 0,0 2,0 0,1 8,0 15.48 S
13 10,1 15,1 14.00 6,9 03.20 8,1 0,0 2,4 0,2 8,0 01.15 E
14 10,2 16,2 14.24 3,3 06.54 8,0 0,0 0,4 0,4 11,0 00.20 ESE
15 8,7 11,9 12.50 6,3 06.32 9,5 0,0 20,8 0,5 11,0 00.25 E
16 9,9 16,3 14.25 6,6 07.01 8,4 0,0 9,6 0,3 13,0 15.12 ESE
17 9,2 11,9 14.43 6,6 23.55 9,1 0,0 2,0 1,8 29,0 22.55 E
18 7,8 10,5 13.07 3,8 00.00 10,4 0,0 3,2 4,8 29,0 22.40 E
19 3,7 6,4 14.58 1,5 09.25 14,5 0,0 12,0 2,8 27,0 01.45 E
20 5,1 10,1 14.54 2,7 05.05 13,0 0,0 0,0 1,0 19,0 20.44 E
21 4,9 10,6 16.24 -0,8 06.32 13,3 0,0 0,0 0,7 13,0 13.24 ESE
22 3,7 12,2 15.04 -3,2 06.30 14,5 0,0 0,0 0,5 8,0 10.22 SW
23 4,7 12,3 14.52 -1,9 06.35 13,5 0,0 0,0 0,8 26,0 13.38 SSW
24 5,9 11,8 14.09 -1,2 06.20 12,3 0,0 0,0 0,2 8,0 12.30 S
25 7,7 12,4 15.57 2,1 00.00 10,1 0,0 0,0 0,9 18,0 05.56 E
26 7,6 16,6 16.18 -0,9 06.38 10,6 0,0 0,0 0,5 11,0 13.15 SSE
27 10,0 16,9 14.21 5,5 06.57 8,2 0,0 0,0 0,9 13,0 13.16 ESE
28 10,1 15,7 14.23 3,3 07.27 8,1 0,0 0,0 0,4 10,0 12.06 SE
29 10,2 12,6 13.07 8,8 05.44 8,1 0,0 3,2 0,3 11,0 10.51 E
30 11,5 14,9 13.36 8,0 04.30 6,8 0,0 10,6 0,8 16,0 19.27 ENE
31 10,8 14,3 13.26 8,1 22.30 7,5 0,0 10,0 0,6 18,0 00.55 ESE
----------------------------------------------------------------------------------
7,2 16,9 27 -3,8 1 341,3 0,0 139,0 0,7 29,0 17 E
Max >= 35,0: 0
Max <= 25,0: 31
Min <= 0,0: 9
Min <= -5,0: 0
Max Rain: 41,6 on day 11
Days of Rain: 20 (>= 0,2 mm) 15 (>= 2,0 mm) 2 (>= 20,0 mm)
Heat Base: 18,3 Cool Base: 18,3 Method: Integration