Seleziona l'anno e il mese per il report
Report for 2018 Mag
Monthly Climatological Summary for mag 2018
Name: Piavemeteo Davis VP2 City: Falzè di Piave - Treviso State: Italy
Elevation: 107 m Lat: N 45° 51' 57" Lon: E 012° 10' 46"
Temperature (°C), Rain (mm), Wind Speed (km/h)
Heat Cool Avg
Mean Deg Deg Wind Dom
Day Temp High Time Low Time Days Days Rain Speed High Time Dir
----------------------------------------------------------------------------------
1 15,0 20,8 17.42 7,2 06.30 3,7 0,5 0,0 0,1 8,0 16.00 SE
2 17,6 25,7 17.14 11,7 06.06 2,6 1,9 5,8 0,7 16,0 15.27 ENE
3 21,0 28,1 16.51 15,8 06.57 0,5 3,1 6,2 0,7 26,0 16.55 NNE
4 17,0 24,2 14.34 12,7 00.00 2,0 0,7 13,8 0,9 23,0 16.32 ENE
5 18,6 26,4 15.48 12,6 00.20 2,0 2,3 0,2 0,4 16,0 12.55 ENE
6 21,8 29,4 16.15 14,9 06.20 0,8 4,3 1,2 0,5 21,0 22.45 SE
7 20,3 27,7 17.26 15,1 05.55 1,1 3,0 2,4 0,3 16,0 13.48 E
8 19,3 26,7 13.27 13,1 06.05 1,3 2,2 0,0 0,0 10,0 12.31 S
9 18,4 24,8 13.45 11,6 05.46 1,7 1,8 0,0 0,6 14,0 15.27 ENE
10 19,0 27,1 16.48 12,5 02.20 1,8 2,5 0,0 0,5 10,0 19.03 SW
11 19,2 26,9 16.46 12,9 05.30 1,6 2,6 2,2 0,7 16,0 17.44 E
12 20,5 28,6 15.40 12,4 05.58 1,5 3,7 1,2 0,5 16,0 18.35 SSE
13 18,7 23,9 16.40 14,7 14.05 0,9 1,3 40,8 0,5 14,0 12.50 ENE
14 14,9 19,5 14.30 12,1 05.41 3,4 0,0 21,0 0,1 8,0 00.10 NE
15 13,1 15,6 17.56 10,4 00.00 5,2 0,0 8,8 0,2 8,0 07.01 ENE
16 14,7 20,2 17.22 7,6 05.52 3,8 0,2 6,6 0,1 8,0 11.39 SE
17 16,6 24,3 16.30 12,7 05.45 2,7 1,0 0,6 0,6 14,0 16.56 SSE
18 17,2 25,6 15.15 10,9 06.06 2,5 1,5 0,0 0,5 16,0 18.52 SE
19 18,0 26,3 15.19 10,4 05.20 2,6 2,3 0,2 0,8 16,0 17.57 E
20 18,8 25,9 15.50 11,0 04.50 2,1 2,6 0,4 1,6 21,0 18.02 ENE
21 20,5 26,9 15.53 11,9 06.02 1,3 3,5 1,0 1,1 19,0 12.06 ENE
22 16,3 18,3 19.36 14,3 03.45 2,0 0,0 13,6 0,0 2,0 00.28 ---
23 19,2 25,2 17.34 13,8 05.42 1,1 2,0 0,8 0,0 8,0 19.44 ENE
24 20,6 28,8 16.22 16,3 06.24 0,6 2,8 3,4 0,7 13,0 11.46 ENE
25 23,0 30,4 16.06 14,1 05.56 0,8 5,5 0,0 0,1 13,0 21.35 E
26 23,4 29,4 15.30 16,3 05.54 0,2 5,2 0,0 0,4 10,0 09.22 ESE
27 23,2 30,1 13.45 17,2 05.35 0,1 5,0 0,0 0,1 10,0 15.47 NE
28 23,6 30,2 15.04 16,7 05.46 0,2 5,5 0,0 0,4 10,0 16.14 SE
29 21,5 28,8 13.37 18,3 02.40 0,0 3,2 18,4 0,0 13,0 14.59 NNE
30 23,4 30,3 14.03 15,9 05.25 0,4 5,4 0,0 0,3 8,0 13.39 SE
31 23,9 30,5 17.06 17,2 05.49 0,1 5,7 0,4 0,0 0,0 00.00 ---
----------------------------------------------------------------------------------
19,3 30,5 31 7,2 1 50,6 81,3 149,0 0,4 26,0 3 E
Max >= 35,0: 0
Max <= 25,0: 9
Min <= 0,0: 0
Min <= -5,0: 0
Max Rain: 40,8 on day 13
Days of Rain: 21 (>= 0,2 mm) 12 (>= 2,0 mm) 2 (>= 20,0 mm)
Heat Base: 18,3 Cool Base: 18,3 Method: Integration