Seleziona l'anno e il mese per il report
Report for 2018 Ago
Monthly Climatological Summary for ago 2018
Name: Piavemeteo Davis VP2 City: Falzè di Piave - Treviso State: Italy
Elevation: 107 m Lat: N 45° 51' 57" Lon: E 012° 10' 46"
Temperature (°C), Rain (mm), Wind Speed (km/h)
Heat Cool Avg
Mean Deg Deg Wind Dom
Day Temp High Time Low Time Days Days Rain Speed High Time Dir
----------------------------------------------------------------------------------
1 29,2 35,9 15.03 23,0 06.17 0,0 10,8 0,4 0,5 13,0 21.50 SE
2 26,9 34,9 16.15 22,2 05.54 0,0 8,5 1,2 0,5 18,0 16.58 ESE
3 27,3 34,1 16.27 20,0 06.14 0,0 8,9 0,0 0,4 8,0 15.44 SE
4 27,9 34,9 16.34 21,6 06.07 0,0 9,6 0,0 0,4 10,0 12.48 ESE
5 28,0 35,6 17.06 20,4 06.20 0,0 9,6 0,0 0,3 8,0 11.43 SSE
6 28,1 34,8 15.10 22,7 05.30 0,0 9,7 0,0 0,4 11,0 12.19 SE
7 27,9 34,4 15.47 20,7 06.30 0,0 9,6 0,0 0,4 10,0 21.53 SE
8 26,0 33,2 13.36 20,8 06.12 0,0 7,7 0,0 0,3 8,0 11.29 SE
9 26,7 34,9 16.18 19,7 05.52 0,0 8,3 0,4 0,5 14,0 17.26 SE
10 26,0 33,2 16.25 19,5 05.59 0,0 7,7 0,0 0,3 11,0 13.43 SE
11 25,2 31,9 13.15 19,2 06.25 0,0 6,9 0,4 0,5 13,0 20.20 ESE
12 25,3 32,3 15.45 19,0 04.25 0,0 7,0 0,0 0,8 16,0 10.05 E
13 23,8 32,7 15.35 17,5 06.30 0,1 5,6 4,0 0,5 13,0 14.10 ESE
14 22,1 29,0 16.10 18,4 06.35 0,0 3,8 0,0 0,7 23,0 19.25 ENE
15 24,5 31,6 14.30 18,8 06.45 0,0 6,2 0,0 0,3 11,0 12.15 SE
16 24,4 31,5 16.40 17,8 04.10 0,0 6,1 0,0 0,5 14,0 14.15 ESE
17 24,4 32,1 15.30 17,1 04.30 0,1 6,2 0,0 0,4 10,0 11.20 SE
18 25,5 33,8 15.52 17,1 06.15 0,1 7,0 0,0 0,5 10,0 12.19 SE
19 26,6 34,2 15.19 18,7 06.35 0,0 8,2 0,0 0,7 16,0 13.41 E
20 26,5 35,1 16.20 17,8 06.37 0,0 8,1 0,0 0,6 14,0 11.33 ESE
21 27,2 34,9 15.14 19,3 06.37 0,0 8,9 0,0 0,5 16,0 13.32 ESE
22 26,6 34,6 16.02 18,7 06.13 0,0 8,3 0,0 0,7 14,0 11.38 E
23 25,4 33,9 13.11 18,7 06.04 0,0 7,1 0,0 0,4 11,0 11.58 ESE
24 23,8 33,4 15.25 18,9 03.35 0,0 5,4 11,4 0,7 23,0 18.46 E
25 21,3 25,9 16.28 18,2 00.00 0,0 3,0 43,6 0,3 14,0 23.40 NE
26 16,7 23,1 16.38 12,8 23.55 2,2 0,6 20,6 0,6 19,0 01.50 ENE
27 18,3 26,7 16.17 10,3 06.29 2,6 2,6 0,2 0,3 8,0 12.09 SE
28 20,5 30,3 16.50 11,9 06.00 1,9 4,1 0,0 0,2 8,0 12.22 SSE
29 21,7 30,3 14.38 13,6 06.10 1,2 4,6 0,0 0,2 8,0 12.18 ESE
30 22,1 29,7 16.28 15,2 06.44 0,6 4,4 0,0 0,1 6,0 12.11 E
31 20,5 25,8 11.41 16,6 05.10 0,2 2,4 7,6 0,8 18,0 10.12 ENE
----------------------------------------------------------------------------------
24,7 35,9 1 10,3 27 9,0 206,9 89,8 0,5 23,0 14 ESE
Max >= 35,0: 3
Max <= 25,0: 1
Min <= 0,0: 0
Min <= -5,0: 0
Max Rain: 43,6 on day 25
Days of Rain: 10 (>= 0,2 mm) 5 (>= 2,0 mm) 2 (>= 20,0 mm)
Heat Base: 18,3 Cool Base: 18,3 Method: Integration