Seleziona l'anno e il mese per il report
Report for 2018 Ott
Monthly Climatological Summary for ott 2018
Name: Piavemeteo Davis VP2 City: Falzè di Piave - Treviso State: Italy
Elevation: 107 m Lat: N 45° 51' 57" Lon: E 012° 10' 46"
Temperature (°C), Rain (mm), Wind Speed (km/h)
Heat Cool Avg
Mean Deg Deg Wind Dom
Day Temp High Time Low Time Days Days Rain Speed High Time Dir
----------------------------------------------------------------------------------
1 11,1 14,9 15.27 6,6 05.10 7,1 0,0 20,4 0,3 11,0 21.20 ENE
2 13,4 20,0 16.27 8,3 00.00 5,1 0,2 0,8 0,1 10,0 12.53 SE
3 12,8 21,4 15.10 6,1 07.20 5,9 0,5 0,0 0,1 11,0 12.18 ESE
4 14,1 23,3 15.05 7,1 06.42 5,1 1,0 0,0 0,4 11,0 11.45 ENE
5 14,3 23,3 15.21 6,5 07.09 5,1 1,1 0,2 0,3 13,0 13.07 ENE
6 15,1 17,6 15.24 13,9 00.40 3,2 0,0 27,0 0,0 8,0 15.34 NNE
7 16,5 22,2 16.16 13,9 23.25 2,2 0,5 0,4 0,0 5,0 14.08 S
8 17,8 23,2 13.30 14,1 00.00 1,7 1,2 0,0 0,0 5,0 11.26 ESE
9 17,7 24,6 14.24 12,5 03.55 2,4 1,8 0,0 0,4 13,0 13.27 ENE
10 16,5 24,4 15.29 10,7 06.42 3,3 1,6 0,2 0,5 19,0 11.42 E
11 15,9 24,3 15.04 9,4 06.13 3,7 1,3 0,2 0,3 11,0 11.57 ENE
12 16,7 24,8 15.20 11,7 07.07 3,1 1,5 0,0 0,0 3,0 00.20 ---
13 15,7 24,5 14.56 9,6 06.42 4,0 1,4 0,0 0,3 11,0 14.25 E
14 15,2 23,5 14.48 8,4 07.28 4,3 1,2 0,0 0,2 10,0 13.13 E
15 15,0 20,7 14.07 10,6 00.00 3,6 0,4 0,0 0,3 11,0 11.50 ENE
16 14,2 20,9 16.19 9,3 03.25 4,5 0,4 0,0 0,0 3,0 13.03 ---
17 15,9 20,8 14.05 11,4 01.35 2,8 0,4 0,8 0,1 8,0 13.07 ESE
18 16,9 24,3 14.45 11,9 07.40 2,9 1,4 0,0 0,0 5,0 13.13 ---
19 15,5 24,1 15.00 10,1 07.40 4,0 1,2 0,2 0,2 8,0 12.17 E
20 14,2 22,7 15.16 8,6 06.07 4,9 0,8 0,2 0,0 6,0 12.19 S
21 12,4 19,9 11.35 6,0 23.55 6,0 0,2 0,0 0,7 23,0 15.10 E
22 9,8 18,9 14.59 3,2 07.15 8,5 0,0 0,2 0,1 8,0 13.50 ESE
23 10,8 20,2 14.12 4,0 07.18 7,7 0,2 0,2 0,1 8,0 11.38 SSE
24 12,1 20,4 14.25 5,7 07.41 6,4 0,2 0,0 0,2 11,0 12.23 E
25 12,2 16,9 13.46 7,2 04.30 6,1 0,0 0,0 0,0 2,0 00.00 ---
26 14,2 16,7 13.09 12,8 05.49 4,1 0,0 0,0 0,0 0,0 00.00 ---
27 14,5 16,6 00.00 12,9 02.50 3,7 0,0 8,2 0,1 11,0 23.25 ENE
28 16,0 17,6 12.08 11,9 00.00 2,1 0,0 34,2 1,3 16,0 01.59 ENE
29 15,2 18,7 18.02 11,0 01.35 3,1 0,0 54,2 1,9 40,0 18.23 E
30 11,1 14,6 14.00 6,9 23.15 7,2 0,0 5,4 0,0 5,0 09.02 NE
31 10,7 17,4 12.48 5,7 05.19 7,6 0,0 0,0 0,2 11,0 13.52 E
----------------------------------------------------------------------------------
14,3 24,8 12 3,2 22 141,4 18,5 152,8 0,3 40,0 29 E
Max >= 35,0: 0
Max <= 25,0: 31
Min <= 0,0: 0
Min <= -5,0: 0
Max Rain: 54,2 on day 29
Days of Rain: 16 (>= 0,2 mm) 6 (>= 2,0 mm) 4 (>= 20,0 mm)
Heat Base: 18,3 Cool Base: 18,3 Method: Integration