Seleziona l'anno o il mese
2017 > Gen Feb Mar Apr Mag Giu Lug Ago Set Ott Nov Dic
2016 > Gen Feb Mar Apr Mag Giu Lug Ago Set Ott Nov Dic
2015 > Gen Feb Mar Apr Mag Giu Lug Ago Set Ott Nov Dic

Rapporto del 2016 Giu
                  Monthly Climatological Summary for giu 2016

Name: Piavemeteo Davis VP2   City: Falzé di Piave  - Treviso   State: Italy
Elevation: 107 m  Lat: N 45° 51' 57"   Lon: E 012° 10' 46"

                  Temperature (°C), Rain (mm), Wind Speed (km/h)

                                      Heat  Cool        Avg
    Mean                              Deg   Deg         Wind                 Dom
Day Temp  High   Time   Low    Time   Days  Days  Rain  Speed High   Time    Dir
----------------------------------------------------------------------------------
 1  16,8  21,1   10.24  12,9   05.29   2,0   0,5   6,0   0,0   6,0   23.40   ---
 2  16,2  21,7   12.13  12,8   05.05   2,4   0,3  13,6   0,3  11,0   12.14   ENE
 3  17,1  23,7   15.17  11,8   04.00   2,3   1,1   1,4   0,2  10,0   13.38   ESE
 4  18,3  24,0   12.11  14,8   00.35   1,2   1,3   0,0   0,2  13,0   12.07   SSE
 5  19,3  26,2   14.27  14,9   03.00   1,0   2,0   0,2   0,3  16,0   17.17    SE
 6  20,7  28,5   15.57  14,9   05.20   0,7   3,2   0,2   0,2   8,0   14.22   SSE
 7  21,7  29,4   15.43  13,2   05.30   1,2   4,5   0,0   0,4  10,0   13.22   SSE
 8  19,2  26,7   14.39  14,5   05.20   1,2   2,1  19,4   0,6  23,0   16.57     E
 9  17,7  21,2   15.42  15,7   05.30   1,1   0,6   0,4   0,7  13,0   12.42     E
10  20,5  26,8   16.03  14,1   05.40   0,8   3,0   0,2   0,6  13,0   13.19    SE
11  19,5  23,3   13.55  17,2   23.50   0,2   1,4  10,4   0,3  13,0   14.26   ENE
12  18,7  23,8   13.04  14,3   05.15   1,3   1,8   7,4   0,1  18,0   17.56     E
13  20,3  27,1   13.23  14,4   05.15   1,1   3,1  38,6   0,2  23,0   21.09    SE
14  18,0  22,5   13.51  14,4   05.15   1,2   0,9   1,8   0,2  11,0   13.56    SE
15  20,2  26,8   16.25  15,8   05.23   0,8   2,7   8,2   0,6  14,0   16.29     S
16  20,3  25,2   12.29  16,7   01.30   0,4   2,4   9,8   0,6  14,0   15.34     E
17  21,7  27,4   15.52  14,6   00.00   0,3   3,7   0,6   1,0  18,0   17.55   SSE
18  19,5  26,7   14.54  12,0   05.30   1,7   2,9   0,0   0,7  14,0   17.55   ESE
19  17,8  25,1   11.45  13,7   05.15   1,8   1,3   2,6   0,8  14,0   17.35   ENE
20  19,7  26,6   14.56  13,6   01.10   1,3   2,7   0,0   0,1   8,0   12.52   SSW
21  21,8  28,7   16.19  14,1   05.30   0,9   4,4   0,0   0,3  10,0   12.43   SSE
22  24,2  32,0   16.35  15,8   05.35   0,4   6,2   0,0   0,3   8,0   10.46     E
23  26,4  33,7   15.05  17,7   05.30   0,0   8,0   0,0   0,7  13,0   12.08     E
24  27,6  34,7   15.48  19,6   05.20   0,0   9,3   0,0   0,5  11,0   12.44     E
25  26,9  34,8   15.30  19,4   00.00   0,0   8,6   2,2   0,7  16,0   19.05     E
26  24,2  30,2   16.40  18,4   04.50   0,0   5,8   5,2   0,8  16,0   13.05     E
27  22,7  28,8   16.42  17,7   04.50   0,0   4,4  34,0   1,0  24,0   14.15     E
28  22,6  29,6   15.09  14,7   05.42   0,6   4,9   0,0   0,6  11,0   12.11     S
29  23,8  30,8   15.50  16,3   03.40   0,3   5,8   0,0   0,2  11,0   13.04   SSE
30  24,5  31,9   16.18  17,4   05.10   0,1   6,1   0,0   0,3  10,0   16.50   SSE
----------------------------------------------------------------------------------
    20,9  34,8    25    11,8     3    26,3 105,0 162,2   0,4  24,0    27     ESE

Max >=  35,0:  0
Max <=  25,0:  8
Min <=   0,0:  0
Min <=  -5,0:  0
Max Rain: 38,6 on day 13
Days of Rain: 19 (>= 0,2 mm)  12 (>= 2,0 mm)  2 (>= 20,0 mm)
Heat Base: 18,3  Cool Base: 18,3  Method: Integration