Seleziona l'anno o il mese
2017 > Gen Feb Mar Apr Mag Giu Lug Ago Set Ott Nov Dic
2016 > Gen Feb Mar Apr Mag Giu Lug Ago Set Ott Nov Dic
2015 > Gen Feb Mar Apr Mag Giu Lug Ago Set Ott Nov Dic

Rapporto del 2016 Dic
                   Monthly Climatological Summary for dic 2016

Name: Piavemeteo Davis VP2   City: Falzé di Piave  - Treviso   State: Italy
Elevation: 107 m  Lat: N 45° 51' 57"   Lon: E 012° 10' 46"

                  Temperature (°C), Rain (mm), Wind Speed (km/h)
                                      Heat  Cool        Avg
    Mean                              Deg   Deg         Wind                 Dom
Day Temp  High   Time   Low    Time   Days  Days  Rain  Speed High   Time    Dir
----------------------------------------------------------------------------------
 1   0,3   8,0   13.19  -3,3   07.45  17,8   0,0   0,2   0,0   3,0   11.41   ---
 2   1,3   9,1   14.35  -3,0   07.05  15,9   0,0   0,0   0,0   6,0   13.49   ---
 3   7,2  10,2   11.36   1,9   00.00  11,0   0,0   0,0   0,4  13,0   01.18     E
 4   5,5  10,0   14.23   1,9   03.45  12,6   0,0   0,0   0,0   3,0   07.35   ---
 5   5,0  11,9   13.39  -0,7   00.00  13,3   0,0   0,0   0,0   6,0   12.07     S
 6   1,8  11,2   13.45  -2,4   07.55  16,3   0,0   0,2   0,0   3,0   11.57   ---
 7   1,2  10,4   13.51  -3,1   06.25  16,8   0,0   0,2   0,0   6,0   12.09     E
 8   0,9   9,9   12.26  -3,6   06.58  17,3   0,0   0,0   0,0   6,0   12.26   SSE
 9   0,9   8,6   13.56  -3,9   07.45  17,2   0,0   0,0   0,0   5,0   10.20   ---
10   0,4   8,8   13.21  -3,7   06.43  17,8   0,0   0,2   0,0   5,0   12.44   SSW
11   1,0   6,4   14.22  -3,4   04.05  17,1   0,0   0,0   0,0   5,0   14.13   ---
12   3,6  13,1   13.46  -1,1   00.00  14,6   0,0   0,2   0,0   5,0   10.30   ---
13   2,2   9,0   12.16  -2,7   06.46  16,0   0,0   0,0   0,2  10,0   12.40     E
14   3,1   9,9   13.31   0,2   23.55  14,9   0,0   0,2   0,0   6,0   13.47   ---
15   1,3   9,4   13.37  -2,7   07.58  16,9   0,0   0,2   0,1  10,0   13.04     E
16   0,8   7,9   13.36  -3,3   00.00  17,4   0,0   0,0   0,1  10,0   12.52     E
17  -0,3  10,1   13.35  -5,3   07.36  18,4   0,0   0,0   0,0   5,0   12.14   ---
18  -0,6   7,9   13.29  -5,2   07.52  18,9   0,0   0,2   0,0   3,0   11.41   ---
19   4,0   9,1   11.52  -0,8   00.00  14,2   0,0   0,0   0,6  16,0   11.12     E
20   4,8   9,5   15.17   0,1   00.00  13,4   0,0   0,0   0,0   5,0   18.42   ---
21   3,3  14,7   13.39  -1,4   07.20  14,9   0,0   0,2   0,0   5,0   11.31   ---
22   1,9  13,1   13.55  -2,7   06.33  16,2   0,0   0,0   0,0   3,0   11.38   ---
23   2,3  15,8   13.54  -3,8   05.54  15,8   0,0   0,2   0,0   3,0   04.55   ---
24   1,7   9,9   13.21  -2,7   05.15  16,5   0,0   0,0   0,0   3,0   23.55   ---
25   2,6  13,6   13.58  -1,8   08.13  15,7   0,0   0,0   0,0   3,0   07.00   ---
26   2,8  13,3   13.27  -1,8   07.25  15,4   0,0   0,2   0,0   5,0   07.42     S
27   3,3  13,9   13.47  -1,6   07.59  14,9   0,0   0,0   0,0  10,0   22.30     E
28   1,9  10,7   13.51  -2,9   07.26  16,3   0,0   0,0   0,1   8,0   10.57    NE
29   3,2   8,8   13.49  -0,9   00.00  15,0   0,0   0,0   0,1   8,0   12.38   SSE
30  -0,6   7,8   13.53  -4,6   07.36  18,8   0,0   0,2   0,0   3,0   12.24   ---
31  -0,7  10,3   13.59  -5,6   06.46  18,9   0,0   0,2   0,0   3,0   11.07   ---
----------------------------------------------------------------------------------
     2,1  15,8    23    -5,6    31   496,2   0,0   2,6   0,1  16,0    19       E

Max >=  35,0:  0
Max <=  25,0: 31
Min <=   0,0: 27
Min <=  -5,0:  3
Max Rain: 0,2 on day 1
Days of Rain: 13 (>= 0,2 mm)  0 (>= 2,0 mm)  0 (>= 20,0 mm)
Heat Base: 18,3  Cool Base: 18,3  Method: Integration