Seleziona l'anno o il mese
2017 > Gen Feb Mar Apr Mag Giu Lug Ago Set Ott Nov Dic
2016 > Gen Feb Mar Apr Mag Giu Lug Ago Set Ott Nov Dic
2015 > Gen Feb Mar Apr Mag Giu Lug Ago Set Ott Nov Dic

Rapporto del 2017 Mar
                  Monthly Climatological Summary for mar 2017

Name: Piavemeteo Davis VP2   City: Falzé di Piave  - Treviso   State: Italy
Elevation: 107 m  Lat: N 45° 51' 57"   Lon: E 012° 10' 46"

                  Temperature (°C), Rain (mm), Wind Speed (km/h)
				  
                                      Heat  Cool        Avg
    Mean                              Deg   Deg         Wind                 Dom
Day Temp  High   Time   Low    Time   Days  Days  Rain  Speed High   Time    Dir
----------------------------------------------------------------------------------
 1   8,6  13,8   14.20   4,3   07.44   9,6   0,0   0,6   0,4  13,0   04.07     S
 2   6,4  13,9   15.17   0,9   05.23  11,8   0,0   0,0   0,4  14,0   12.09     E
 3   7,6  15,6   15.31   0,6   04.05  10,6   0,0   0,0   0,4  13,0   12.54   ESE
 4   8,5  10,6   09.52   5,2   03.30   9,7   0,0   8,0   1,0  21,0   16.47     E
 5   8,5  12,8   13.55   5,1   00.00   9,8   0,0   4,0   0,1   8,0   20.45     E
 6   8,1  13,4   14.51   2,9   06.58  10,2   0,0   0,4   0,1   8,0   11.11     E
 7   8,6  17,8   14.54   1,6   05.30   9,6   0,0   0,0   0,4  11,0   11.28    SE
 8   9,0  18,1   13.54  -0,1   06.46   9,3   0,0   0,0   0,2  10,0   11.08   SSW
 9  10,1  19,2   14.21   1,7   06.36   8,2   0,0   0,0   0,0   8,0   15.09   ESE
10  11,5  20,2   13.53   2,7   06.50   7,1   0,3   0,0   1,9  29,0   14.12    NE
11   7,6  17,1   14.13  -0,7   06.18  10,5   0,0   0,0   0,5  10,0   11.28   SSW
12   7,3  14,7   14.34   0,9   06.45  10,9   0,0   0,0   0,8  16,0   10.21   ESE
13   7,1  15,7   15.29  -0,8   06.28  11,2   0,0   0,0   0,4  13,0   14.28     S
14   8,9  16,6   13.50   1,1   06.34   9,3   0,0   0,0   0,1  10,0   13.06    SE
15   9,2  17,6   14.17   1,8   06.27   9,1   0,0   0,0   0,4  11,0   10.46    SE
16  10,2  18,7   15.31   3,2   05.40   8,1   0,0   0,0   0,4  11,0   12.30   ESE
17   9,7  18,8   14.35   1,7   06.08   8,5   0,0   0,0   0,3  10,0   12.09   SSE
18   9,1  16,3   14.59   3,8   04.25   9,1   0,0   0,0   0,3  10,0   12.57    SE
19   9,5  16,1   14.24   3,1   06.10   8,7   0,0   0,0   0,1   8,0   13.59     E
20  11,1  17,7   15.15   3,6   05.52   7,2   0,0   0,0   0,7  13,0   10.53     E
21  12,3  15,8   13.46  10,0   06.36   5,9   0,0   0,0   0,4  13,0   12.48   ESE
22  11,2  13,0   15.26   9,0   02.50   7,0   0,0   1,4   0,0   8,0   15.52   ENE
23  13,2  19,8   16.00   9,2   06.19   5,1   0,1   0,0   0,5  13,0   11.45   ESE
24  13,1  21,6   15.04   5,9   05.51   5,5   0,4   0,0   0,1  10,0   13.18    SE
25  14,0  22,5   13.26   7,1   05.46   5,1   0,9   0,0   0,7  14,0   10.44   ESE
26  11,0  17,8   12.40   5,6   23.20   6,9   0,0   0,0   1,2  21,0   15.45     E
27  10,6  18,4   15.53   2,7   07.27   7,7   0,0   0,0   0,6  13,0   14.15   SSW
28  11,3  22,5   15.52   1,2   06.17   7,7   0,7   0,0   0,4  13,0   15.02   SSE
29  13,9  25,2   15.25   3,5   07.06   6,2   1,7   0,0   0,4  13,0   13.31     S
30  14,5  24,1   14.59   4,9   06.55   5,3   1,5   0,0   0,6  13,0   11.28   ESE
31  14,6  25,0   16.02   5,4   06.37   5,1   1,5   0,0   0,4  13,0   14.30     S
----------------------------------------------------------------------------------
    10,2  25,2    29    -0,8    13   256,0   7,1  14,4   0,5  29,0    10     ESE

Max >=  35,0:  0
Max <=  25,0: 30
Min <=   0,0:  3
Min <=  -5,0:  0
Max Rain: 8,0 on day 4
Days of Rain: 5 (>= 0,2 mm)  2 (>= 2,0 mm)  0 (>= 20,0 mm)
Heat Base: 18,3  Cool Base: 18,3  Method: Integration