Seleziona l'anno o il mese
2017 > Gen Feb Mar Apr Mag Giu Lug Ago Set Ott Nov Dic
2016 > Gen Feb Mar Apr Mag Giu Lug Ago Set Ott Nov Dic
2015 > Gen Feb Mar Apr Mag Giu Lug Ago Set Ott Nov Dic

Rapporto del 2017 Lug
                  Monthly Climatological Summary for lug 2017

Name: Piavemeteo Davis VP2   City: Falzé di Piave  - Treviso   State: Italy
Elevation: 107 m  Lat: N 45° 51' 57"   Lon: E 012° 10' 46"

                  Temperature (°C), Rain (mm), Wind Speed (km/h)

                                      Heat  Cool        Avg
    Mean                              Deg   Deg         Wind                 Dom
Day Temp  High   Time   Low    Time   Days  Days  Rain  Speed High   Time    Dir
----------------------------------------------------------------------------------
 1  19,6  27,4   16.44  11,8   05.36   1,9   3,2  27,2   0,7  14,0   20.35     E
 2  21,2  29,0   17.01  13,9   05.35   1,1   3,9   0,2   0,1   8,0   11.13   SSW
 3  23,2  31,2   16.09  15,7   02.45   0,5   5,4   0,6   0,7  14,0   14.49   SSE
 4  23,5  29,7   16.42  18,1   06.27   0,0   5,1   0,8   0,4   8,0   09.41    SE
 5  25,0  31,7   16.33  19,3   02.00   0,0   6,6   0,0   0,4   8,0   12.09   SSE
 6  25,5  33,2   16.18  18,2   05.33   0,0   7,2   0,0   0,4  10,0   14.05    SE
 7  25,1  33,6   16.02  19,2   05.18   0,0   6,8  11,0   0,9  27,0   19.51     E
 8  26,4  34,2   16.25  18,7   06.21   0,0   8,0   0,2   0,2  19,0   00.00    SE
 9  25,5  33,2   17.20  18,2   05.55   0,0   7,2  16,0   0,3  21,0   00.00   ENE
10  26,1  31,9   14.35  20,8   05.50   0,0   7,7   1,2   0,7  14,0   19.00     E
11  24,9  32,2   15.44  19,3   05.44   0,0   6,5   0,0   0,5  13,0   19.07   SSE
12  25,0  30,9   17.34  18,1   05.33   0,0   6,6   0,0   0,5  10,0   00.00    SE
13  26,0  31,5   15.39  19,7   05.40   0,0   7,7   0,0   1,2  16,0   22.20     E
14  23,0  28,2   17.46  18,2   09.11   0,0   4,6   6,4   1,2  19,0   07.47     E
15  22,2  29,4   15.54  16,4   05.30   0,3   4,2   0,4   0,5  18,0   16.06     E
16  21,5  28,7   17.01  13,3   06.05   1,0   4,2   0,0   0,4  13,0   14.04   SSE
17  22,4  30,2   17.38  13,5   06.10   1,1   5,1   0,0   0,4  10,0   15.06   SSE
18  24,5  32,7   16.20  15,9   06.21   0,3   6,4   0,0   0,5  10,0   16.32   ESE
19  24,5  32,2   17.35  16,0   05.54   0,3   6,5   0,0   0,5  10,0   18.21    SE
20  24,7  30,2   18.02  17,9   05.52   0,0   6,3   0,0   0,2  10,0   10.58     E
21  26,0  32,4   14.54  19,8   05.21   0,0   7,4   0,0   0,4  13,0   09.55   ESE
22  26,2  33,2   16.59  19,4   04.30   0,0   7,9   0,0   1,0  14,0   09.43     E
23  25,9  34,3   16.02  21,3   03.50   0,0   7,6   0,2   0,7  16,0   16.05   ESE
24  21,1  25,7   13.12  16,1   00.00   0,2   2,9  25,6   0,9  31,0   15.05     E
25  19,4  28,3   14.16  13,2   05.28   1,7   2,7   1,0   0,3  16,0   16.24    SE
26  18,1  23,8   11.37  11,6   05.41   2,1   1,9   0,2   0,0   5,0   09.27   ---
27  22,0  29,1   14.11  13,5   06.18   1,0   4,7   0,0   0,2  10,0   14.25     S
28  23,7  30,6   16.34  16,2   05.15   0,3   5,7   0,0   0,4  10,0   13.20    SE
29  25,0  31,5   17.02  18,2   06.01   0,0   6,6   0,0   0,5  11,0   11.11     E
30  24,2  30,8   15.55  19,7   06.35   0,0   5,8   9,2   0,3  10,0   12.50    SE
31  25,9  32,7   16.19  19,3   05.47   0,0   7,5   2,0   0,3   8,0   11.00     S
----------------------------------------------------------------------------------
    23,8  34,3    23    11,6    26    11,8 179,9 102,2   0,5  31,0    24     ESE

Max >=  35,0:  0
Max <=  25,0:  1
Min <=   0,0:  0
Min <=  -5,0:  0
Max Rain: 27,2 on day 1
Days of Rain: 16 (>= 0,2 mm)  7 (>= 2,0 mm)  2 (>= 20,0 mm)
Heat Base: 18,3  Cool Base: 18,3  Method: Integration