Seleziona l'anno e il mese per il report
Report for 2019 Mag
Monthly Climatological Summary for mag 2019
Name: Piavemeteo Davis VP2 City: Falzè di Piave - Treviso State: Italy
Elevation: 107 m Lat: N 45° 51' 57" Lon: E 012° 10' 46"
Temperature (°C), Rain (mm), Wind Speed (km/h)
Heat Cool Avg
Mean Deg Deg Wind Dom
Day Temp High Time Low Time Days Days Rain Speed High Time Dir
----------------------------------------------------------------------------------
1 14,7 23,2 16.04 6,1 06.15 4,6 1,1 0,0 0,6 11,0 12.26 SE
2 15,5 23,0 16.16 7,4 06.16 3,8 1,0 0,0 0,7 13,0 12.10 SE
3 13,6 17,8 11.51 11,5 03.40 4,7 0,0 3,4 0,5 13,0 11.26 ENE
4 12,7 17,3 11.18 10,8 06.46 5,6 0,0 12,2 0,7 14,0 11.39 ENE
5 8,6 11,8 03.20 6,5 11.05 9,7 0,0 32,0 1,6 24,0 13.53 NE
6 11,9 18,3 14.04 6,6 06.18 6,4 0,0 0,0 0,5 14,0 22.45 ESE
7 11,5 14,8 12.36 8,8 06.02 6,8 0,0 0,0 0,2 13,0 00.10 E
8 11,8 16,1 14.15 8,4 01.00 6,5 0,0 2,4 0,1 10,0 14.09 E
9 13,0 17,6 16.28 10,2 03.55 5,3 0,0 8,0 0,1 10,0 16.21 E
10 15,7 20,7 14.19 10,8 04.00 3,0 0,4 0,2 0,3 14,0 14.06 SE
11 15,8 19,1 16.12 10,9 00.00 2,6 0,0 15,4 0,5 23,0 23.25 ENE
12 12,5 16,4 23.35 10,2 06.49 5,8 0,0 22,4 1,3 26,0 19.04 NE
13 15,5 17,8 10.55 11,7 00.00 2,8 0,0 2,0 1,1 18,0 02.16 NE
14 11,8 16,9 10.59 6,1 23.10 6,5 0,0 1,6 0,3 14,0 12.54 SE
15 10,1 14,8 18.15 6,2 00.00 8,1 0,0 1,2 0,0 6,0 12.36 ESE
16 13,5 19,8 17.00 6,5 06.17 4,9 0,1 0,2 0,2 11,0 14.17 SE
17 14,9 19,7 17.15 9,7 05.59 3,6 0,2 0,0 0,5 11,0 18.10 ENE
18 12,5 14,9 14.57 10,0 00.00 5,7 0,0 32,2 0,1 11,0 19.29 NE
19 13,6 15,8 17.35 11,8 05.25 4,7 0,0 27,4 0,2 11,0 18.55 E
20 13,4 15,3 13.02 12,0 05.59 4,9 0,0 15,0 0,0 6,0 13.04 NNE
21 14,6 17,8 14.45 11,9 04.35 3,7 0,0 0,4 0,4 10,0 14.03 ENE
22 17,1 22,8 15.29 12,4 06.16 2,1 1,0 1,2 0,3 10,0 13.36 SE
23 18,9 24,6 14.55 12,4 04.45 1,5 2,2 21,6 0,3 8,0 12.13 ESE
24 19,2 26,0 16.30 13,4 05.30 1,3 2,2 6,4 0,2 8,0 16.15 SSE
25 18,9 25,2 15.38 15,6 05.45 1,0 1,6 1,6 0,2 13,0 12.12 NE
26 19,9 25,9 15.02 14,6 05.50 0,9 2,6 0,0 0,6 14,0 17.42 ESE
27 15,2 16,7 00.00 14,2 22.50 3,1 0,0 21,6 0,1 10,0 16.30 ENE
28 16,1 20,5 12.02 13,6 00.00 2,5 0,3 42,8 0,0 10,0 15.06 NE
29 14,9 18,2 17.42 12,3 06.26 3,4 0,0 7,0 0,1 10,0 02.06 NE
30 16,0 20,3 12.26 12,9 06.00 2,5 0,2 0,0 0,1 8,0 12.30 ESE
31 18,2 25,4 16.54 9,7 06.00 2,5 2,4 0,0 0,6 10,0 12.59 SSE
----------------------------------------------------------------------------------
14,6 26,0 24 6,1 1 130,5 15,3 278,2 0,4 26,0 12 E
Max >= 35,0: 0
Max <= 25,0: 27
Min <= 0,0: 0
Min <= -5,0: 0
Max Rain: 42,8 on day 28
Days of Rain: 23 (>= 0,2 mm) 16 (>= 2,0 mm) 7 (>= 20,0 mm)
Heat Base: 18,3 Cool Base: 18,3 Method: Integration