Seleziona l'anno e il mese per il report
Report for 2019 Giu
Monthly Climatological Summary for giu 2019
Name: Piavemeteo Davis VP2 City: Falzè di Piave - Treviso State: Italy
Elevation: 107 m Lat: N 45° 51' 57" Lon: E 012° 10' 46"
Temperature (°C), Rain (mm), Wind Speed (km/h)
Heat Cool Avg
Mean Deg Deg Wind Dom
Day Temp High Time Low Time Days Days Rain Speed High Time Dir
----------------------------------------------------------------------------------
1 20,8 29,1 16.42 10,9 05.35 1,9 4,3 0,0 0,6 11,0 16.09 SSE
2 23,0 30,6 15.28 13,6 05.50 0,8 5,5 0,0 0,5 10,0 12.02 SSE
3 24,0 30,7 16.50 15,8 05.59 0,2 5,9 0,0 0,5 8,0 10.12 SE
4 23,7 31,0 15.55 17,6 03.55 0,1 5,4 0,0 0,2 10,0 16.19 SE
5 21,6 25,3 14.08 16,9 05.35 0,1 3,4 0,0 0,6 13,0 16.09 E
6 20,1 23,2 15.46 16,8 23.40 0,1 1,8 11,2 0,8 14,0 13.19 ENE
7 21,1 28,6 16.37 15,7 01.50 0,6 3,4 0,2 0,3 10,0 17.11 SSE
8 23,0 29,8 15.50 14,8 05.49 0,5 5,2 0,0 0,4 11,0 13.16 ESE
9 24,0 31,3 16.53 16,3 06.05 0,3 5,9 0,0 0,3 10,0 12.00 E
10 24,2 30,1 14.42 17,6 05.25 0,0 5,9 0,0 0,4 19,0 13.08 ENE
11 25,4 30,8 15.03 19,6 06.00 0,0 7,1 0,0 0,9 16,0 14.18 E
12 25,1 30,6 16.14 19,3 05.33 0,0 6,8 0,0 1,5 24,0 13.51 E
13 24,4 31,8 15.48 16,9 23.26 0,1 6,1 0,0 0,4 13,0 15.16 SE
14 23,3 32,1 16.10 13,4 05.40 1,0 5,9 0,0 0,3 13,0 16.20 E
15 26,1 33,1 14.47 19,2 05.55 0,0 7,8 0,0 0,7 16,0 11.29 E
16 26,1 32,7 16.22 18,4 05.40 0,0 7,8 0,0 0,4 11,0 00.00 E
17 25,9 31,0 14.20 17,7 06.00 0,0 7,6 0,0 0,9 13,0 02.08 E
18 25,4 32,3 15.35 17,3 05.45 0,1 7,2 0,0 0,5 11,0 11.39 ESE
19 24,3 31,7 14.22 18,1 05.20 0,0 6,0 0,0 0,3 13,0 17.13 ESE
20 23,9 30,9 13.42 18,0 05.35 0,0 5,6 1,0 0,4 16,0 16.43 ESE
21 24,6 31,8 15.39 16,9 05.40 0,1 6,4 0,0 0,8 18,0 13.05 E
22 20,0 24,3 16.51 17,4 00.00 0,1 1,8 20,2 0,3 16,0 07.42 ENE
23 22,9 30,4 14.55 15,3 05.35 0,6 5,2 0,2 0,2 8,0 10.07 SSE
24 25,5 32,7 16.01 17,1 05.20 0,1 7,3 0,0 0,3 10,0 13.02 SSE
25 27,4 33,9 15.42 19,9 05.40 0,0 9,0 0,0 0,2 10,0 13.28 SE
26 28,4 35,9 15.48 20,2 05.45 0,0 10,0 0,0 0,2 8,0 12.09 SSE
27 29,4 37,2 16.34 19,9 05.40 0,0 11,1 0,0 0,2 8,0 14.18 SSE
28 29,4 35,4 16.10 22,8 05.10 0,0 11,0 0,0 0,7 13,0 09.11 ESE
29 26,9 32,9 16.29 20,1 05.40 0,0 8,6 0,0 0,6 13,0 14.55 SE
30 27,2 35,1 16.54 17,8 05.45 0,0 8,9 0,0 0,4 11,0 14.09 SE
----------------------------------------------------------------------------------
24,6 37,2 27 10,9 1 6,7 193,9 32,8 0,5 24,0 12 ESE
Max >= 35,0: 4
Max <= 25,0: 2
Min <= 0,0: 0
Min <= -5,0: 0
Max Rain: 20,2 on day 22
Days of Rain: 5 (>= 0,2 mm) 2 (>= 2,0 mm) 1 (>= 20,0 mm)
Heat Base: 18,3 Cool Base: 18,3 Method: Integration