Seleziona l'anno e il mese per il report
Report for 2019 Lug
Monthly Climatological Summary for lug 2019
Name: Piavemeteo Davis VP2 City: Falzè di Piave - Treviso State: Italy
Elevation: 107 m Lat: N 45° 51' 57" Lon: E 012° 10' 46"
Temperature (°C), Rain (mm), Wind Speed (km/h)
Heat Cool Avg
Mean Deg Deg Wind Dom
Day Temp High Time Low Time Days Days Rain Speed High Time Dir
----------------------------------------------------------------------------------
1 27,4 34,1 15.23 20,2 05.22 0,0 9,1 0,0 0,6 13,0 16.59 SE
2 27,2 35,0 16.27 19,5 05.55 0,0 8,9 1,2 0,6 13,0 17.49 E
3 24,0 34,3 15.24 18,6 23.05 0,0 5,7 3,8 0,7 27,0 16.27 ENE
4 24,6 31,4 16.52 16,4 05.45 0,2 6,5 0,2 0,7 14,0 12.42 E
5 26,0 33,3 16.32 17,8 05.45 0,0 7,6 0,0 0,6 11,0 13.43 SE
6 26,2 33,9 15.40 20,3 05.45 0,0 7,8 4,2 0,9 18,0 19.51 ESE
7 22,4 28,6 12.26 19,2 00.00 0,0 4,1 3,6 0,1 8,0 12.12 ENE
8 23,4 30,7 15.51 16,7 05.30 0,2 5,2 7,2 0,6 18,0 19.49 E
9 22,8 28,3 15.39 18,0 05.20 0,0 4,5 0,0 0,6 14,0 00.10 ENE
10 23,4 28,6 15.31 18,3 23.05 0,0 5,0 0,0 1,1 14,0 05.59 ESE
11 21,1 25,7 15.23 16,1 02.45 0,2 3,0 2,2 0,3 11,0 17.37 ESE
12 20,9 29,1 15.13 14,4 05.55 0,7 3,3 1,6 0,4 11,0 15.14 SE
13 21,3 29,7 16.49 15,4 00.00 0,5 3,5 6,0 0,9 24,0 18.12 ESE
14 21,2 28,9 15.41 13,1 05.15 1,4 4,3 0,2 0,5 13,0 19.18 ESE
15 21,2 27,7 17.02 16,9 05.50 0,2 3,1 0,8 0,8 16,0 18.04 ENE
16 22,6 29,9 16.20 13,9 06.00 0,9 5,2 0,2 0,6 11,0 14.39 SSE
17 23,6 31,3 16.16 15,1 05.20 0,6 5,9 0,0 0,4 11,0 14.06 SSE
18 23,6 28,7 16.02 17,8 06.06 0,0 5,3 0,0 0,3 10,0 15.21 SSE
19 24,5 31,7 15.07 15,8 06.01 0,4 6,6 0,0 0,4 11,0 14.21 SSE
20 25,2 32,5 16.07 17,3 06.10 0,1 6,9 0,0 0,6 10,0 13.44 SSE
21 25,4 32,4 14.06 19,6 06.00 0,0 7,1 0,0 0,4 13,0 12.55 ESE
22 27,2 34,3 16.26 19,7 05.40 0,0 8,9 0,0 0,4 10,0 11.14 SE
23 28,2 35,3 15.33 20,4 05.47 0,0 9,9 0,0 0,6 11,0 15.18 SSE
24 28,6 36,3 15.49 20,8 05.35 0,0 10,3 0,0 0,6 11,0 13.54 SSE
25 29,2 36,9 15.45 21,2 05.59 0,0 10,8 0,0 0,5 8,0 10.51 SSE
26 27,6 35,3 15.09 20,8 22.45 0,0 9,3 8,6 1,0 29,0 18.50 E
27 23,4 28,6 15.55 19,2 05.45 0,0 5,0 1,4 0,4 18,0 15.18 E
28 20,6 23,4 18.42 18,6 05.05 0,0 2,3 7,2 0,1 11,0 09.25 ENE
29 24,8 32,1 16.45 19,5 06.09 0,0 6,5 0,2 0,1 8,0 13.56 SE
30 25,9 32,7 14.31 19,9 23.20 0,0 7,6 30,2 0,4 26,0 22.15 SE
31 24,7 31,9 12.33 19,9 06.34 0,0 6,4 2,8 0,0 2,0 01.05 ---
----------------------------------------------------------------------------------
24,5 36,9 25 13,1 14 5,4 195,6 81,6 0,5 29,0 26 ESE
Max >= 35,0: 5
Max <= 25,0: 1
Min <= 0,0: 0
Min <= -5,0: 0
Max Rain: 30,2 on day 30
Days of Rain: 18 (>= 0,2 mm) 10 (>= 2,0 mm) 1 (>= 20,0 mm)
Heat Base: 18,3 Cool Base: 18,3 Method: Integration