Seleziona l'anno e il mese per il report
Report for 2019 Ago
Monthly Climatological Summary for ago 2019
Name: Piavemeteo Davis VP2 City: Falzè di Piave - Treviso State: Italy
Elevation: 107 m Lat: N 45° 51' 57" Lon: E 012° 10' 46"
Temperature (°C), Rain (mm), Wind Speed (km/h)
Heat Cool Avg
Mean Deg Deg Wind Dom
Day Temp High Time Low Time Days Days Rain Speed High Time Dir
----------------------------------------------------------------------------------
1 25,3 32,2 16.39 18,7 06.00 0,0 7,0 0,0 0,0 0,0 00.00 ---
2 21,5 24,9 15.40 19,1 23.00 0,0 3,1 40,0 0,3 34,0 00.59 ENE
3 22,8 29,8 16.02 15,2 06.00 0,5 5,0 0,2 0,4 13,0 14.39 SSE
4 23,7 29,8 15.26 17,8 06.15 0,0 5,4 0,0 0,4 13,0 00.20 SE
5 24,4 30,7 15.50 18,9 06.03 0,0 6,1 0,0 0,3 11,0 07.00 SE
6 24,4 30,4 16.55 17,7 22.45 0,0 6,2 28,2 0,5 48,0 22.20 ESE
7 22,9 28,8 16.05 18,2 06.30 0,0 4,6 9,2 0,2 10,0 04.30 ENE
8 24,9 31,9 16.20 19,1 06.10 0,0 6,6 17,4 0,5 21,0 19.50 ENE
9 25,5 32,1 16.10 19,6 06.25 0,0 7,1 0,2 0,2 8,0 13.50 SE
10 26,7 32,7 14.48 20,8 06.35 0,0 8,3 0,0 0,3 11,0 12.32 SSE
11 27,1 32,8 16.40 21,8 05.50 0,0 8,8 0,0 0,6 10,0 11.56 E
12 26,2 32,4 11.30 21,1 06.04 0,0 7,8 0,8 0,0 5,0 10.14 S
13 25,3 32,3 15.04 18,7 06.13 0,0 7,0 0,2 0,4 13,0 20.50 ESE
14 23,2 28,2 14.54 18,6 07.15 0,0 4,9 0,8 0,5 14,0 15.01 ESE
15 22,6 28,1 15.01 16,2 06.37 0,2 4,5 3,0 0,2 13,0 00.00 ESE
16 21,7 29,1 15.07 14,7 06.00 0,8 4,1 17,2 0,2 16,0 02.00 ESE
17 22,2 29,1 15.43 15,3 06.40 0,7 4,5 0,0 0,2 8,0 13.11 SSE
18 23,3 30,1 15.32 16,7 07.00 0,2 5,1 0,0 0,2 8,0 10.25 SE
19 24,5 30,8 15.56 19,1 04.15 0,0 6,2 0,0 0,2 10,0 13.52 SE
20 25,4 32,9 16.40 19,0 06.11 0,0 7,1 0,0 0,2 8,0 13.02 E
21 23,6 31,7 16.13 18,8 06.19 0,0 5,2 53,2 0,5 26,0 17.57 NE
22 22,7 28,9 16.13 17,7 06.13 0,0 4,5 1,0 0,1 8,0 11.28 ENE
23 23,6 27,9 12.51 20,1 00.00 0,0 5,2 0,6 0,1 10,0 05.55 E
24 23,7 31,2 14.56 18,8 06.13 0,0 5,4 0,0 0,6 19,0 18.02 E
25 23,5 29,9 16.44 17,8 06.30 0,0 5,2 0,0 0,0 5,0 14.16 ---
26 24,4 31,7 15.52 17,8 06.25 0,0 6,1 0,0 0,4 11,0 13.27 ENE
27 24,5 31,3 13.41 18,3 06.29 0,0 6,2 0,0 0,1 6,0 12.35 E
28 24,9 32,4 15.06 19,2 06.49 0,0 6,6 0,0 0,1 6,0 11.40 ENE
29 25,1 32,8 16.07 20,4 05.45 0,0 6,7 0,0 0,0 8,0 12.46 SSE
30 25,1 32,4 16.48 20,0 04.40 0,0 6,8 0,0 0,6 14,0 12.39 E
31 24,7 32,8 15.02 18,8 04.55 0,0 6,4 0,0 0,5 16,0 16.37 ENE
----------------------------------------------------------------------------------
24,2 32,9 20 14,7 16 2,4 183,7 172,0 0,3 48,0 6 E
Max >= 35,0: 0
Max <= 25,0: 1
Min <= 0,0: 0
Min <= -5,0: 0
Max Rain: 53,2 on day 21
Days of Rain: 14 (>= 0,2 mm) 7 (>= 2,0 mm) 3 (>= 20,0 mm)
Heat Base: 18,3 Cool Base: 18,3 Method: Integration