Seleziona l'anno e il mese per il report
Report for 2020 Feb
Monthly Climatological Summary for feb 2020
Name: Piavemeteo Davis VP2 City: Falzè di Piave - Treviso State: Italy
Elevation: 107 m Lat: N 45° 51' 57" Lon: E 012° 10' 46"
Temperature (°C), Rain (mm), Wind Speed (km/h)
Heat Cool Avg
Mean Deg Deg Wind Dom
Day Temp High Time Low Time Days Days Rain Speed High Time Dir
----------------------------------------------------------------------------------
1 4,0 10,2 14.15 -0,8 03.45 14,2 0,0 0,0 0,0 3,0 11.19 ---
2 4,0 10,8 14.42 -1,5 07.35 14,2 0,0 0,2 0,0 3,0 10.51 ---
3 7,4 11,0 14.25 4,5 22.35 10,9 0,0 0,0 0,1 8,0 13.29 NE
4 8,1 15,7 14.11 1,1 00.00 10,1 0,0 0,0 0,8 21,0 15.03 NE
5 6,0 13,5 12.23 -0,9 23.55 12,3 0,0 0,0 1,2 21,0 13.41 NNE
6 2,5 11,9 13.25 -4,2 07.11 15,7 0,0 0,0 0,3 11,0 12.13 S
7 2,2 11,4 13.31 -4,3 07.11 16,0 0,0 0,0 0,1 10,0 14.52 ESE
8 2,6 11,8 14.26 -3,8 06.32 15,6 0,0 0,0 0,2 11,0 13.12 E
9 2,8 10,0 14.13 -3,5 07.38 15,4 0,0 0,0 0,1 10,0 12.55 S
10 5,4 6,8 14.06 3,9 00.00 12,9 0,0 0,0 0,0 6,0 19.50 ESE
11 5,8 13,6 14.03 0,3 07.14 12,5 0,0 0,0 0,0 8,0 13.22 ESE
12 5,0 14,1 13.35 -1,0 05.00 13,3 0,0 0,2 0,0 8,0 13.37 SE
13 4,8 12,7 13.52 -1,9 06.27 13,5 0,0 0,8 0,3 11,0 12.25 E
14 7,2 15,6 14.48 0,7 07.26 11,0 0,0 4,4 0,1 6,0 00.20 ESE
15 6,4 14,7 12.24 -0,6 07.17 11,9 0,0 0,2 0,1 8,0 13.04 SSE
16 6,1 13,1 14.12 0,7 04.50 12,2 0,0 0,0 0,0 6,0 14.04 SSE
17 7,0 8,2 14.13 4,8 00.55 11,3 0,0 0,0 0,0 5,0 13.50 ---
18 8,6 14,7 12.58 3,9 07.07 9,6 0,0 0,0 0,4 18,0 12.42 E
19 7,1 14,4 14.02 1,9 23.15 11,2 0,0 2,6 0,3 23,0 18.18 E
20 5,5 13,6 14.15 -1,5 07.01 12,8 0,0 0,0 0,2 10,0 13.11 SSE
21 4,3 12,3 14.27 -1,8 06.34 13,9 0,0 0,0 0,1 8,0 12.19 SE
22 6,7 14,7 14.49 0,2 07.36 11,5 0,0 0,0 0,1 8,0 11.21 SE
23 6,2 12,0 13.47 0,2 06.45 12,0 0,0 0,0 0,1 10,0 11.11 E
24 9,5 14,0 13.04 4,6 07.26 8,7 0,0 0,0 0,5 21,0 13.30 E
25 10,1 13,1 14.39 7,8 06.27 8,2 0,0 0,0 0,0 8,0 14.59 ESE
26 8,7 11,7 13.21 2,0 23.55 9,6 0,0 0,2 0,4 24,0 12.16 NE
27 5,8 13,7 12.54 -1,8 07.19 12,4 0,0 0,0 0,3 10,0 12.27 SE
28 6,9 15,7 13.55 -0,8 05.25 11,3 0,0 0,0 0,8 24,0 10.20 NE
29 5,8 12,4 12.41 -1,2 03.40 12,4 0,0 0,0 0,2 13,0 11.45 ENE
----------------------------------------------------------------------------------
5,9 15,7 4 -4,3 7 356,6 0,0 8,6 0,2 24,0 26 ENE
Max >= 35,0: 0
Max <= 25,0: 29
Min <= 0,0: 15
Min <= -5,0: 0
Max Rain: 4,4 on day 14
Days of Rain: 7 (>= 0,2 mm) 2 (>= 2,0 mm) 0 (>= 20,0 mm)
Heat Base: 18,3 Cool Base: 18,3 Method: Integration