Seleziona l'anno e il mese per il report
Report for 2020 Mar
Monthly Climatological Summary for mar 2020
Name: Piavemeteo Davis VP2 City: Falzè di Piave - Treviso State: Italy
Elevation: 107 m Lat: N 45° 51' 57" Lon: E 012° 10' 46"
Temperature (°C), Rain (mm), Wind Speed (km/h)
Heat Cool Avg
Mean Deg Deg Wind Dom
Day Temp High Time Low Time Days Days Rain Speed High Time Dir
----------------------------------------------------------------------------------
1 7,2 8,8 15.41 6,0 06.55 11,0 0,0 20,6 0,1 11,0 12.15 NE
2 7,1 9,2 23.45 4,6 07.23 11,2 0,0 66,4 1,3 21,0 18.51 NE
3 8,2 10,0 12.30 3,8 00.00 10,0 0,0 1,2 0,7 14,0 03.45 NE
4 5,8 13,6 13.59 1,4 00.00 12,4 0,0 0,2 0,2 10,0 13.27 SSE
5 5,9 11,4 14.41 0,3 03.20 12,4 0,0 4,8 0,0 8,0 23.35 SSE
6 7,4 12,4 13.18 3,6 02.15 10,9 0,0 18,6 0,8 16,0 13.48 E
7 9,7 15,8 13.26 4,1 07.06 8,5 0,0 0,6 0,4 14,0 18.02 ESE
8 6,6 14,2 14.41 -0,2 06.45 11,6 0,0 0,2 0,3 13,0 11.42 SSE
9 7,4 13,3 12.21 0,9 06.35 10,8 0,0 0,0 0,3 11,0 12.31 ESE
10 8,5 14,9 14.03 3,9 00.00 9,8 0,0 0,0 0,1 10,0 15.29 SE
11 8,8 16,9 14.55 1,6 06.33 9,4 0,0 0,0 0,3 13,0 12.14 E
12 9,3 16,8 13.41 2,1 06.19 8,9 0,0 0,0 0,2 10,0 11.19 SSE
13 12,2 16,8 14.00 8,8 00.00 6,0 0,0 0,0 0,4 13,0 23.50 ESE
14 10,2 12,6 11.17 4,9 23.55 8,1 0,0 4,4 1,2 18,0 00.24 ENE
15 8,1 14,7 14.33 1,8 07.00 10,2 0,0 0,2 0,5 11,0 10.32 SE
16 7,4 15,9 14.54 -0,8 06.17 10,9 0,0 0,0 0,4 10,0 14.28 SE
17 8,0 16,9 15.20 -0,1 06.21 10,3 0,0 0,0 0,2 10,0 11.04 SE
18 11,9 21,7 14.38 2,8 06.18 7,0 0,6 0,0 0,4 10,0 11.07 ESE
19 12,7 21,7 15.26 4,0 06.46 6,3 0,7 0,0 0,4 10,0 13.07 SE
20 11,5 19,0 15.05 3,9 06.34 6,8 0,0 0,0 0,4 8,0 10.38 SSE
21 11,3 16,8 15.48 8,0 23.50 7,0 0,0 0,0 0,1 8,0 14.11 NNE
22 9,7 13,8 14.27 5,3 23.55 8,6 0,0 1,4 1,5 23,0 02.02 E
23 5,5 10,8 16.01 -0,6 23.55 12,7 0,0 0,0 0,6 16,0 12.27 SE
24 5,0 12,4 14.30 -3,6 06.40 13,2 0,0 0,0 0,6 14,0 16.11 SE
25 4,8 10,2 14.08 -1,1 05.45 13,3 0,0 0,0 2,6 32,0 11.07 E
26 6,9 10,5 23.55 2,0 03.20 11,3 0,0 0,0 1,1 18,0 13.33 E
27 10,8 15,7 14.40 6,9 03.50 7,5 0,0 0,0 0,3 13,0 09.59 E
28 11,6 19,9 14.24 3,3 06.15 6,9 0,2 0,0 0,3 13,0 11.23 SE
29 12,6 20,2 14.42 5,1 07.45 5,6 0,2 0,0 0,1 11,0 22.05 E
30 9,3 12,9 10.40 5,5 22.30 9,0 0,0 3,2 2,3 24,0 09.13 ENE
31 6,9 11,5 14.49 1,8 00.00 11,4 0,0 0,0 1,2 16,0 08.20 E
----------------------------------------------------------------------------------
8,7 21,7 18 -3,6 24 299,0 1,7 121,8 0,6 32,0 25 E
Max >= 35,0: 0
Max <= 25,0: 31
Min <= 0,0: 6
Min <= -5,0: 0
Max Rain: 66,4 on day 2
Days of Rain: 12 (>= 0,2 mm) 6 (>= 2,0 mm) 2 (>= 20,0 mm)
Heat Base: 18,3 Cool Base: 18,3 Method: Integration