Seleziona l'anno e il mese per il report
Report for 2020 Apr
Monthly Climatological Summary for apr 2020
Name: Piavemeteo Davis VP2 City: Falzè di Piave - Treviso State: Italy
Elevation: 107 m Lat: N 45° 51' 57" Lon: E 012° 10' 46"
Temperature (°C), Rain (mm), Wind Speed (km/h)
Heat Cool Avg
Mean Deg Deg Wind Dom
Day Temp High Time Low Time Days Days Rain Speed High Time Dir
----------------------------------------------------------------------------------
1 5,1 12,3 15.52 -2,3 06.55 13,1 0,0 0,0 0,5 13,0 11.15 SSE
2 6,5 14,9 16.31 -2,2 07.10 11,7 0,0 0,0 0,4 13,0 15.03 SE
3 8,2 18,1 15.57 -0,9 06.50 10,0 0,0 0,0 0,3 10,0 14.01 SE
4 11,6 19,9 15.10 3,6 06.49 6,9 0,2 0,0 0,3 11,0 12.41 SE
5 11,6 20,8 16.09 2,0 07.00 7,0 0,4 0,0 0,8 16,0 14.30 E
6 13,1 22,9 16.57 3,5 06.15 6,2 1,0 0,0 1,2 24,0 12.52 ENE
7 13,3 23,3 16.09 3,1 07.00 6,1 1,1 0,0 0,4 11,0 15.08 SSE
8 12,9 23,3 16.00 2,1 06.55 6,5 1,1 0,0 0,7 21,0 13.26 E
9 13,8 24,9 15.20 2,4 06.50 6,1 1,6 0,0 0,2 11,0 15.29 SE
10 15,5 26,7 15.59 4,1 06.20 5,3 2,5 0,0 0,3 11,0 12.25 SSE
11 16,3 26,8 15.15 5,3 06.56 4,5 2,5 0,0 0,4 13,0 15.01 SE
12 15,9 25,8 15.32 5,6 07.00 4,5 2,1 0,0 0,1 11,0 17.47 SSE
13 15,0 23,1 16.22 7,6 07.05 4,4 1,1 0,0 0,4 13,0 13.40 SE
14 12,7 19,3 12.34 5,8 23.05 5,7 0,0 1,0 1,8 32,0 14.01 E
15 10,5 17,7 16.59 4,6 01.45 7,8 0,0 0,0 0,4 14,0 14.52 ESE
16 12,3 21,4 15.19 1,9 06.30 6,5 0,6 0,0 0,4 10,0 15.00 SSE
17 12,9 21,6 16.51 3,5 06.25 5,9 0,5 0,0 0,0 11,0 18.47 SE
18 14,5 22,8 16.20 6,0 06.30 4,8 0,9 0,0 0,5 10,0 10.23 SE
19 15,8 24,2 15.23 7,3 05.45 4,0 1,5 0,0 0,5 13,0 17.25 SE
20 15,6 17,7 13.03 12,5 01.15 2,7 0,0 0,0 1,6 23,0 10.46 ENE
21 15,5 20,1 16.39 7,7 00.00 3,0 0,2 0,0 1,5 18,0 12.26 E
22 14,6 22,5 16.30 5,0 06.41 4,7 1,0 0,0 1,9 24,0 09.26 E
23 14,3 23,6 16.36 4,7 06.25 5,1 1,2 0,0 0,6 14,0 11.40 E
24 15,5 24,5 15.44 5,4 06.19 4,5 1,7 0,0 0,4 11,0 13.53 SSE
25 15,9 24,3 16.36 6,4 05.55 3,9 1,5 0,0 0,5 11,0 15.36 E
26 16,1 20,6 14.57 10,9 23.45 2,5 0,3 0,4 0,6 16,0 01.55 E
27 15,8 23,6 15.13 8,0 05.30 3,6 1,1 0,0 0,4 13,0 15.57 SE
28 15,4 19,4 14.13 13,2 04.30 2,9 0,1 15,8 0,2 11,0 14.53 E
29 14,2 20,0 16.21 10,1 00.00 4,1 0,1 2,2 0,2 13,0 19.04 E
30 14,1 20,3 15.02 7,2 05.50 4,7 0,5 11,8 0,2 11,0 19.16 ESE
----------------------------------------------------------------------------------
13,5 26,8 11 -2,3 1 168,7 24,8 31,2 0,6 32,0 14 ESE
Max >= 35,0: 0
Max <= 25,0: 27
Min <= 0,0: 3
Min <= -5,0: 0
Max Rain: 15,8 on day 28
Days of Rain: 5 (>= 0,2 mm) 3 (>= 2,0 mm) 0 (>= 20,0 mm)
Heat Base: 18,3 Cool Base: 18,3 Method: Integration