Seleziona l'anno e il mese per il report
Report for 2020 Mag
Monthly Climatological Summary for mag 2020
Name: Piavemeteo Davis VP2 City: Falzè di Piave - Treviso State: Italy
Elevation: 107 m Lat: N 45° 51' 57" Lon: E 012° 10' 46"
Temperature (°C), Rain (mm), Wind Speed (km/h)
Heat Cool Avg
Mean Deg Deg Wind Dom
Day Temp High Time Low Time Days Days Rain Speed High Time Dir
----------------------------------------------------------------------------------
1 15,0 20,3 14.04 8,8 06.40 3,5 0,3 5,8 0,2 11,0 13.01 ESE
2 16,0 23,1 13.54 9,7 06.20 3,3 1,0 2,8 0,6 14,0 18.49 E
3 15,3 21,2 13.54 8,7 06.27 3,5 0,6 0,2 0,6 13,0 10.19 ESE
4 16,0 23,4 16.03 9,8 00.30 3,6 1,3 0,0 0,5 14,0 13.44 SE
5 13,9 20,4 16.43 7,1 05.40 4,7 0,3 0,0 0,3 10,0 12.47 E
6 14,9 22,2 15.25 9,2 04.40 3,9 0,6 0,0 0,2 14,0 15.12 SSE
7 16,4 24,1 15.45 7,7 06.17 3,4 1,5 0,0 0,1 8,0 15.58 SSE
8 16,9 25,2 15.24 8,1 06.18 3,5 2,1 0,0 0,4 11,0 12.27 ESE
9 18,1 25,9 16.12 9,8 06.13 2,6 2,4 0,0 0,1 8,0 14.00 ESE
10 18,0 23,2 16.18 14,0 03.50 1,6 1,3 0,0 0,8 16,0 14.42 E
11 16,1 21,2 17.23 13,4 20.06 2,5 0,3 55,6 0,7 31,0 20.07 ENE
12 15,2 23,3 14.47 12,1 00.00 3,7 0,6 6,0 1,0 26,0 15.22 ENE
13 15,2 19,3 17.15 11,6 03.40 3,1 0,1 1,6 0,4 16,0 00.15 NE
14 18,2 24,7 15.59 10,6 05.40 2,1 2,0 1,2 0,7 11,0 11.22 E
15 18,7 22,8 16.16 15,7 23.35 0,8 1,2 5,8 1,1 23,0 14.39 SE
16 17,0 20,7 14.56 14,6 00.00 1,7 0,4 1,4 0,8 24,0 05.50 E
17 20,6 27,2 14.49 13,9 04.00 1,4 3,7 4,4 0,6 14,0 21.45 SE
18 21,1 26,4 14.56 13,9 06.08 0,6 3,4 0,0 0,4 13,0 11.32 E
19 19,5 24,8 11.50 16,2 05.25 0,5 1,8 2,2 1,0 26,0 16.28 ENE
20 20,5 26,9 11.50 15,3 06.11 1,0 3,2 0,0 0,5 11,0 13.01 SSE
21 19,8 26,3 16.33 12,4 05.50 1,6 3,1 0,0 0,4 11,0 12.54 SE
22 19,7 24,7 12.23 14,5 01.15 1,2 2,5 0,0 0,3 11,0 15.02 ESE
23 20,3 26,9 15.00 13,8 02.55 1,3 3,2 6,0 0,3 10,0 13.10 SE
24 18,9 25,1 16.00 13,3 05.30 1,5 2,1 3,0 0,3 14,0 11.09 SE
25 18,8 27,1 16.26 10,6 05.50 2,3 2,8 0,0 0,5 13,0 16.27 SE
26 17,3 23,4 12.37 10,7 06.00 2,3 1,3 0,0 0,4 13,0 15.27 SE
27 17,9 25,4 14.37 9,1 05.45 2,8 2,5 0,2 0,5 11,0 12.10 SSE
28 17,6 25,7 15.41 9,8 05.05 2,7 2,1 4,8 0,5 11,0 22.20 E
29 17,6 23,8 16.05 11,7 06.00 2,2 1,5 7,2 0,6 14,0 12.32 E
30 17,2 22,4 15.01 12,4 05.25 2,1 1,0 0,2 0,1 8,0 12.08 SSE
31 17,4 22,3 15.12 13,4 06.05 2,0 1,1 0,2 0,3 11,0 13.50 SSE
----------------------------------------------------------------------------------
17,6 27,2 17 7,1 5 73,0 51,3 108,6 0,5 31,0 11 ESE
Max >= 35,0: 0
Max <= 25,0: 20
Min <= 0,0: 0
Min <= -5,0: 0
Max Rain: 55,6 on day 11
Days of Rain: 18 (>= 0,2 mm) 11 (>= 2,0 mm) 1 (>= 20,0 mm)
Heat Base: 18,3 Cool Base: 18,3 Method: Integration