Seleziona l'anno e il mese per il report
Report for 2020 Giu
Monthly Climatological Summary for giu 2020
Name: Piavemeteo Davis VP2 City: Falzè di Piave - Treviso State: Italy
Elevation: 107 m Lat: N 45° 51' 57" Lon: E 012° 10' 46"
Temperature (°C), Rain (mm), Wind Speed (km/h)
Heat Cool Avg
Mean Deg Deg Wind Dom
Day Temp High Time Low Time Days Days Rain Speed High Time Dir
----------------------------------------------------------------------------------
1 19,8 27,6 14.30 11,2 05.45 1,8 3,3 0,0 0,3 8,0 10.54 SE
2 19,6 29,1 16.01 12,3 04.30 1,6 2,9 1,2 0,3 10,0 12.09 ESE
3 20,0 26,8 15.04 13,3 05.35 1,2 2,9 0,4 0,3 11,0 21.00 E
4 16,5 18,8 08.36 15,2 22.30 1,8 0,0 25,4 0,2 19,0 20.55 E
5 18,8 24,1 16.30 14,9 06.10 1,2 1,7 16,0 0,7 18,0 01.24 E
6 18,7 23,8 12.52 15,6 04.35 0,7 1,1 12,6 0,5 11,0 10.00 E
7 17,3 22,3 11.03 15,1 14.24 1,5 0,5 44,6 0,5 18,0 14.14 ENE
8 17,1 20,7 14.32 15,6 04.10 1,6 0,4 27,2 1,2 16,0 12.17 ENE
9 17,7 23,2 16.46 14,6 22.55 1,7 1,1 28,0 0,3 19,0 21.15 E
10 15,6 18,1 17.55 12,7 23.55 2,7 0,0 0,8 0,1 8,0 16.25 NE
11 15,8 22,1 14.17 10,6 05.50 2,9 0,5 3,6 0,5 14,0 11.58 E
12 18,4 25,1 14.36 10,3 06.00 2,3 2,4 0,0 0,2 10,0 12.03 SE
13 20,6 27,4 14.35 12,7 05.05 1,3 3,7 0,0 0,5 14,0 16.04 E
14 20,6 25,8 14.20 16,8 06.59 0,2 2,5 10,6 0,3 13,0 15.47 ESE
15 19,4 21,2 14.19 17,5 05.00 0,1 1,2 11,0 0,0 5,0 16.00 ---
16 21,2 27,3 14.55 16,9 06.00 0,3 3,2 0,4 0,1 8,0 14.05 SSE
17 20,4 26,8 13.13 16,3 00.00 0,4 2,5 21,6 0,2 16,0 14.34 SE
18 20,5 27,4 15.44 13,9 05.25 1,1 3,2 0,0 0,7 21,0 19.06 E
19 19,4 25,7 15.43 15,1 01.55 1,2 2,2 17,4 0,6 18,0 17.48 ENE
20 21,1 28,0 16.15 14,4 06.25 1,0 3,8 0,4 0,4 10,0 11.42 SSE
21 21,4 27,6 15.51 13,7 05.45 1,0 4,0 0,2 0,5 11,0 11.05 ESE
22 23,7 31,9 15.41 14,5 05.35 0,7 6,2 0,0 0,2 8,0 11.06 SE
23 24,4 32,2 15.37 14,8 05.50 0,6 6,6 0,0 0,3 11,0 13.21 SSE
24 23,2 26,6 13.26 19,7 00.00 0,0 4,9 0,2 0,6 13,0 01.24 ENE
25 21,4 24,7 13.54 18,0 05.35 0,0 3,1 0,2 1,0 16,0 10.29 ENE
26 23,0 28,2 16.35 17,1 05.55 0,1 4,8 0,0 0,3 10,0 13.39 E
27 24,7 31,4 15.50 17,9 03.10 0,0 6,4 0,0 0,4 13,0 16.02 ESE
28 25,3 32,4 16.36 18,7 05.15 0,0 7,0 0,0 0,4 11,0 10.56 SE
29 23,8 31,4 14.05 18,9 05.50 0,0 5,4 1,4 0,8 16,0 14.44 ENE
30 25,1 30,2 16.53 19,8 05.00 0,0 6,8 0,0 0,7 16,0 11.25 E
----------------------------------------------------------------------------------
20,5 32,4 28 10,3 12 29,0 94,3 223,2 0,4 21,0 18 E
Max >= 35,0: 0
Max <= 25,0: 10
Min <= 0,0: 0
Min <= -5,0: 0
Max Rain: 44,6 on day 7
Days of Rain: 20 (>= 0,2 mm) 11 (>= 2,0 mm) 5 (>= 20,0 mm)
Heat Base: 18,3 Cool Base: 18,3 Method: Integration