Seleziona l'anno e il mese per il report
Report for 2020 Lug
Monthly Climatological Summary for lug 2020
Name: Piavemeteo Davis VP2 City: Falzè di Piave - Treviso State: Italy
Elevation: 107 m Lat: N 45° 51' 57" Lon: E 012° 10' 46"
Temperature (°C), Rain (mm), Wind Speed (km/h)
Heat Cool Avg
Mean Deg Deg Wind Dom
Day Temp High Time Low Time Days Days Rain Speed High Time Dir
----------------------------------------------------------------------------------
1 25,1 31,2 12.51 20,1 00.00 0,0 6,8 3,2 0,3 11,0 12.50 ENE
2 23,6 30,5 16.41 17,8 04.55 0,0 5,3 0,2 0,3 10,0 13.13 SE
3 24,0 29,6 12.18 18,8 06.15 0,0 5,7 1,0 0,9 18,0 15.55 ENE
4 23,8 29,9 15.34 17,4 02.15 0,1 5,6 0,0 0,3 11,0 10.58 ESE
5 24,4 31,3 16.44 16,3 05.45 0,2 6,3 0,0 0,3 10,0 10.10 ESE
6 26,2 33,8 16.00 17,3 06.04 0,1 8,0 6,2 0,5 14,0 23.15 E
7 22,0 27,1 15.22 16,3 06.12 0,2 3,9 0,2 0,5 16,0 02.10 ESE
8 22,0 28,6 16.25 14,0 06.00 0,9 4,5 0,0 0,4 10,0 08.50 SE
9 24,0 30,8 16.15 16,0 05.45 0,4 6,0 0,0 0,4 10,0 15.17 ESE
10 25,3 32,4 16.24 17,1 06.09 0,1 7,1 0,0 0,4 10,0 15.04 SE
11 21,2 26,3 16.14 16,2 23.55 0,1 3,0 17,8 0,2 11,0 14.35 NE
12 21,2 27,6 16.53 13,4 06.10 1,1 4,0 0,2 0,5 11,0 23.35 ESE
13 22,2 27,0 16.51 17,4 06.20 0,0 3,9 0,0 0,9 13,0 00.04 E
14 21,6 27,4 16.50 16,2 01.50 0,4 3,7 0,0 0,3 11,0 13.12 SE
15 22,2 28,7 15.17 16,9 04.45 0,3 4,1 2,8 0,3 10,0 13.02 SE
16 20,9 28,2 16.00 15,1 05.45 0,6 3,2 22,4 0,4 27,0 18.16 ESE
17 20,4 25,9 13.02 17,2 03.55 0,2 2,3 17,8 0,4 11,0 16.46 E
18 20,8 26,8 15.10 16,3 05.55 0,5 3,1 0,0 0,5 11,0 10.35 SE
19 21,1 27,7 16.15 14,7 04.20 0,9 3,7 0,0 0,1 10,0 15.22 SE
20 23,3 30,1 14.58 16,1 06.23 0,3 5,3 0,0 0,4 10,0 15.47 ESE
21 24,2 32,6 15.43 17,4 06.05 0,1 6,0 0,0 0,0 3,0 11.17 ---
22 24,5 32,1 16.35 17,8 06.16 0,0 6,2 0,6 0,1 24,0 20.04 NE
23 25,7 32,2 16.05 18,1 06.10 0,0 7,4 0,0 0,5 18,0 21.40 E
24 19,7 24,3 00.00 17,3 06.10 0,1 1,5 29,8 0,2 21,0 02.17 ENE
25 23,0 30,3 16.44 16,3 06.20 0,2 4,9 0,4 0,2 11,0 14.02 SE
26 23,1 30,1 15.38 16,7 05.45 0,2 5,0 0,0 0,3 11,0 21.10 E
27 25,0 31,8 16.38 17,8 05.50 0,0 6,8 0,0 0,3 8,0 11.17 SE
28 25,7 32,6 15.38 18,4 06.00 0,0 7,4 0,0 0,1 8,0 15.07 SE
29 27,1 33,2 15.14 21,6 03.30 0,0 8,8 0,0 0,0 10,0 11.44 E
30 28,3 34,9 14.41 21,6 06.29 0,0 10,0 0,0 0,0 5,0 18.01 SE
31 29,3 35,9 16.07 22,8 06.06 0,0 10,9 0,0 0,1 10,0 20.30 E
----------------------------------------------------------------------------------
23,6 35,9 31 13,4 12 7,0 170,4 102,6 0,3 27,0 16 ESE
Max >= 35,0: 1
Max <= 25,0: 1
Min <= 0,0: 0
Min <= -5,0: 0
Max Rain: 29,8 on day 24
Days of Rain: 13 (>= 0,2 mm) 7 (>= 2,0 mm) 2 (>= 20,0 mm)
Heat Base: 18,3 Cool Base: 18,3 Method: Integration