Seleziona l'anno e il mese per il report
Report for 2020 Ago
Monthly Climatological Summary for ago 2020
Name: Piavemeteo Davis VP2 City: Falzè di Piave - Treviso State: Italy
Elevation: 107 m Lat: N 45° 51' 57" Lon: E 012° 10' 46"
Temperature (°C), Rain (mm), Wind Speed (km/h)
Heat Cool Avg
Mean Deg Deg Wind Dom
Day Temp High Time Low Time Days Days Rain Speed High Time Dir
----------------------------------------------------------------------------------
1 29,4 36,2 15.31 22,4 06.18 0,0 11,0 0,0 0,3 18,0 23.20 E
2 25,1 30,8 15.16 20,6 06.54 0,0 6,8 4,2 0,8 16,0 17.59 E
3 22,7 27,7 11.43 19,7 00.00 0,0 4,4 14,8 0,1 11,0 04.30 ENE
4 19,7 25,3 11.42 16,1 13.10 0,1 1,5 6,2 0,5 16,0 12.53 E
5 21,4 27,7 15.48 16,7 05.30 0,4 3,5 0,0 0,3 8,0 12.03 E
6 23,3 30,6 14.57 15,7 05.50 0,6 5,6 0,0 0,1 6,0 09.56 SSE
7 25,2 33,1 15.33 19,4 01.00 0,0 6,9 0,0 0,4 13,0 14.23 ENE
8 26,0 34,8 14.40 17,6 06.13 0,1 7,7 0,0 0,1 6,0 09.45 E
9 26,4 34,7 14.54 18,2 06.10 0,0 8,1 0,0 0,1 8,0 13.39 SE
10 27,3 34,4 14.54 20,1 06.26 0,0 8,9 0,0 0,3 11,0 18.27 SE
11 26,4 34,1 16.16 20,9 05.20 0,0 8,0 0,8 0,5 24,0 19.05 ENE
12 25,9 33,1 16.43 18,9 06.20 0,0 7,6 0,0 0,4 10,0 15.20 ENE
13 27,1 33,4 15.05 20,8 05.30 0,0 8,7 0,0 0,4 11,0 23.25 ESE
14 23,3 30,6 13.08 18,7 00.00 0,0 4,9 12,4 0,6 16,0 16.22 ENE
15 24,1 31,8 16.03 16,6 06.27 0,2 5,9 0,0 0,2 6,0 12.23 SE
16 24,9 31,7 16.38 18,1 05.50 0,0 6,6 0,0 0,2 8,0 12.46 SE
17 22,0 30,7 14.18 17,1 16.52 0,0 3,7 37,2 0,4 27,0 16.39 SSE
18 21,4 28,7 15.33 16,3 06.20 0,3 3,4 0,4 0,5 18,0 19.28 E
19 23,1 29,6 16.05 16,6 06.35 0,2 4,9 1,2 0,2 8,0 12.10 SE
20 24,7 30,9 16.40 19,7 04.20 0,0 6,4 0,0 0,2 8,0 12.25 SSE
21 25,8 32,4 15.25 20,4 06.40 0,0 7,6 0,0 0,2 8,0 12.25 SSE
22 25,9 32,3 15.45 19,9 06.45 0,0 7,4 0,0 0,1 11,0 15.50 S
23 24,3 31,1 15.25 18,5 06.20 0,0 5,9 3,6 0,8 13,0 10.51 E
24 23,0 29,0 15.59 16,9 06.29 0,2 4,9 2,8 1,0 19,0 11.34 E
25 22,1 29,4 16.42 15,1 06.22 0,6 4,3 0,2 0,2 10,0 12.14 SE
26 22,2 29,4 16.02 16,2 06.40 0,4 4,2 0,0 0,2 6,0 12.10 SE
27 23,9 30,6 16.39 18,3 06.17 0,0 5,6 0,0 0,3 11,0 13.14 E
28 23,5 30,4 14.09 17,6 06.38 0,1 5,2 0,0 0,4 11,0 13.15 E
29 23,8 30,5 12.29 19,1 23.55 0,0 5,4 14,0 0,8 23,0 17.54 E
30 19,6 26,9 16.49 15,2 22.55 0,5 1,8 32,2 0,2 23,0 17.35 E
31 17,0 22,7 15.01 14,0 06.54 2,2 0,9 24,8 0,3 26,0 16.52 ENE
----------------------------------------------------------------------------------
23,9 36,2 1 14,0 31 5,9 177,7 154,8 0,4 27,0 17 E
Max >= 35,0: 1
Max <= 25,0: 1
Min <= 0,0: 0
Min <= -5,0: 0
Max Rain: 37,2 on day 17
Days of Rain: 14 (>= 0,2 mm) 10 (>= 2,0 mm) 3 (>= 20,0 mm)
Heat Base: 18,3 Cool Base: 18,3 Method: Integration