Seleziona l'anno e il mese per il report
Report for 2020 Set
Monthly Climatological Summary for set 2020
Name: Piavemeteo Davis VP2 City: Falzè di Piave - Treviso State: Italy
Elevation: 107 m Lat: N 45° 51' 57" Lon: E 012° 10' 46"
Temperature (°C), Rain (mm), Wind Speed (km/h)
Heat Cool Avg
Mean Deg Deg Wind Dom
Day Temp High Time Low Time Days Days Rain Speed High Time Dir
----------------------------------------------------------------------------------
1 18,8 26,4 16.24 13,9 06.20 1,7 2,2 4,8 0,3 8,0 23.55 SSE
2 17,2 24,2 15.17 13,0 00.40 2,1 1,1 33,8 0,2 23,0 00.13 ENE
3 19,2 27,2 16.29 12,6 06.24 1,9 2,7 0,2 0,2 8,0 11.13 SSE
4 19,9 27,5 16.15 13,1 06.31 1,6 3,1 0,0 0,2 8,0 12.55 SE
5 21,2 28,7 16.55 14,3 06.50 1,0 3,8 0,0 0,2 6,0 12.15 SE
6 22,0 29,1 16.08 15,7 06.28 0,4 4,1 0,0 0,2 6,0 12.01 ESE
7 21,4 26,7 14.47 17,1 00.00 0,0 3,2 0,0 0,9 18,0 12.11 E
8 20,4 27,6 15.55 14,4 06.25 1,1 3,1 0,0 0,5 10,0 09.46 E
9 21,2 29,1 16.27 14,2 06.20 1,1 3,9 0,0 0,2 10,0 16.31 SSE
10 21,5 28,6 16.05 15,7 06.12 0,6 3,7 0,0 0,4 10,0 15.31 E
11 22,7 29,3 15.15 16,5 06.19 0,2 4,5 0,0 0,5 11,0 14.40 E
12 22,4 30,3 15.53 15,8 06.30 0,5 4,6 0,0 0,7 13,0 12.06 ENE
13 22,9 31,2 15.35 15,9 06.15 0,5 5,1 0,0 0,3 10,0 13.13 ENE
14 22,9 30,8 15.50 16,3 06.55 0,3 4,9 0,0 0,4 11,0 14.04 ENE
15 22,8 30,8 15.46 15,6 06.20 0,5 5,0 0,0 0,7 16,0 14.17 E
16 22,5 31,1 16.34 16,2 06.38 0,5 4,7 0,0 0,3 10,0 14.15 NE
17 21,6 30,7 15.34 15,1 06.34 0,8 4,1 0,0 0,1 13,0 15.47 ENE
18 20,6 27,9 15.38 14,2 06.46 1,2 3,5 0,0 0,4 11,0 15.20 E
19 18,7 26,0 15.15 12,8 07.00 1,8 2,2 0,0 0,2 8,0 11.40 ESE
20 18,5 26,1 15.56 11,5 07.05 2,1 2,3 0,2 0,2 8,0 12.41 ESE
21 19,2 26,2 15.47 13,3 06.59 1,4 2,2 0,0 0,2 8,0 13.54 E
22 18,7 24,7 14.59 14,7 02.20 1,0 1,4 3,8 0,4 11,0 14.23 E
23 18,7 22,4 16.24 16,5 02.35 0,6 0,9 4,8 0,1 8,0 22.50 ENE
24 19,1 24,3 15.05 15,9 06.10 0,7 1,5 47,2 0,1 8,0 18.25 ENE
25 18,2 23,6 14.12 13,6 22.25 1,1 1,0 2,0 0,6 19,0 23.40 E
26 13,9 18,8 14.23 10,3 00.00 4,4 0,0 0,2 1,2 23,0 00.19 ENE
27 13,1 17,9 12.06 9,7 00.50 5,2 0,0 2,2 0,7 16,0 14.09 E
28 12,6 16,1 15.51 10,7 00.00 5,7 0,0 12,4 0,0 6,0 04.50 SW
29 13,6 20,9 15.37 7,1 07.02 5,0 0,4 0,0 0,2 10,0 15.22 ESE
30 14,3 21,4 14.42 7,9 06.41 4,5 0,5 0,0 0,1 8,0 12.25 SE
----------------------------------------------------------------------------------
19,3 31,2 13 7,1 29 49,5 79,7 111,6 0,4 23,0 2 E
Max >= 35,0: 0
Max <= 25,0: 10
Min <= 0,0: 0
Min <= -5,0: 0
Max Rain: 47,2 on day 24
Days of Rain: 11 (>= 0,2 mm) 8 (>= 2,0 mm) 2 (>= 20,0 mm)
Heat Base: 18,3 Cool Base: 18,3 Method: Integration