Seleziona l'anno e il mese per il report
Report for 2020 Ott
Monthly Climatological Summary for ott 2020
Name: Piavemeteo Davis VP2 City: Falzè di Piave - Treviso State: Italy
Elevation: 107 m Lat: N 45° 51' 57" Lon: E 012° 10' 46"
Temperature (°C), Rain (mm), Wind Speed (km/h)
Heat Cool Avg
Mean Deg Deg Wind Dom
Day Temp High Time Low Time Days Days Rain Speed High Time Dir
----------------------------------------------------------------------------------
1 15,8 19,1 14.17 13,1 00.45 2,6 0,1 0,4 0,1 8,0 13.55 E
2 15,7 18,2 21.00 13,2 03.00 2,6 0,0 7,4 0,2 10,0 19.37 ENE
3 17,5 20,0 16.02 11,9 22.45 1,1 0,3 9,8 1,4 23,0 10.43 ENE
4 13,5 18,3 14.02 9,2 05.20 4,7 0,0 7,2 0,2 11,0 13.42 NE
5 14,9 21,0 14.51 10,3 00.00 3,7 0,3 3,4 0,4 11,0 14.08 SE
6 13,9 20,0 14.45 7,6 06.03 4,5 0,2 0,0 0,2 10,0 12.40 E
7 15,5 21,3 14.48 10,6 23.30 3,2 0,4 1,4 0,4 14,0 12.30 SE
8 13,7 21,8 15.48 7,6 05.05 5,1 0,5 0,0 0,1 6,0 05.10 SE
9 14,0 20,7 15.40 8,4 06.34 4,6 0,4 0,0 0,1 10,0 13.50 SE
10 14,3 20,3 16.00 9,7 05.25 4,2 0,2 0,0 0,2 8,0 13.41 ENE
11 10,6 15,4 01.15 8,7 23.40 7,7 0,0 53,6 0,5 14,0 02.45 NE
12 12,0 19,4 14.58 7,1 07.26 6,3 0,0 0,2 0,1 6,0 13.19 SSE
13 9,8 17,9 15.10 2,8 07.32 8,4 0,0 0,0 0,2 11,0 13.39 SSE
14 9,2 16,6 13.05 2,4 07.11 9,0 0,0 0,0 0,0 8,0 13.06 ENE
15 10,3 11,7 12.25 9,1 00.00 7,9 0,0 14,6 0,3 13,0 08.45 ENE
16 11,4 17,3 15.00 5,9 07.02 6,9 0,0 0,2 0,2 19,0 00.20 E
17 11,1 16,3 15.14 6,8 05.40 7,1 0,0 0,0 0,2 8,0 12.55 NE
18 11,3 17,6 14.00 7,2 00.00 7,0 0,0 0,0 0,0 8,0 15.45 SSE
19 11,6 17,6 15.01 6,5 01.40 6,7 0,0 0,0 0,0 6,0 12.26 SSE
20 11,7 17,3 14.00 6,1 07.28 6,5 0,0 0,0 0,0 6,0 13.35 SE
21 11,0 16,9 14.23 5,7 07.44 7,3 0,0 0,0 0,0 6,0 13.45 SSE
22 11,9 16,2 15.05 8,8 02.05 6,3 0,0 0,0 0,1 8,0 12.50 E
23 13,5 16,9 13.08 11,2 07.02 4,8 0,0 4,4 0,0 5,0 11.28 ---
24 15,2 19,3 14.38 13,2 06.55 3,1 0,1 5,0 0,1 19,0 20.08 E
25 14,4 20,9 13.42 9,3 06.58 4,0 0,4 0,4 0,0 6,0 11.17 SSE
26 14,5 17,0 13.35 10,3 00.00 3,7 0,0 5,4 1,0 14,0 22.15 ENE
27 13,7 18,1 13.19 8,2 00.00 4,6 0,0 6,4 0,2 8,0 13.23 ENE
28 10,4 17,3 14.15 5,6 06.00 7,9 0,0 0,0 0,0 3,0 10.22 ---
29 10,2 17,4 14.17 6,1 04.25 8,0 0,0 0,0 0,0 3,0 10.31 ---
30 10,0 16,4 12.02 6,1 01.20 8,3 0,0 0,0 0,0 5,0 12.02 ---
31 9,8 18,4 13.24 3,8 06.38 8,4 0,0 0,0 0,0 6,0 11.55 SSE
----------------------------------------------------------------------------------
12,7 21,8 8 2,4 14 176,2 2,9 119,8 0,2 23,0 3 E
Max >= 35,0: 0
Max <= 25,0: 31
Min <= 0,0: 0
Min <= -5,0: 0
Max Rain: 53,6 on day 11
Days of Rain: 15 (>= 0,2 mm) 10 (>= 2,0 mm) 1 (>= 20,0 mm)
Heat Base: 18,3 Cool Base: 18,3 Method: Integration