Seleziona l'anno e il mese per il report
Report for 2021 Gen
Monthly Climatological Summary for gen 2021
Name: Piavemeteo Davis VP2 City: Falzè di Piave - Treviso State: Italy
Elevation: 107 m Lat: N 45° 51' 57" Lon: E 012° 10' 46"
Temperature (°C), Rain (mm), Wind Speed (km/h)
Heat Cool Avg
Mean Deg Deg Wind Dom
Day Temp High Time Low Time Days Days Rain Speed High Time Dir
----------------------------------------------------------------------------------
1 3,6 5,4 12.58 1,6 01.00 14,6 0,0 14,2 0,0 10,0 21.50 NW
2 6,2 8,1 17.27 3,8 03.15 12,0 0,0 12,2 1,2 21,0 18.55 ENE
3 5,9 10,0 13.51 3,7 21.45 12,3 0,0 2,8 0,1 13,0 00.00 E
4 4,1 8,0 13.44 1,2 03.50 14,1 0,0 0,2 0,0 5,0 08.23 ---
5 4,5 7,5 12.33 1,3 01.40 13,6 0,0 4,4 0,2 10,0 11.51 ENE
6 3,5 6,1 13.38 1,1 21.10 14,3 0,0 0,8 0,0 6,0 14.01 SE
7 1,8 7,6 13.29 -1,8 07.51 16,3 0,0 0,2 0,0 6,0 12.48 ENE
8 0,5 8,1 13.59 -2,9 08.18 17,7 0,0 0,2 0,0 5,0 10.59 SW
9 -0,6 5,6 13.29 -4,3 07.34 18,7 0,0 0,2 0,1 8,0 12.54 NE
10 0,2 5,3 15.16 -3,8 23.35 18,0 0,0 0,0 0,0 8,0 15.08 E
11 -1,9 5,4 13.47 -5,6 06.08 20,0 0,0 0,2 0,0 5,0 12.39 ---
12 -2,4 3,2 13.10 -6,3 06.50 20,5 0,0 0,0 0,0 5,0 11.31 ---
13 -1,1 7,6 13.52 -6,0 05.25 19,2 0,0 0,2 0,0 5,0 10.54 ---
14 0,7 9,2 13.59 -4,1 03.40 17,5 0,0 0,0 0,0 5,0 12.39 ---
15 0,8 6,2 13.52 -4,2 23.40 17,4 0,0 0,0 0,3 14,0 11.25 ENE
16 -1,7 5,9 14.03 -5,9 06.45 19,7 0,0 0,0 0,1 8,0 14.21 SSE
17 -1,3 3,6 13.54 -4,2 00.15 19,4 0,0 0,2 0,0 3,0 12.05 ---
18 -1,8 5,8 13.47 -6,1 07.22 20,0 0,0 0,0 0,0 6,0 13.06 ---
19 -1,6 5,3 13.57 -6,3 06.54 19,8 0,0 0,2 0,0 6,0 13.40 E
20 -0,4 3,3 14.56 -4,6 05.25 18,6 0,0 0,2 0,0 2,0 06.04 ---
21 2,7 6,0 13.45 -0,7 05.20 15,5 0,0 2,6 0,0 2,0 05.40 ---
22 6,3 10,2 00.00 3,6 00.05 11,9 0,0 44,8 0,6 19,0 22.55 ENE
23 6,6 10,2 00.00 1,8 23.10 11,6 0,0 13,0 0,6 14,0 07.24 ENE
24 2,4 8,8 15.12 -2,1 23.45 15,8 0,0 0,0 0,0 5,0 13.09 NE
25 1,5 8,4 12.30 -2,1 04.15 16,7 0,0 0,2 0,2 11,0 13.58 NE
26 1,7 9,5 13.51 -3,0 07.16 16,5 0,0 0,0 0,1 8,0 12.06 E
27 -1,0 5,4 14.27 -5,1 07.32 19,1 0,0 0,0 0,0 3,0 11.08 ---
28 -1,0 5,7 13.58 -5,3 07.01 19,2 0,0 0,2 0,0 6,0 14.38 ---
29 0,4 7,2 13.01 -3,8 03.50 17,8 0,0 0,0 0,0 5,0 12.42 ESE
30 2,6 8,3 13.22 -3,1 06.15 15,5 0,0 0,6 0,1 8,0 12.38 E
31 5,7 9,1 13.36 2,0 22.15 12,4 0,0 21,0 0,2 8,0 10.54 E
----------------------------------------------------------------------------------
1,5 10,2 22 -6,3 12 515,7 0,0 118,6 0,1 21,0 2 ENE
Max >= 35,0: 0
Max <= 25,0: 31
Min <= 0,0: 22
Min <= -5,0: 8
Max Rain: 44,8 on day 22
Days of Rain: 21 (>= 0,2 mm) 8 (>= 2,0 mm) 2 (>= 20,0 mm)
Heat Base: 18,3 Cool Base: 18,3 Method: Integration