Seleziona l'anno e il mese per il report
Report for 2021 Giu
Monthly Climatological Summary for giu 2021
Name: Piavemeteo Davis VP2 City: Falzè di Piave - Treviso State: Italy
Elevation: 107 m Lat: N 45° 51' 57" Lon: E 012° 10' 46"
Temperature (°C), Rain (mm), Wind Speed (km/h)
Heat Cool Avg
Mean Deg Deg Wind Dom
Day Temp High Time Low Time Days Days Rain Speed High Time Dir
----------------------------------------------------------------------------------
1 18,3 24,8 14.49 11,8 03.20 2,0 2,0 0,0 0,6 11,0 13.00 SE
2 18,9 26,3 15.21 10,6 05.45 2,2 2,8 0,0 0,7 18,0 15.54 SE
3 20,0 27,7 16.09 11,6 05.45 1,8 3,5 0,0 0,5 13,0 12.54 SE
4 22,3 29,4 16.28 14,5 04.55 0,8 4,7 0,2 0,7 13,0 17.26 SSE
5 22,7 29,8 16.40 14,9 05.50 0,5 4,9 0,0 0,9 19,0 22.05 E
6 20,5 25,6 13.26 16,7 05.05 0,3 2,5 17,6 0,5 11,0 12.09 ENE
7 20,7 26,7 14.19 16,9 02.20 0,4 2,8 2,0 0,8 23,0 13.35 ENE
8 23,0 29,9 17.42 16,8 04.15 0,4 5,0 0,0 0,6 14,0 20.50 E
9 24,3 31,2 16.38 17,6 04.40 0,0 6,0 0,0 0,6 11,0 09.58 SE
10 22,1 29,0 14.47 17,5 04.45 0,1 3,9 0,0 0,4 16,0 16.07 ENE
11 21,1 28,3 13.24 15,9 04.45 0,5 3,3 2,6 0,4 19,0 14.13 SE
12 23,3 30,7 16.10 14,2 05.30 0,9 5,8 0,0 0,4 10,0 13.49 S
13 24,4 31,8 15.21 17,8 06.00 0,0 6,1 0,0 0,7 13,0 14.02 ESE
14 23,1 28,2 15.11 18,7 05.45 0,0 4,7 0,0 0,7 11,0 17.03 SE
15 23,6 29,2 15.57 17,4 06.02 0,0 5,3 0,0 0,8 11,0 10.46 SSW
16 23,8 31,3 17.17 16,2 05.15 0,4 5,8 0,0 0,5 10,0 14.31 SE
17 25,0 31,8 15.59 17,3 05.20 0,1 6,7 0,0 0,5 11,0 15.59 SE
18 24,5 30,4 15.44 19,1 05.40 0,0 6,2 2,6 0,4 10,0 13.15 SSE
19 25,7 32,3 15.40 18,6 05.55 0,0 7,3 0,0 0,5 8,0 09.14 SE
20 26,3 32,4 17.13 20,6 05.40 0,0 7,9 0,0 0,3 13,0 11.47 E
21 27,4 34,3 16.25 20,1 05.45 0,0 9,1 0,0 0,7 11,0 10.55 SE
22 26,5 33,4 15.37 19,6 05.40 0,0 8,1 0,0 0,9 14,0 10.15 ESE
23 25,8 33,4 15.10 17,8 05.15 0,0 7,5 0,0 0,8 13,0 13.23 E
24 26,3 34,2 16.44 17,8 05.40 0,0 8,0 0,0 0,7 11,0 18.00 SE
25 24,1 31,7 17.29 15,2 05.15 0,4 6,1 0,0 1,1 14,0 11.50 E
26 24,8 32,3 16.43 15,8 05.29 0,3 6,8 0,0 0,7 13,0 00.17 ESE
27 25,8 33,2 17.15 17,1 05.55 0,1 7,5 0,0 0,5 11,0 14.01 SSE
28 26,4 34,3 15.54 17,4 05.35 0,0 8,1 0,0 0,6 11,0 16.04 SE
29 25,2 33,6 16.02 18,6 05.50 0,0 6,9 5,0 1,1 16,0 21.25 E
30 23,9 30,9 15.14 17,2 05.20 0,1 5,6 0,0 0,8 13,0 14.04 ESE
----------------------------------------------------------------------------------
23,7 34,3 21 10,6 2 11,3 170,9 30,0 0,7 23,0 7 ESE
Max >= 35,0: 0
Max <= 25,0: 1
Min <= 0,0: 0
Min <= -5,0: 0
Max Rain: 17,6 on day 6
Days of Rain: 6 (>= 0,2 mm) 5 (>= 2,0 mm) 0 (>= 20,0 mm)
Heat Base: 18,3 Cool Base: 18,3 Method: Integration