Seleziona l'anno e il mese per il report
Report for 2021 Lug
Monthly Climatological Summary for lug 2021
Name: Piavemeteo Davis VP2 City: Falzè di Piave - Treviso State: Italy
Elevation: 107 m Lat: N 45° 51' 57" Lon: E 012° 10' 46"
Temperature (°C), Rain (mm), Wind Speed (km/h)
Heat Cool Avg
Mean Deg Deg Wind Dom
Day Temp High Time Low Time Days Days Rain Speed High Time Dir
----------------------------------------------------------------------------------
1 23,2 30,4 15.08 14,7 05.10 0,7 5,5 0,0 0,9 13,0 18.08 ESE
2 24,6 31,2 16.12 19,1 05.35 0,0 6,2 0,0 0,8 14,0 18.10 SE
3 24,0 30,8 15.39 17,2 05.10 0,1 5,7 0,2 0,6 11,0 13.55 E
4 21,4 27,2 13.58 18,6 23.00 0,0 3,1 24,0 0,5 11,0 13.09 ESE
5 23,4 29,8 17.11 15,9 05.30 0,3 5,3 0,2 0,5 10,0 13.21 SSE
6 25,1 32,4 15.18 16,9 05.20 0,2 6,9 0,0 0,4 14,0 16.50 S
7 26,4 32,9 16.10 18,8 05.45 0,0 8,0 0,2 0,8 14,0 15.15 E
8 24,3 31,8 14.32 19,1 00.00 0,0 6,0 21,6 0,7 23,0 17.17 ENE
9 23,0 29,9 17.27 15,8 05.30 0,4 5,1 0,4 0,5 11,0 09.05 ESE
10 24,9 31,8 16.00 17,1 05.55 0,1 6,7 0,0 0,5 13,0 12.42 E
11 24,9 32,1 15.22 17,5 05.00 0,1 6,6 0,0 0,5 8,0 10.10 SSW
12 25,3 32,4 16.41 17,7 06.00 0,0 6,9 0,0 0,6 11,0 12.22 ESE
13 24,0 29,2 11.35 18,7 05.05 0,0 5,7 1,8 1,5 34,0 15.44 ENE
14 22,3 27,1 13.38 16,4 00.00 0,1 4,1 0,2 0,7 14,0 15.01 SSE
15 20,5 27,6 16.21 14,6 03.30 0,9 3,1 0,0 0,2 10,0 12.27 E
16 21,0 27,3 11.49 15,9 03.40 0,5 3,3 0,4 0,3 18,0 13.54 E
17 22,2 27,2 17.05 16,7 05.50 0,2 3,9 0,0 0,0 6,0 12.43 ENE
18 24,7 33,1 17.04 19,4 02.30 0,0 6,4 0,0 0,4 16,0 17.12 S
19 26,4 34,6 15.44 18,3 06.05 0,0 8,1 0,2 0,5 11,0 16.42 SSE
20 25,5 32,5 15.18 18,0 03.30 0,0 7,2 0,0 0,5 10,0 11.10 SSE
21 25,7 32,5 16.14 19,6 05.40 0,0 7,4 0,0 0,5 14,0 14.57 ESE
22 25,0 31,2 14.58 19,8 00.00 0,0 6,7 1,2 0,6 11,0 13.23 E
23 25,1 32,7 15.55 16,9 06.16 0,2 6,9 0,2 0,6 10,0 15.29 ESE
24 25,8 32,5 15.32 18,8 05.49 0,0 7,4 0,0 0,6 13,0 13.46 SE
25 24,6 31,1 14.56 19,1 05.10 0,0 6,2 2,4 1,0 18,0 14.18 E
26 22,8 31,6 13.57 18,1 06.00 0,0 4,5 10,0 0,8 23,0 15.14 ENE
27 21,9 28,4 16.19 18,3 18.43 0,0 3,6 30,4 0,5 27,0 18.23 E
28 23,1 31,6 16.50 16,8 06.00 0,2 4,9 11,2 0,2 19,0 18.30 E
29 24,6 32,2 16.39 17,0 05.45 0,2 6,4 0,2 0,3 16,0 15.58 SE
30 25,7 31,9 15.23 18,8 05.55 0,0 7,3 0,0 0,3 16,0 21.50 SE
31 24,8 31,4 13.55 19,7 06.00 0,0 6,5 15,2 0,3 11,0 12.43 E
----------------------------------------------------------------------------------
24,1 34,6 19 14,6 15 4,2 181,6 120,0 0,6 34,0 13 ESE
Max >= 35,0: 0
Max <= 25,0: 0
Min <= 0,0: 0
Min <= -5,0: 0
Max Rain: 30,4 on day 27
Days of Rain: 18 (>= 0,2 mm) 7 (>= 2,0 mm) 3 (>= 20,0 mm)
Heat Base: 18,3 Cool Base: 18,3 Method: Integration