Seleziona l'anno e il mese per il report
Report for 2021 Ago
Monthly Climatological Summary for ago 2021
Name: Piavemeteo Davis VP2 City: Falzè di Piave - Treviso State: Italy
Elevation: 107 m Lat: N 45° 51' 57" Lon: E 012° 10' 46"
Temperature (°C), Rain (mm), Wind Speed (km/h)
Heat Cool Avg
Mean Deg Deg Wind Dom
Day Temp High Time Low Time Days Days Rain Speed High Time Dir
----------------------------------------------------------------------------------
1 21,0 29,7 12.53 16,6 00.00 0,1 2,8 23,2 0,3 27,0 13.01 ESE
2 19,8 27,2 15.31 14,2 05.50 1,1 2,6 1,6 0,7 16,0 15.47 ENE
3 21,8 28,9 14.28 14,6 06.20 0,7 4,2 0,2 0,3 10,0 13.32 E
4 22,1 26,6 11.06 18,6 05.25 0,0 3,8 0,4 0,4 14,0 12.05 ENE
5 23,0 29,4 16.54 18,3 04.45 0,0 4,6 3,8 0,8 13,0 11.48 SE
6 23,2 29,8 17.14 16,6 06.10 0,2 5,1 0,2 0,4 13,0 12.37 E
7 23,8 29,3 15.20 18,7 05.35 0,0 5,4 0,0 0,7 11,0 11.08 ENE
8 24,9 31,3 13.53 18,7 06.05 0,0 6,5 0,0 0,5 11,0 10.53 ESE
9 24,3 31,8 17.15 17,6 05.45 0,1 6,0 0,2 0,7 18,0 11.24 ENE
10 25,0 32,8 16.19 17,3 06.13 0,1 6,7 0,0 0,2 8,0 13.43 S
11 25,7 34,6 17.19 17,8 06.27 0,0 7,4 0,0 0,3 13,0 14.47 ENE
12 26,6 34,7 16.47 18,8 05.55 0,0 8,3 0,0 0,3 10,0 12.34 SE
13 27,5 35,2 15.34 19,9 06.28 0,0 9,1 0,0 0,2 6,0 09.39 S
14 28,0 35,5 16.35 20,8 05.47 0,0 9,7 0,0 0,2 8,0 10.03 W
15 28,1 35,9 16.39 20,8 06.25 0,0 9,7 0,0 0,2 11,0 13.35 ESE
16 26,6 32,6 16.23 18,9 22.40 0,0 8,2 17,8 0,9 27,0 21.50 ENE
17 22,7 29,6 16.40 14,7 06.25 0,5 4,9 0,0 0,4 11,0 12.50 ESE
18 22,2 28,2 17.35 16,7 05.05 0,1 4,0 0,0 0,7 13,0 10.50 E
19 22,0 29,2 15.10 14,3 06.30 0,6 4,4 0,0 0,4 10,0 10.25 ESE
20 22,8 30,8 17.05 15,5 06.40 0,6 5,1 0,0 0,3 11,0 12.15 ESE
21 23,6 31,4 16.05 15,9 06.10 0,4 5,5 0,0 0,2 8,0 13.35 SE
22 24,6 32,7 16.38 17,1 06.40 0,1 6,3 0,0 0,3 10,0 12.18 SSE
23 22,3 25,7 10.09 16,8 00.00 0,1 4,0 0,2 0,9 21,0 11.38 E
24 22,0 29,7 16.07 14,3 06.20 1,0 4,6 0,4 0,7 16,0 21.20 E
25 20,7 27,3 17.07 14,7 06.38 0,6 3,0 0,2 0,3 10,0 14.19 S
26 20,7 27,9 14.56 13,3 06.27 1,1 3,4 4,4 0,5 11,0 13.27 SE
27 19,5 25,4 16.41 15,3 06.09 0,8 2,1 2,4 0,8 21,0 02.46 E
28 19,0 25,2 15.10 14,9 06.52 1,1 1,8 0,2 0,8 14,0 11.50 ENE
29 18,2 25,8 16.01 10,9 06.45 2,2 2,0 0,4 0,6 14,0 18.08 SE
30 17,1 24,9 13.52 12,2 06.48 2,5 1,3 7,4 0,3 13,0 13.21 E
31 18,2 26,1 15.37 11,8 05.55 2,2 2,2 0,4 0,2 10,0 14.17 SSE
----------------------------------------------------------------------------------
22,8 35,9 15 10,9 29 16,2 154,7 63,4 0,5 27,0 1 E
Max >= 35,0: 3
Max <= 25,0: 1
Min <= 0,0: 0
Min <= -5,0: 0
Max Rain: 23,2 on day 1
Days of Rain: 17 (>= 0,2 mm) 6 (>= 2,0 mm) 1 (>= 20,0 mm)
Heat Base: 18,3 Cool Base: 18,3 Method: Integration