Seleziona l'anno e il mese per il report
Report for 2021 Set
Monthly Climatological Summary for set 2021
Name: Piavemeteo Davis VP2 City: Falzè di Piave - Treviso State: Italy
Elevation: 107 m Lat: N 45° 51' 57" Lon: E 012° 10' 46"
Temperature (°C), Rain (mm), Wind Speed (km/h)
Heat Cool Avg
Mean Deg Deg Wind Dom
Day Temp High Time Low Time Days Days Rain Speed High Time Dir
----------------------------------------------------------------------------------
1 20,1 28,2 16.01 12,6 06.17 1,7 3,5 0,2 0,2 11,0 12.57 S
2 20,3 27,3 15.55 13,6 06.55 1,0 3,1 0,0 0,3 11,0 02.00 ESE
3 19,9 27,7 16.32 12,4 06.40 1,7 3,3 0,0 0,2 8,0 11.28 SSE
4 19,6 28,3 16.08 11,9 06.11 2,0 3,3 0,0 0,2 8,0 11.43 SE
5 20,9 29,2 15.37 13,1 05.20 1,4 3,9 1,0 0,4 10,0 11.12 ESE
6 20,9 29,4 15.56 13,2 07.02 1,2 3,9 0,0 0,4 13,0 13.08 E
7 20,4 28,7 15.30 12,6 06.59 1,5 3,6 0,0 0,3 11,0 15.40 SE
8 19,8 28,1 16.11 12,2 06.39 2,0 3,5 0,0 0,9 18,0 14.50 E
9 19,2 28,9 16.45 10,9 05.05 2,5 3,5 0,0 0,3 10,0 12.02 SSE
10 19,4 28,8 15.11 10,4 06.28 2,4 3,5 0,0 0,3 8,0 13.40 SSE
11 19,6 28,8 15.54 11,5 06.30 2,1 3,4 0,0 0,2 8,0 13.08 SSE
12 21,8 30,6 15.06 13,3 06.55 1,1 4,6 0,0 0,1 6,0 11.17 SSE
13 22,2 31,4 16.18 14,2 06.31 0,8 4,7 0,0 0,1 8,0 12.14 SSE
14 21,8 31,5 16.17 13,4 06.41 1,2 4,7 0,0 0,2 10,0 15.49 SE
15 21,5 28,4 16.27 13,9 06.39 1,0 4,2 0,0 0,0 6,0 13.05 SSE
16 21,0 24,7 15.30 17,9 07.00 0,0 2,7 0,8 0,0 8,0 16.03 S
17 21,0 26,1 14.51 17,7 07.02 0,1 2,7 16,8 0,1 10,0 14.53 SE
18 20,5 25,7 15.10 15,9 03.50 0,4 2,6 0,0 0,3 13,0 12.09 ESE
19 18,6 21,1 13.29 15,4 00.00 0,4 0,7 2,8 0,1 8,0 02.30 ENE
20 18,0 24,3 15.14 12,6 07.00 1,9 1,6 2,2 0,3 11,0 18.39 ESE
21 16,4 22,7 15.55 11,9 23.25 2,7 0,8 2,0 0,3 10,0 12.33 ESE
22 16,7 22,7 14.48 12,2 02.35 2,6 1,0 0,0 0,2 10,0 11.33 ESE
23 15,9 21,4 15.17 9,8 06.37 3,0 0,7 0,0 0,0 6,0 15.37 SSE
24 17,3 22,1 12.17 11,5 07.02 2,1 1,1 0,0 0,3 11,0 10.58 E
25 18,7 23,8 13.30 15,7 00.00 1,0 1,5 0,0 0,1 10,0 13.32 ESE
26 19,4 22,8 12.30 17,2 07.36 0,3 1,4 1,2 0,1 8,0 12.22 NE
27 18,9 24,3 16.06 15,3 07.15 1,0 1,6 0,2 0,1 8,0 13.27 ESE
28 19,7 28,2 15.17 12,8 06.47 1,7 3,1 0,0 0,0 8,0 11.34 SSE
29 19,7 27,7 16.15 14,3 05.40 1,3 2,7 0,0 0,0 6,0 23.40 S
30 18,4 24,2 15.16 12,8 06.38 1,4 1,5 10,4 0,7 14,0 12.22 E
----------------------------------------------------------------------------------
19,6 31,5 14 9,8 23 43,5 82,4 37,6 0,2 18,0 8 ESE
Max >= 35,0: 0
Max <= 25,0: 11
Min <= 0,0: 0
Min <= -5,0: 0
Max Rain: 16,8 on day 17
Days of Rain: 10 (>= 0,2 mm) 5 (>= 2,0 mm) 0 (>= 20,0 mm)
Heat Base: 18,3 Cool Base: 18,3 Method: Integration