Seleziona l'anno e il mese per il report
Report for 2022 Mar
Monthly Climatological Summary for mar 2022
Name: Piavemeteo Davis VP2 City: Falzè di Piave - Treviso State: Italy
Elevation: 107 m Lat: N 45° 51' 57" Lon: E 012° 10' 46"
Temperature (°C), Rain (mm), Wind Speed (km/h)
Heat Cool Avg
Mean Deg Deg Wind Dom
Day Temp High Time Low Time Days Days Rain Speed High Time Dir
----------------------------------------------------------------------------------
1 3,4 11,2 15.05 -3,3 07.10 14,8 0,0 0,0 0,3 13,0 12.10 SW
2 4,0 11,8 14.49 -4,4 06.46 14,3 0,0 0,0 0,1 11,0 12.50 S
3 5,1 13,5 14.54 -2,5 06.37 13,1 0,0 0,0 0,2 10,0 13.57 SW
4 6,7 12,4 13.44 -0,6 06.49 11,5 0,0 0,0 0,8 14,0 21.40 E
5 4,3 10,1 14.22 -1,0 06.37 13,9 0,0 0,0 0,4 13,0 15.03 ESE
6 4,1 10,2 15.02 -1,7 07.05 14,2 0,0 0,0 0,5 16,0 10.58 ESE
7 3,0 10,4 14.45 -4,3 05.50 15,3 0,0 0,0 0,2 13,0 22.05 SE
8 4,1 10,7 14.43 -1,6 00.00 14,1 0,0 0,0 0,4 13,0 14.54 SSW
9 4,0 13,8 15.42 -3,8 05.25 14,3 0,0 0,0 0,1 10,0 14.47 S
10 5,7 16,0 14.40 -3,3 06.33 12,5 0,0 0,0 0,1 10,0 13.27 ESE
11 5,3 8,7 13.17 -0,1 02.45 13,0 0,0 0,0 0,1 8,0 15.43 E
12 4,2 10,3 15.02 -3,4 00.00 14,1 0,0 0,0 0,7 14,0 10.01 E
13 2,7 12,0 14.48 -6,2 06.50 15,5 0,0 0,0 0,3 11,0 13.22 SSE
14 5,9 13,9 15.35 -1,7 01.00 12,3 0,0 0,0 0,3 11,0 12.40 ESE
15 6,5 10,2 12.51 1,4 02.00 11,8 0,0 0,0 0,0 5,0 11.02 ---
16 8,8 14,1 13.33 4,2 06.54 9,4 0,0 0,0 0,3 10,0 11.48 E
17 9,9 15,7 15.00 4,2 03.35 8,3 0,0 0,0 0,0 5,0 11.33 ENE
18 9,6 15,6 14.39 2,4 00.00 8,6 0,0 0,0 0,8 16,0 10.35 E
19 6,6 14,6 14.25 -1,2 06.10 11,6 0,0 0,0 0,7 18,0 13.51 E
20 7,6 14,1 14.05 -1,1 04.50 10,7 0,0 0,0 1,3 21,0 09.46 E
21 6,3 15,8 16.16 -2,4 06.35 12,0 0,0 0,0 0,5 26,0 15.02 E
22 7,1 17,0 15.32 -2,8 06.14 11,2 0,0 0,0 0,7 19,0 12.42 ENE
23 9,7 21,4 14.52 -1,6 06.27 9,0 0,5 0,0 0,4 14,0 12.52 E
24 11,3 23,6 14.51 0,2 05.20 8,0 1,1 0,0 0,3 8,0 12.42 SSE
25 10,7 22,3 14.29 0,3 06.17 8,3 0,8 0,0 0,2 11,0 13.02 SSE
26 11,6 22,7 14.15 1,5 06.15 7,7 1,0 0,0 0,4 14,0 13.45 E
27 11,9 23,3 15.41 0,9 07.15 7,1 1,1 0,0 0,3 10,0 12.11 SSE
28 10,6 20,7 14.26 1,2 06.47 8,0 0,3 0,0 0,5 13,0 14.55 ESE
29 11,0 16,3 15.15 5,6 00.05 7,3 0,0 0,0 0,5 14,0 15.53 E
30 10,4 14,0 15.49 6,4 05.40 7,9 0,0 0,2 0,3 11,0 13.04 ENE
31 10,2 14,2 13.01 7,9 22.15 8,1 0,0 5,0 0,4 14,0 13.41 E
----------------------------------------------------------------------------------
7,2 23,6 24 -6,2 13 347,9 4,8 5,2 0,4 26,0 21 ESE
Max >= 35,0: 0
Max <= 25,0: 31
Min <= 0,0: 19
Min <= -5,0: 1
Max Rain: 5,0 on day 31
Days of Rain: 2 (>= 0,2 mm) 1 (>= 2,0 mm) 0 (>= 20,0 mm)
Heat Base: 18,3 Cool Base: 18,3 Method: Integration