Seleziona l'anno e il mese per il report
Report for 2022 Mag
Monthly Climatological Summary for mag 2022
Name: Piavemeteo Davis VP2 City: Falzè di Piave - Treviso State: Italy
Elevation: 107 m Lat: N 45° 51' 57" Lon: E 012° 10' 46"
Temperature (°C), Rain (mm), Wind Speed (km/h)
Heat Cool Avg
Mean Deg Deg Wind Dom
Day Temp High Time Low Time Days Days Rain Speed High Time Dir
----------------------------------------------------------------------------------
1 15,9 22,4 14.44 10,5 00.00 2,9 0,6 0,0 0,9 21,0 16.30 ENE
2 15,8 22,3 15.01 10,1 01.05 3,4 1,0 0,0 0,8 18,0 12.06 E
3 17,2 24,7 15.51 8,8 05.35 3,2 2,1 0,0 0,6 11,0 11.17 SE
4 16,9 24,5 14.54 8,4 06.00 3,1 1,8 0,0 0,3 14,0 13.18 SSE
5 15,6 19,9 13.39 9,3 05.30 3,0 0,3 0,2 0,7 11,0 11.20 E
6 14,6 17,6 15.08 12,5 06.24 3,7 0,0 1,8 0,1 10,0 12.57 E
7 14,9 19,1 16.57 12,3 05.30 3,4 0,0 0,6 0,2 8,0 12.32 NE
8 17,1 23,2 16.23 12,2 00.00 2,0 0,9 0,6 0,2 19,0 17.38 ENE
9 18,5 26,7 16.14 10,1 06.00 2,5 2,8 0,0 0,8 18,0 13.31 E
10 19,2 27,5 15.35 10,4 06.05 2,4 3,3 0,0 0,0 8,0 18.23 SSE
11 20,1 28,7 16.05 10,7 05.55 2,0 3,9 0,0 0,5 11,0 14.11 SE
12 21,2 29,2 16.57 12,1 06.00 1,5 4,3 0,0 0,4 11,0 11.32 ESE
13 21,5 28,4 15.16 14,2 06.05 0,9 4,1 1,2 0,8 11,0 10.49 E
14 21,0 28,0 12.30 14,9 05.50 0,7 3,4 0,2 0,5 14,0 16.28 ENE
15 22,1 30,1 15.41 13,2 05.40 1,2 5,0 0,0 0,0 10,0 15.48 SSE
16 20,3 29,3 14.30 14,8 06.14 1,2 3,2 16,0 0,7 26,0 17.17 ENE
17 22,1 29,3 17.32 14,8 06.20 0,8 4,6 0,0 0,1 8,0 16.17 SE
18 21,8 27,2 15.00 17,0 05.35 0,1 3,6 14,4 0,0 8,0 23.30 ---
19 20,5 27,1 16.12 13,3 04.55 1,0 3,2 0,0 0,1 8,0 17.54 SSE
20 20,4 28,2 15.57 12,5 05.40 1,5 3,6 0,0 0,2 14,0 16.20 ESE
21 21,6 29,2 16.47 13,7 05.35 1,1 4,3 0,0 0,4 11,0 14.53 ESE
22 22,2 28,7 14.00 14,4 05.40 0,8 4,6 1,8 0,3 10,0 11.20 E
23 22,5 26,8 16.08 18,5 05.15 0,0 4,1 3,0 0,0 5,0 17.40 E
24 22,3 27,3 15.27 16,7 00.00 0,1 4,1 13,0 1,3 18,0 11.32 ENE
25 21,2 28,2 17.02 14,4 04.40 1,0 3,8 11,0 0,5 18,0 21.40 ENE
26 21,9 27,8 17.35 16,0 05.30 0,4 3,9 0,0 0,3 13,0 12.47 ENE
27 23,5 30,1 15.28 16,4 05.15 0,3 5,5 0,0 0,1 10,0 11.21 SE
28 18,6 24,4 11.36 13,7 22.10 1,3 1,5 13,2 1,2 24,0 23.35 ENE
29 14,7 19,0 12.42 9,8 23.45 3,5 0,0 1,0 0,7 16,0 12.46 ENE
30 16,1 22,4 15.18 9,8 00.00 3,1 0,9 0,2 0,7 16,0 11.25 E
31 20,0 26,6 17.02 13,8 00.00 1,3 3,0 0,0 0,4 13,0 14.24 SE
----------------------------------------------------------------------------------
19,4 30,1 15 8,4 4 53,4 87,4 78,2 0,4 26,0 16 E
Max >= 35,0: 0
Max <= 25,0: 11
Min <= 0,0: 0
Min <= -5,0: 0
Max Rain: 16,0 on day 16
Days of Rain: 15 (>= 0,2 mm) 6 (>= 2,0 mm) 0 (>= 20,0 mm)
Heat Base: 18,3 Cool Base: 18,3 Method: Integration