Seleziona l'anno e il mese per il report
Report for 2022 Giu
Monthly Climatological Summary for giu 2022
Name: Piavemeteo Davis VP2 City: Falzè di Piave - Treviso State: Italy
Elevation: 107 m Lat: N 45° 51' 57" Lon: E 012° 10' 46"
Temperature (°C), Rain (mm), Wind Speed (km/h)
Heat Cool Avg
Mean Deg Deg Wind Dom
Day Temp High Time Low Time Days Days Rain Speed High Time Dir
----------------------------------------------------------------------------------
1 21,0 27,2 16.35 14,7 05.05 0,8 3,5 0,0 0,1 8,0 14.55 SSE
2 22,8 29,4 15.13 16,2 04.05 0,4 4,9 0,0 0,1 11,0 15.15 SE
3 22,8 28,8 13.01 17,8 04.15 0,0 4,5 1,0 0,0 0,0 00.00 ---
4 23,8 31,3 16.40 16,2 05.35 0,2 5,8 0,2 0,2 13,0 18.26 ESE
5 24,7 31,7 15.34 18,3 05.50 0,0 6,3 1,6 0,5 16,0 21.30 ESE
6 23,9 31,8 15.55 14,6 05.50 0,6 6,2 0,0 0,0 2,0 16.08 ---
7 19,7 26,1 15.39 16,8 00.00 0,2 1,6 9,0 0,3 11,0 16.10 N
8 21,1 28,3 16.23 12,4 05.40 1,2 4,0 0,0 0,6 13,0 17.35 S
9 18,1 20,8 16.04 15,4 05.45 0,8 0,6 3,6 0,1 11,0 06.13 NNE
10 21,3 29,7 18.17 12,7 05.45 1,4 4,4 0,0 0,0 3,0 19.52 ---
11 23,1 31,0 16.50 14,1 03.50 1,0 5,8 0,0 0,4 11,0 15.30 E
12 24,1 32,0 17.00 15,2 05.20 0,5 6,3 0,0 0,4 10,0 12.27 SSE
13 23,5 31,4 17.13 15,9 05.20 0,3 5,5 0,0 0,4 11,0 18.31 E
14 24,3 30,2 16.58 17,9 02.15 0,0 6,0 0,0 1,0 16,0 09.45 E
15 23,3 31,2 15.00 17,4 01.35 0,0 5,0 3,6 0,0 2,0 02.18 ---
16 24,4 31,4 17.04 17,0 05.35 0,1 6,2 0,0 0,3 8,0 11.56 SE
17 26,2 32,6 15.16 18,4 05.55 0,0 7,8 0,0 0,0 10,0 17.53 SSE
18 25,4 31,7 17.03 18,3 04.50 0,0 7,1 0,0 0,5 11,0 10.18 ESE
19 25,4 33,2 15.20 17,4 05.30 0,1 7,1 0,0 0,6 14,0 16.06 SE
20 25,1 32,9 16.26 16,6 05.00 0,2 6,9 0,0 0,7 13,0 13.32 ESE
21 25,3 31,9 15.56 19,1 05.50 0,0 6,9 0,0 0,3 8,0 11.12 E
22 23,5 28,0 17.14 18,6 05.25 0,0 5,2 22,2 0,1 18,0 00.52 NE
23 25,5 32,4 16.17 18,3 05.40 0,0 7,2 0,0 0,8 14,0 21.35 E
24 25,6 32,4 16.15 19,1 05.59 0,0 7,3 0,0 1,0 19,0 19.21 SE
25 25,0 32,3 16.20 15,7 05.39 0,3 7,1 0,0 0,5 10,0 12.35 E
26 26,2 33,4 16.37 18,4 05.40 0,0 7,8 0,0 0,4 10,0 17.00 ESE
27 27,1 34,3 16.30 19,1 05.30 0,0 8,8 0,0 0,7 13,0 13.34 E
28 26,8 33,9 11.59 18,1 05.40 0,0 8,5 0,0 0,7 16,0 20.40 E
29 23,6 28,1 15.54 20,3 00.00 0,0 5,3 16,4 0,7 18,0 12.01 ENE
30 26,0 33,7 17.14 18,2 05.20 0,0 7,7 0,0 0,4 8,0 09.35 E
----------------------------------------------------------------------------------
24,0 34,3 27 12,4 8 8,1 177,3 57,6 0,4 19,0 24 ESE
Max >= 35,0: 0
Max <= 25,0: 1
Min <= 0,0: 0
Min <= -5,0: 0
Max Rain: 22,2 on day 22
Days of Rain: 8 (>= 0,2 mm) 5 (>= 2,0 mm) 1 (>= 20,0 mm)
Heat Base: 18,3 Cool Base: 18,3 Method: Integration