Seleziona l'anno e il mese per il report
Report for 2022 Lug
Monthly Climatological Summary for lug 2022
Name: Piavemeteo Davis VP2 City: Falzè di Piave - Treviso State: Italy
Elevation: 107 m Lat: N 45° 51' 57" Lon: E 012° 10' 46"
Temperature (°C), Rain (mm), Wind Speed (km/h)
Heat Cool Avg
Mean Deg Deg Wind Dom
Day Temp High Time Low Time Days Days Rain Speed High Time Dir
----------------------------------------------------------------------------------
1 25,4 31,9 14.39 18,9 00.00 0,0 7,0 0,0 0,8 13,0 10.20 E
2 26,2 33,9 16.10 16,4 05.45 0,2 8,1 0,0 0,5 11,0 11.36 ENE
3 27,2 36,2 17.04 18,7 05.50 0,0 8,9 0,0 0,4 8,0 10.39 E
4 27,9 35,1 13.02 20,4 05.35 0,0 9,5 0,0 0,8 26,0 15.35 NNE
5 26,0 34,2 15.15 17,8 06.01 0,0 7,7 0,6 0,8 29,0 18.24 ENE
6 26,0 32,8 16.35 18,4 06.08 0,0 7,6 1,8 0,6 14,0 14.06 SE
7 23,4 30,2 13.46 17,1 00.00 0,0 5,1 0,6 0,7 18,0 19.27 E
8 23,1 30,8 16.14 14,2 06.05 0,8 5,6 0,0 0,5 10,0 12.27 SE
9 23,4 30,1 14.58 15,6 06.06 0,4 5,4 0,0 0,5 11,0 15.47 SE
10 23,7 30,4 15.30 16,5 04.50 0,4 5,7 0,0 0,6 19,0 11.49 ESE
11 22,8 28,2 15.32 17,8 01.30 0,0 4,6 0,2 0,4 11,0 12.49 SE
12 24,5 30,9 16.36 17,7 06.11 0,0 6,1 0,8 0,6 14,0 12.44 ESE
13 25,6 32,5 16.39 17,4 06.12 0,0 7,3 0,0 0,6 10,0 12.48 SE
14 25,1 33,7 15.21 17,6 04.10 0,0 6,8 0,0 0,3 13,0 14.57 SE
15 25,8 33,5 16.49 16,4 05.35 0,2 7,7 0,4 0,8 14,0 14.30 E
16 27,2 34,5 16.23 19,7 06.15 0,0 8,8 0,0 0,5 11,0 15.03 SE
17 27,9 33,2 16.24 22,9 05.45 0,0 9,6 0,0 1,4 23,0 12.49 E
18 27,1 33,8 17.15 18,9 06.11 0,0 8,7 0,0 0,8 14,0 09.58 E
19 27,3 35,2 15.58 17,4 05.50 0,0 9,0 0,0 0,5 10,0 13.10 SE
20 28,1 36,4 15.58 18,7 05.31 0,0 9,7 0,0 0,5 11,0 12.36 SE
21 27,9 37,1 16.58 17,4 05.35 0,1 9,6 0,0 0,5 13,0 14.42 SE
22 29,2 38,5 16.28 18,7 05.30 0,0 10,8 0,0 0,6 11,0 13.58 SSE
23 29,3 37,8 15.29 19,8 05.30 0,0 11,0 0,2 0,6 18,0 23.50 SE
24 28,7 36,7 16.58 20,4 05.30 0,0 10,3 0,2 0,7 14,0 02.10 E
25 29,6 37,9 16.41 20,3 05.45 0,0 11,3 0,0 0,5 11,0 12.26 SE
26 27,6 33,2 14.26 20,7 06.03 0,0 9,2 0,8 1,2 21,0 01.49 ENE
27 26,8 32,9 16.25 22,1 07.54 0,0 8,5 0,2 1,2 19,0 10.24 ENE
28 27,3 33,8 15.46 20,2 06.21 0,0 9,0 0,0 1,0 16,0 10.48 E
29 26,9 34,8 15.12 20,3 06.22 0,0 8,6 9,4 0,7 26,0 20.16 ESE
30 24,9 32,2 15.54 18,8 06.20 0,0 6,6 0,2 0,7 13,0 19.29 SE
31 25,8 34,8 15.44 16,7 06.25 0,2 7,6 0,0 0,5 14,0 16.33 SSE
----------------------------------------------------------------------------------
26,4 38,5 22 14,2 8 2,3 251,4 15,4 0,7 29,0 5 ESE
Max >= 35,0: 9
Max <= 25,0: 0
Min <= 0,0: 0
Min <= -5,0: 0
Max Rain: 9,4 on day 29
Days of Rain: 12 (>= 0,2 mm) 1 (>= 2,0 mm) 0 (>= 20,0 mm)
Heat Base: 18,3 Cool Base: 18,3 Method: Integration