Seleziona l'anno e il mese per il report
Report for 2022 Ago
Monthly Climatological Summary for ago 2022
Name: Piavemeteo Davis VP2 City: Falzè di Piave - Treviso State: Italy
Elevation: 107 m Lat: N 45° 51' 57" Lon: E 012° 10' 46"
Temperature (°C), Rain (mm), Wind Speed (km/h)
Heat Cool Avg
Mean Deg Deg Wind Dom
Day Temp High Time Low Time Days Days Rain Speed High Time Dir
----------------------------------------------------------------------------------
1 26,8 35,7 15.45 18,1 05.55 0,0 8,5 0,0 0,6 13,0 12.38 SE
2 25,5 33,2 17.00 18,6 06.08 0,0 7,2 3,8 0,9 14,0 03.00 ENE
3 26,6 35,1 16.24 17,9 06.04 0,0 8,3 0,0 0,5 11,0 13.33 ESE
4 28,2 36,4 15.58 19,4 06.25 0,0 9,9 0,0 0,5 11,0 11.35 SSE
5 28,8 37,3 15.30 19,8 06.10 0,0 10,5 0,0 0,5 11,0 15.23 SSE
6 27,6 36,7 13.03 21,2 06.24 0,0 9,3 0,8 1,1 21,0 14.51 ENE
7 24,6 29,3 13.06 20,4 03.40 0,0 6,2 1,2 0,4 14,0 19.14 NE
8 25,4 32,4 14.22 18,0 06.16 0,0 7,1 0,0 1,0 18,0 12.28 ENE
9 26,0 33,3 16.10 18,3 06.26 0,0 7,7 0,0 0,6 14,0 12.17 E
10 25,6 32,6 15.55 16,6 06.17 0,1 7,4 0,0 0,9 13,0 12.39 E
11 26,2 32,5 15.43 18,9 06.48 0,0 7,8 0,0 0,7 18,0 13.51 ESE
12 22,9 27,7 14.41 17,1 06.24 0,1 4,7 1,6 0,9 24,0 17.32 ENE
13 22,7 30,3 15.09 14,5 06.25 0,7 5,0 0,0 0,7 14,0 15.11 SE
14 23,7 32,9 16.24 14,3 06.35 0,7 6,1 0,0 0,5 11,0 13.34 SSE
15 25,1 32,9 16.33 17,9 05.50 0,0 6,8 1,2 0,5 11,0 13.42 ESE
16 24,5 31,7 16.40 17,9 06.40 0,0 6,2 4,4 0,4 14,0 14.25 SE
17 25,0 32,6 15.40 17,8 05.40 0,0 6,8 3,8 0,4 11,0 11.40 SE
18 22,4 26,5 17.40 19,4 13.50 0,0 4,1 19,6 0,7 29,0 22.05 ENE
19 21,9 27,1 14.55 18,1 00.00 0,0 3,6 2,8 0,4 26,0 05.20 E
20 23,2 32,3 16.55 16,8 04.20 0,3 5,2 0,0 0,1 8,0 08.55 NNE
21 24,5 32,8 16.02 16,0 06.30 0,4 6,6 0,0 0,4 13,0 18.02 SE
22 24,2 32,1 16.30 16,0 06.40 0,3 6,1 0,0 0,3 14,0 15.19 SE
23 22,7 30,4 16.33 16,0 06.23 0,4 4,9 0,0 0,3 11,0 14.15 ESE
24 23,7 31,7 16.47 16,3 06.10 0,2 5,6 0,0 0,3 10,0 14.00 SE
25 25,0 32,6 15.43 18,1 06.08 0,0 6,7 0,0 0,2 11,0 13.08 SSE
26 25,8 33,5 15.53 18,9 06.25 0,0 7,5 0,0 0,3 11,0 14.29 SE
27 24,0 31,8 12.09 19,3 02.55 0,0 5,7 0,0 0,7 18,0 16.55 NE
28 23,9 30,3 16.53 18,4 06.30 0,0 5,6 2,4 0,4 11,0 12.13 E
29 25,2 31,7 16.28 19,7 06.22 0,0 6,9 1,0 0,2 8,0 10.30 SSE
30 25,6 31,8 14.44 20,2 06.22 0,0 7,3 4,0 0,3 11,0 21.55 ESE
31 21,6 27,0 14.42 18,2 06.46 0,0 3,3 16,0 0,8 19,0 00.45 ENE
----------------------------------------------------------------------------------
24,8 37,3 5 14,3 14 3,2 204,6 62,6 0,5 29,0 18 E
Max >= 35,0: 5
Max <= 25,0: 0
Min <= 0,0: 0
Min <= -5,0: 0
Max Rain: 19,6 on day 18
Days of Rain: 13 (>= 0,2 mm) 8 (>= 2,0 mm) 0 (>= 20,0 mm)
Heat Base: 18,3 Cool Base: 18,3 Method: Integration