Seleziona l'anno e il mese per il report
Report for 2022 Set
Monthly Climatological Summary for set 2022
Name: Piavemeteo Davis VP2 City: Falzè di Piave - Treviso State: Italy
Elevation: 107 m Lat: N 45° 51' 57" Lon: E 012° 10' 46"
Temperature (°C), Rain (mm), Wind Speed (km/h)
Heat Cool Avg
Mean Deg Deg Wind Dom
Day Temp High Time Low Time Days Days Rain Speed High Time Dir
----------------------------------------------------------------------------------
1 21,2 26,9 13.55 17,9 06.10 0,0 2,9 0,4 0,5 14,0 13.25 E
2 20,7 27,3 16.50 14,9 07.10 0,6 3,0 0,0 0,1 8,0 11.22 SSE
3 21,3 27,7 15.27 14,3 06.35 0,7 3,7 0,0 0,2 11,0 15.28 SSE
4 22,4 29,6 16.31 16,4 04.55 0,3 4,3 0,0 0,2 10,0 12.36 SE
5 23,0 30,4 15.47 15,9 06.58 0,4 5,0 0,0 0,1 6,0 12.58 SSE
6 23,7 31,0 15.53 16,7 06.49 0,2 5,5 0,0 0,2 8,0 12.13 S
7 22,8 28,6 15.19 19,2 07.25 0,0 4,5 3,8 0,2 8,0 07.03 SE
8 21,6 26,0 16.03 18,6 23.45 0,0 3,3 4,4 0,7 16,0 17.11 E
9 20,4 25,6 14.12 16,9 06.26 0,2 2,4 7,0 0,6 13,0 10.44 ENE
10 20,3 28,6 16.04 14,8 07.05 1,0 3,0 0,2 0,3 10,0 17.18 SE
11 20,3 27,3 15.55 13,8 07.25 1,0 3,1 7,4 0,2 10,0 14.48 SSE
12 20,4 27,4 16.10 14,7 06.58 1,1 3,2 0,0 0,3 10,0 14.26 SE
13 21,4 28,4 15.54 15,8 04.15 0,7 3,7 0,0 0,1 8,0 14.02 SSE
14 22,5 27,4 14.16 18,6 07.04 0,0 4,2 0,0 0,0 6,0 12.21 SSE
15 22,7 29,9 15.35 16,8 06.55 0,2 4,5 0,0 0,4 13,0 17.03 SE
16 21,0 27,2 15.02 16,4 23.35 0,4 3,0 2,6 1,5 26,0 20.50 ENE
17 14,1 17,1 16.40 9,7 23.45 4,2 0,0 12,0 0,7 14,0 00.25 E
18 14,3 22,9 15.49 6,8 06.45 4,9 0,9 0,2 0,2 8,0 04.05 SE
19 16,5 26,7 17.12 8,9 06.17 3,9 2,1 0,2 0,2 8,0 13.19 SW
20 15,4 23,3 15.34 7,8 06.30 4,0 1,2 1,0 0,2 8,0 13.47 SE
21 15,3 21,8 16.12 8,9 07.13 3,5 0,5 0,0 0,5 16,0 01.05 ESE
22 15,1 21,3 15.23 10,2 06.18 3,5 0,4 0,0 0,3 11,0 09.33 ESE
23 15,4 22,3 15.12 8,8 07.15 3,6 0,8 0,0 0,2 8,0 12.23 SSE
24 14,6 19,0 12.26 11,0 00.20 3,7 0,0 0,6 0,0 5,0 10.01 NE
25 16,8 21,7 15.16 12,1 07.38 2,2 0,7 1,4 0,4 11,0 03.10 SE
26 16,1 22,0 13.43 10,7 06.10 2,8 0,7 1,4 0,4 11,0 13.48 ESE
27 15,3 21,3 15.25 11,1 00.00 3,2 0,2 32,2 0,2 21,0 02.36 ENE
28 13,5 18,8 15.21 9,4 03.40 4,8 0,0 0,2 0,1 8,0 14.43 ENE
29 14,3 20,0 15.09 11,2 05.55 4,1 0,1 26,6 0,1 13,0 18.22 NE
30 14,6 17,9 12.56 11,3 02.10 3,7 0,0 2,8 0,1 11,0 21.10 ENE
----------------------------------------------------------------------------------
18,6 31,0 6 6,8 18 58,9 66,9 104,4 0,3 26,0 16 ESE
Max >= 35,0: 0
Max <= 25,0: 13
Min <= 0,0: 0
Min <= -5,0: 0
Max Rain: 32,2 on day 27
Days of Rain: 18 (>= 0,2 mm) 9 (>= 2,0 mm) 2 (>= 20,0 mm)
Heat Base: 18,3 Cool Base: 18,3 Method: Integration