Seleziona l'anno e il mese per il report
Report for 2022 Nov
Monthly Climatological Summary for nov 2022
Name: Piavemeteo Davis VP2 City: Falzè di Piave - Treviso State: Italy
Elevation: 107 m Lat: N 45° 51' 57" Lon: E 012° 10' 46"
Temperature (°C), Rain (mm), Wind Speed (km/h)
Heat Cool Avg
Mean Deg Deg Wind Dom
Day Temp High Time Low Time Days Days Rain Speed High Time Dir
----------------------------------------------------------------------------------
1 13,6 19,7 12.56 7,3 06.40 4,8 0,2 0,4 0,0 8,0 14.07 ---
2 14,6 19,6 12.53 10,6 07.19 3,8 0,1 1,4 0,0 5,0 10.56 NE
3 14,7 18,6 12.32 12,0 05.00 3,6 0,0 4,6 0,0 3,0 12.23 ---
4 13,8 17,3 13.55 7,5 23.45 4,5 0,0 36,2 0,5 16,0 09.58 E
5 9,6 18,7 12.59 4,3 23.35 8,7 0,0 0,2 0,0 5,0 13.37 ---
6 8,0 17,6 13.21 1,8 06.45 10,3 0,0 0,2 0,0 3,0 09.35 ---
7 8,3 17,7 13.45 2,6 06.57 9,9 0,0 0,0 0,0 5,0 11.40 ---
8 7,6 16,7 12.35 1,8 06.38 10,7 0,0 0,2 0,0 5,0 14.56 ---
9 9,7 15,3 13.11 3,8 02.35 8,5 0,0 0,2 0,0 3,0 12.32 ---
10 11,6 16,4 13.39 6,1 23.55 6,7 0,0 12,0 0,2 14,0 13.54 E
11 9,0 17,4 13.18 4,4 06.22 9,3 0,0 0,2 0,0 3,0 11.04 ---
12 9,5 18,1 13.00 3,7 06.00 8,7 0,0 0,0 0,0 2,0 09.34 ---
13 9,8 15,8 13.18 3,7 07.50 8,4 0,0 0,6 0,4 18,0 11.23 ENE
14 10,1 14,7 13.59 5,2 00.00 8,2 0,0 1,0 0,1 13,0 01.12 ENE
15 8,5 14,7 12.03 2,9 06.10 9,8 0,0 0,4 0,0 5,0 12.05 ESE
16 10,9 14,4 14.37 7,0 00.00 7,3 0,0 2,6 0,0 5,0 13.11 ---
17 9,3 14,4 12.36 5,4 05.35 8,9 0,0 0,4 0,0 3,0 12.43 ---
18 10,3 15,9 13.14 5,7 23.25 8,0 0,0 2,4 0,0 5,0 10.49 ---
19 8,1 14,6 13.05 2,8 06.40 9,9 0,0 0,2 0,2 10,0 14.15 ENE
20 7,3 13,6 12.00 2,8 08.14 10,9 0,0 0,0 0,0 6,0 12.17 S
21 6,6 11,9 13.25 2,0 07.36 11,6 0,0 0,6 0,0 6,0 14.14 ENE
22 8,1 9,7 08.54 6,5 00.30 10,1 0,0 53,6 1,4 24,0 16.40 NNE
23 6,6 13,1 13.28 2,6 23.55 11,6 0,0 0,2 0,0 6,0 11.37 SSE
24 4,6 13,5 13.36 0,0 06.25 13,6 0,0 0,2 0,0 3,0 01.40 ---
25 5,2 12,0 14.20 1,0 00.50 13,1 0,0 0,2 0,0 5,0 14.08 ---
26 5,6 15,3 13.19 0,9 00.00 12,7 0,0 0,0 0,0 10,0 14.09 E
27 3,2 12,6 13.36 -1,3 06.40 15,0 0,0 0,2 0,0 5,0 12.25 ---
28 3,2 7,2 14.07 -1,1 05.05 15,1 0,0 0,2 0,0 2,0 10.19 ---
29 5,4 9,0 12.08 1,1 22.55 12,9 0,0 0,0 0,0 10,0 14.58 E
30 4,7 10,8 13.25 -0,1 06.18 13,4 0,0 0,0 0,0 5,0 12.16 ---
----------------------------------------------------------------------------------
8,6 19,7 1 -1,3 27 290,0 0,3 118,4 0,1 24,0 22 ENE
Max >= 35,0: 0
Max <= 25,0: 30
Min <= 0,0: 4
Min <= -5,0: 0
Max Rain: 53,6 on day 22
Days of Rain: 24 (>= 0,2 mm) 6 (>= 2,0 mm) 2 (>= 20,0 mm)
Heat Base: 18,3 Cool Base: 18,3 Method: Integration