Seleziona l'anno e il mese per il report
Report for 2023 Feb
Monthly Climatological Summary for feb 2023
Name: Piavemeteo Davis VP2 City: Falzè di Piave - Treviso State: Italy
Elevation: 107 m Lat: N 45° 51' 57" Lon: E 012° 10' 46"
Temperature (°C), Rain (mm), Wind Speed (km/h)
Heat Cool Avg
Mean Deg Deg Wind Dom
Day Temp High Time Low Time Days Days Rain Speed High Time Dir
----------------------------------------------------------------------------------
1 1,1 9,6 14.15 -3,8 07.46 17,0 0,0 0,2 0,0 6,0 05.40 W
2 1,4 9,2 13.43 -3,8 07.16 16,9 0,0 0,2 0,0 6,0 12.57 E
3 3,0 10,9 13.43 -2,5 07.19 15,2 0,0 0,2 0,0 8,0 00.05 NE
4 4,2 14,2 12.41 -1,4 05.35 14,0 0,0 0,2 0,3 19,0 13.17 ENE
5 3,9 6,1 13.25 1,2 23.00 14,4 0,0 0,0 0,0 5,0 10.45 E
6 1,8 3,9 14.49 -1,0 04.25 16,5 0,0 0,0 0,1 11,0 12.49 E
7 -0,7 6,5 14.26 -5,8 07.39 19,0 0,0 0,0 0,1 10,0 13.48 ESE
8 -1,2 4,7 13.58 -7,2 07.22 19,4 0,0 0,0 1,0 23,0 15.31 ENE
9 -1,5 5,8 14.35 -6,9 06.46 19,5 0,0 0,0 0,2 10,0 12.04 NE
10 -0,8 9,4 14.28 -7,9 07.25 19,0 0,0 0,0 0,0 8,0 14.14 WSW
11 1,0 11,2 13.29 -6,3 06.40 17,2 0,0 0,0 0,0 5,0 11.29 SSE
12 3,9 14,6 14.44 -3,3 07.25 14,3 0,0 0,0 0,2 13,0 13.30 ENE
13 3,5 13,4 14.35 -3,3 06.17 14,7 0,0 0,0 0,0 6,0 14.20 W
14 4,4 15,1 14.22 -3,0 07.13 13,9 0,0 0,0 0,1 8,0 13.47 SE
15 5,5 17,6 14.03 -2,6 07.26 12,8 0,0 0,2 0,0 8,0 14.47 ---
16 3,9 12,6 14.51 -2,4 07.19 14,3 0,0 0,0 0,2 10,0 12.53 ESE
17 6,3 12,8 14.16 -0,3 06.57 12,0 0,0 0,0 0,1 10,0 13.39 ESE
18 7,7 9,8 14.41 6,2 00.40 10,5 0,0 0,0 0,0 3,0 09.56 ---
19 7,9 10,9 14.01 6,3 22.15 10,4 0,0 0,0 0,0 5,0 14.42 ---
20 8,6 15,8 14.20 2,8 00.00 9,7 0,0 0,0 0,1 8,0 12.35 SSE
21 6,9 10,7 13.37 2,3 05.00 11,4 0,0 0,0 0,2 10,0 12.00 E
22 9,0 13,8 13.10 5,1 21.10 9,2 0,0 0,0 0,1 10,0 12.15 S
23 9,0 13,2 13.29 5,5 00.00 9,2 0,0 0,0 0,0 5,0 10.32 E
24 8,5 11,3 14.52 5,3 00.10 9,8 0,0 0,0 0,0 5,0 15.51 ---
25 9,0 11,9 14.48 6,3 00.00 9,3 0,0 0,0 0,2 11,0 11.02 ENE
26 6,5 8,6 13.23 4,7 05.15 11,7 0,0 1,2 3,0 34,0 01.30 ENE
27 5,6 9,8 11.57 2,5 00.00 12,7 0,0 0,0 1,3 19,0 11.44 E
28 4,4 10,7 14.22 -1,2 02.55 13,8 0,0 0,0 1,0 19,0 13.36 ENE
----------------------------------------------------------------------------------
4,4 17,6 15 -7,9 10 387,8 0,0 2,2 0,3 34,0 26 E
Max >= 35,0: 0
Max <= 25,0: 28
Min <= 0,0: 17
Min <= -5,0: 5
Max Rain: 1,2 on day 26
Days of Rain: 6 (>= 0,2 mm) 0 (>= 2,0 mm) 0 (>= 20,0 mm)
Heat Base: 18,3 Cool Base: 18,3 Method: Integration