Seleziona l'anno e il mese per il report
Report for 2023 Apr
Monthly Climatological Summary for apr 2023
Name: Piavemeteo Davis VP2 City: Falzè di Piave - Treviso State: Italy
Elevation: 107 m Lat: N 45° 51' 57" Lon: E 012° 10' 46"
Temperature (°C), Rain (mm), Wind Speed (km/h)
Heat Cool Avg
Mean Deg Deg Wind Dom
Day Temp High Time Low Time Days Days Rain Speed High Time Dir
----------------------------------------------------------------------------------
1 11,5 20,0 16.39 3,1 07.15 6,9 0,1 0,2 0,3 14,0 16.20 ESE
2 12,9 19,7 16.04 6,3 07.16 5,5 0,1 1,6 0,4 14,0 15.02 NE
3 10,4 16,8 16.23 3,8 06.54 7,8 0,0 0,0 0,6 16,0 15.09 SE
4 6,4 13,4 14.53 -1,1 07.04 11,9 0,0 0,0 0,6 13,0 09.40 SE
5 6,0 13,1 16.00 -1,8 06.43 12,2 0,0 0,0 0,7 14,0 16.14 ESE
6 7,2 14,8 16.40 -1,4 06.55 11,1 0,0 0,0 0,5 16,0 11.45 S
7 8,7 16,6 15.28 0,0 06.48 9,6 0,0 0,0 0,6 13,0 15.05 ESE
8 10,3 16,9 13.38 4,3 06.15 8,0 0,0 0,2 0,4 16,0 14.20 ESE
9 10,5 15,4 12.13 7,1 07.30 7,7 0,0 4,8 0,4 13,0 14.13 ESE
10 10,1 18,1 15.30 1,8 06.40 8,1 0,0 0,2 0,5 13,0 11.40 SSE
11 10,6 17,4 16.26 5,2 04.00 7,7 0,0 0,0 0,3 11,0 17.22 ESE
12 10,9 16,8 13.52 3,4 06.20 7,4 0,0 0,0 0,3 11,0 10.36 E
13 9,1 11,4 00.35 6,9 21.25 9,1 0,0 25,0 0,3 16,0 14.09 ENE
14 9,7 14,3 16.28 5,7 00.00 8,6 0,0 6,0 0,5 16,0 13.51 SSE
15 9,9 15,7 14.33 5,2 04.50 8,3 0,0 0,0 1,0 16,0 17.20 E
16 10,5 19,5 15.18 2,1 06.40 7,8 0,0 0,6 0,5 13,0 13.48 SE
17 12,8 21,3 15.17 6,0 02.00 5,9 0,4 0,0 0,2 11,0 12.59 SSE
18 14,0 22,9 15.21 5,2 06.44 5,2 1,0 0,0 0,4 13,0 16.24 SSE
19 13,9 19,1 16.55 9,9 00.10 4,4 0,1 5,4 0,3 21,0 21.25 ENE
20 11,1 12,9 13.18 10,3 02.55 7,1 0,0 10,8 0,6 18,0 15.34 ENE
21 14,1 20,7 15.37 9,7 23.55 4,5 0,3 0,8 0,4 11,0 12.07 NE
22 14,6 22,7 15.36 6,7 06.05 4,5 0,8 0,0 0,3 11,0 12.57 SSE
23 15,4 21,9 15.53 9,5 05.25 3,5 0,7 0,0 0,4 14,0 13.52 ESE
24 13,6 16,6 17.43 9,7 23.15 4,6 0,0 9,8 0,3 13,0 06.10 ENE
25 10,8 15,8 16.10 6,1 00.00 7,4 0,0 2,8 0,3 11,0 12.05 ENE
26 11,9 19,8 15.42 3,3 06.19 6,5 0,1 0,0 0,5 13,0 14.34 SSE
27 13,5 21,1 14.05 6,6 02.35 5,2 0,4 0,0 0,6 16,0 14.59 SE
28 12,8 19,5 16.22 5,9 06.17 5,6 0,2 0,0 0,4 11,0 16.53 E
29 14,6 21,8 15.35 8,0 02.10 4,3 0,7 0,0 0,3 10,0 16.37 ESE
30 15,4 22,7 12.47 10,4 04.45 3,4 0,5 0,2 0,2 11,0 13.14 ENE
----------------------------------------------------------------------------------
11,4 22,9 18 -1,8 5 209,8 5,4 68,4 0,4 21,0 19 ESE
Max >= 35,0: 0
Max <= 25,0: 30
Min <= 0,0: 4
Min <= -5,0: 0
Max Rain: 25,0 on day 13
Days of Rain: 14 (>= 0,2 mm) 7 (>= 2,0 mm) 1 (>= 20,0 mm)
Heat Base: 18,3 Cool Base: 18,3 Method: Integration